10-29 13:34:04.566   608  1243 I ActivityManager: START u0 {act=android.intent.action.MAIN cat=[android.intent.category.LAUNCHER] flg=0x10100000 cmp=angry.scream.ana/com.innovativegames.knockdown.GameActivity} from uid 2000 on display 0
10-29 13:34:05.075   608   621 W ActivityManager: Activity pause timeout for ActivityRecord{2b070d0 u0 com.android.chrome/com.google.android.apps.chrome.Main t4062}
10-29 13:34:11.887   190   596 E NetlinkEvent: NetlinkEvent::FindParam(): Parameter 'UID' not found
10-29 13:34:15.094   608   621 W ActivityManager: Activity stop timeout for ActivityRecord{2b070d0 u0 com.android.chrome/com.google.android.apps.chrome.Main t4062}
10-29 13:34:20.048   190   596 E NetlinkEvent: NetlinkEvent::FindParam(): Parameter 'UID' not found
10-29 13:34:34.895   608  1243 I ActivityManager: START u0 {flg=0x10000000 cmp=angry.scream.ana/com.google.android.gms.ads.AdActivity (has extras)} from uid 11180 on display 0
10-29 13:34:34.935   608  2191 I ActivityManager: START u0 {act=android.intent.action.VIEW dat=https://googleads.g.doubleclick.net/... flg=0x10000000 cmp=com.android.chrome/com.google.android.apps.chrome.Main} from uid 11180 on display 0
10-29 13:34:37.727   190   596 E NetlinkEvent: NetlinkEvent::FindParam(): Parameter 'UID' not found
10-29 13:34:40.694   608  2191 I ActivityManager: START u0 {act=android.intent.action.MAIN cat=[android.intent.category.LAUNCHER] flg=0x10100000 cmp=angry.scream.ana/com.innovativegames.knockdown.GameActivity} from uid 2000 on display 0
10-29 13:34:41.200   608   621 W ActivityManager: Activity pause timeout for ActivityRecord{e0747e u0 com.android.chrome/com.google.android.apps.chrome.Main t4062}
10-29 13:34:42.679   190   596 E NetlinkEvent: NetlinkEvent::FindParam(): Parameter 'UID' not found
10-29 13:34:51.214   608   621 W ActivityManager: Activity stop timeout for ActivityRecord{e0747e u0 com.android.chrome/com.google.android.apps.chrome.Main t4062}
10-29 13:35:08.687   190   596 E NetlinkEvent: NetlinkEvent::FindParam(): Parameter 'UID' not found
10-29 13:35:19.972   190   596 E NetlinkEvent: NetlinkEvent::FindParam(): Parameter 'UID' not found
10-29 13:35:44.283   608  2783 I ActivityManager: START u0 {flg=0x10000000 cmp=angry.scream.ana/com.google.android.gms.ads.AdActivity (has extras)} from uid 11180 on display 0
10-29 13:35:44.335   608   766 I ActivityManager: START u0 {act=android.intent.action.VIEW dat=https://googleads.g.doubleclick.net/... flg=0x10000000 cmp=com.android.chrome/com.google.android.apps.chrome.Main} from uid 11180 on display 0
10-29 13:35:48.079   608   761 I ActivityManager: START u0 {act=android.intent.action.MAIN cat=[android.intent.category.LAUNCHER] flg=0x10100000 cmp=angry.scream.ana/com.innovativegames.knockdown.GameActivity} from uid 2000 on display 0
10-29 13:35:48.583   608   621 W ActivityManager: Activity pause timeout for ActivityRecord{389d26f u0 com.android.chrome/com.google.android.apps.chrome.Main t4062}
10-29 13:35:54.247   190   596 E NetlinkEvent: NetlinkEvent::FindParam(): Parameter 'UID' not found
10-29 13:36:04.430   608   621 W ActivityManager: Activity stop timeout for ActivityRecord{389d26f u0 com.android.chrome/com.google.android.apps.chrome.Main t4062}
10-29 13:36:34.921   190   596 E NetlinkEvent: NetlinkEvent::FindParam(): Parameter 'UID' not found
10-29 13:36:43.000   608   758 W BroadcastQueue: Permission Denial: broadcasting Intent { act=com.amazon.venezia.notification.FLUSH_NOTIFICATION_CACHE flg=0x14 (has extras) } from com.amazon.mShop.android (pid=-1, uid=10083) is not exported from uid 10095 due to receiver com.amazon.venezia/.notification.NotificationEventReceiver
10-29 13:36:43.001   608   621 W BroadcastQueue: Permission Denial: broadcasting Intent { act=com.amazon.venezia.notification.FLUSH_NOTIFICATION_CACHE flg=0x14 (has extras) } from com.amazon.venezia (pid=-1, uid=10095) is not exported from uid 10083 due to receiver com.amazon.mShop.android/com.amazon.venezia.notification.NotificationEventReceiver
10-29 13:36:51.407   190   596 E NetlinkEvent: NetlinkEvent::FindParam(): Parameter 'UID' not found
10-29 13:37:25.186   190   596 E NetlinkEvent: NetlinkEvent::FindParam(): Parameter 'UID' not found
10-29 13:37:47.807   190   596 E NetlinkEvent: NetlinkEvent::FindParam(): Parameter 'UID' not found
10-29 13:38:15.426   608  2157 I ActivityManager: Force stopping angry.scream.ana appid=11180 user=0: from pid 14088
10-29 13:38:15.426   608  2157 I ActivityManager: Killing 11660:angry.scream.ana/u0a1180 (adj 0): stop angry.scream.ana
10-29 13:38:15.464   608   618 D ConnectivityService: ConnectivityService NetworkRequestInfo binderDied(NetworkRequest [ id=42, legacyType=-1, [ Capabilities: INTERNET&NOT_RESTRICTED&TRUSTED] ], android.os.BinderProxy@bec3734)
10-29 13:38:15.464   608  1244 D ConnectivityService: ConnectivityService NetworkRequestInfo binderDied(NetworkRequest [ id=43, legacyType=-1, [ Capabilities: INTERNET&NOT_RESTRICTED&TRUSTED] ], android.os.BinderProxy@3ea2a07)
10-29 13:38:15.464   608   618 I WindowState: WIN DEATH: Window{e0103ed u0 SurfaceView}
10-29 13:38:15.465   608   661 D ConnectivityService: releasing NetworkRequest NetworkRequest [ id=42, legacyType=-1, [ Capabilities: INTERNET&NOT_RESTRICTED&TRUSTED] ]
10-29 13:38:15.466   608   661 E ConnectivityService: RemoteException caught trying to send a callback msg for NetworkRequest [ id=42, legacyType=-1, [ Capabilities: INTERNET&NOT_RESTRICTED&TRUSTED] ]
10-29 13:38:15.466   608   661 D ConnectivityService: releasing NetworkRequest NetworkRequest [ id=43, legacyType=-1, [ Capabilities: INTERNET&NOT_RESTRICTED&TRUSTED] ]
10-29 13:38:15.467   608   661 E ConnectivityService: RemoteException caught trying to send a callback msg for NetworkRequest [ id=43, legacyType=-1, [ Capabilities: INTERNET&NOT_RESTRICTED&TRUSTED] ]
10-29 13:38:15.471   608  2783 I WindowState: WIN DEATH: Window{553599e u0 angry.scream.ana/com.innovativegames.knockdown.GameActivity}
10-29 13:38:15.488   190   596 E NetlinkEvent: NetlinkEvent::FindParam(): Parameter 'UID' not found
10-29 13:38:15.597   608  2157 W ActivityManager: Force removing ActivityRecord{a610024 u0 angry.scream.ana/com.innovativegames.knockdown.GameActivity t4061}: app died, no saved state
10-29 13:38:15.608   608  1244 W ActivityManager: Spurious death for ProcessRecord{2ca5025 0:angry.scream.ana/u0a1180}, curProc for 11660: null
10-29 13:38:15.643   608   619 I ActivityManager: Config changes=480 {1.0 404mcc?mnc en_US ldltr sw600dp w600dp h888dp 320dpi lrg port finger -keyb/v/h -nav/h s.11}
10-29 13:38:15.680   608   621 W BroadcastQueue: Skipping deliver [foreground] BroadcastRecord{29d895d u-1 android.intent.action.CONFIGURATION_CHANGED} to ReceiverList{574360c 6740 com.android.chrome/10034/u0 remote:799fd3f}: process crashing
10-29 13:38:16.023   608  1243 W InputMethodManagerService: Got RemoteException sending setActive(false) notification to pid 11660 uid 11180
10-29 13:38:16.041   608   622 I ActivityManager: Config changes=480 {1.0 404mcc?mnc en_US ldltr sw600dp w960dp h528dp 320dpi lrg land finger -keyb/v/h -nav/h s.12}
10-29 13:38:16.062   608   621 W BroadcastQueue: Skipping deliver [foreground] BroadcastRecord{b26aef6 u-1 android.intent.action.CONFIGURATION_CHANGED} to ReceiverList{574360c 6740 com.android.chrome/10034/u0 remote:799fd3f}: process crashing
10-29 13:38:17.545   608  1244 I ActivityManager: Force stopping angry.scream.ana appid=11180 user=0: from pid 14116
10-29 13:38:17.664   608   626 W WindowManager: App freeze timeout expired.
10-29 13:38:17.795   608  2791 W WindowManager: Attempted to remove non-existing token: android.os.Binder@acec9fb
10-29 13:38:17.839   608   622 I ActivityManager: Config changes=480 {1.0 404mcc?mnc en_US ldltr sw600dp w600dp h888dp 320dpi lrg port finger -keyb/v/h -nav/h s.13}
10-29 13:38:17.893   608   621 W BroadcastQueue: Skipping deliver [foreground] BroadcastRecord{2b537e7 u-1 android.intent.action.CONFIGURATION_CHANGED} to ReceiverList{574360c 6740 com.android.chrome/10034/u0 remote:799fd3f}: process crashing
10-29 13:38:19.872   608   626 W WindowManager: App freeze timeout expired.
10-29 13:38:20.605   608   626 I WindowManager: Screen frozen for +4s984ms due to Window{d2a5f7e u0 com.android.launcher/com.android.launcher2.Launcher}
10-29 13:38:45.264   608   621 I ActivityManager: Force stopping angry.scream.ana appid=11180 user=-1: uninstall pkg
10-29 13:38:45.533   608   632 W PackageManager: Couldn't remove dex file for package:  at location /data/app/angry.scream.ana-1/base.apk, retcode=-1
10-29 13:38:45.539   608   632 I ActivityManager: Force stopping angry.scream.ana appid=11180 user=0: pkg removed
10-29 13:38:45.720  5396  5396 W ContextImpl: Calling a method in the system process without a qualified user: android.app.ContextImpl.startService:1221 android.content.ContextWrapper.startService:581 android.content.ContextWrapper.startService:581 com.android.keychain.KeyChainBroadcastReceiver.onReceive:12 android.app.ActivityThread.handleReceiver:2725 
10-29 13:38:45.745   608   608 D JobSchedulerService: Receieved: android.intent.action.PACKAGE_REMOVED
10-29 13:38:46.651   608  2791 I ActivityManager: Force stopping com.android.providers.media appid=10005 user=0: clear data
10-29 13:38:46.651   608  2791 I ActivityManager: Killing 10764:android.process.media/u0a5 (adj 9): stop com.android.providers.media
10-29 13:38:46.769   608  2633 W ActivityManager: Spurious death for ProcessRecord{844034f 0:android.process.media/u0a5}, curProc for 10764: null
10-29 13:38:46.795   608  2633 I ActivityManager: Start proc 14376:android.process.media/u0a5 for content provider com.android.providers.media/.MediaDocumentsProvider
10-29 13:38:47.767   190   596 E NetlinkEvent: NetlinkEvent::FindParam(): Parameter 'UID' not found
10-29 13:38:47.942   608   660 D WifiService: New client listening to asynchronous messages
10-29 13:38:47.943   608  2539 D WifiService: setWifiEnabled: true pid=11349, uid=11181
10-29 13:38:47.943   608  2539 E WifiService: Invoking mWifiStateMachine.setWifiEnabled
10-29 13:39:00.644   608   621 I ActivityManager: Waited long enough for: ServiceRecord{e743c4a u0 com.amazon.mShop.android/com.amazon.mas.client.locker.service.appmgr.AppManagerService}
10-29 13:39:00.683   608   621 I ActivityManager: Waited long enough for: ServiceRecord{fd08e6d u0 com.amazon.venezia/com.amazon.mas.client.locker.service.appmgr.AppManagerService}
10-29 13:39:37.182   190   596 E NetlinkEvent: NetlinkEvent::FindParam(): Parameter 'UID' not found
10-29 13:39:52.247   190   596 E NetlinkEvent: NetlinkEvent::FindParam(): Parameter 'UID' not found
10-29 13:40:07.216   608  2633 I ActivityManager: Start proc 14549:com.google.android.apps.gcs/u0a7 for service com.google.android.apps.gcs/.service.WfaEligibilityRefreshingGcmTaskService
10-29 13:40:09.437   608  2539 I ActivityManager: Killing 7900:com.android.providers.partnerbookmarks/u0a63 (adj 15): empty #17
10-29 13:40:10.660   190   596 E NetlinkEvent: NetlinkEvent::FindParam(): Parameter 'UID' not found
10-29 13:40:26.849   190   596 E NetlinkEvent: NetlinkEvent::FindParam(): Parameter 'UID' not found
10-29 13:40:37.143   190   596 E NetlinkEvent: NetlinkEvent::FindParam(): Parameter 'UID' not found
10-29 13:40:52.209   190   596 E NetlinkEvent: NetlinkEvent::FindParam(): Parameter 'UID' not found
10-29 13:44:36.137   608   620 I UsageStatsService: User[0] Flushing usage stats to disk
10-29 13:45:39.920   190   596 E NetlinkEvent: NetlinkEvent::FindParam(): Parameter 'UID' not found
10-29 13:45:56.088   190   596 E NetlinkEvent: NetlinkEvent::FindParam(): Parameter 'UID' not found
10-29 13:50:00.288   190   596 E NetlinkEvent: NetlinkEvent::FindParam(): Parameter 'UID' not found
10-29 13:50:17.489   190   596 E NetlinkEvent: NetlinkEvent::FindParam(): Parameter 'UID' not found
10-29 13:51:11.994   190   596 E NetlinkEvent: NetlinkEvent::FindParam(): Parameter 'UID' not found
10-29 13:51:27.889   190   596 E NetlinkEvent: NetlinkEvent::FindParam(): Parameter 'UID' not found
10-29 13:54:01.028   190   596 E NetlinkEvent: NetlinkEvent::FindParam(): Parameter 'UID' not found
10-29 13:54:17.649   190   596 E NetlinkEvent: NetlinkEvent::FindParam(): Parameter 'UID' not found
10-29 13:54:43.435   608   621 I ActivityManager: Force stopping com.amazon.appverification.wificontroller appid=11181 user=-1: uninstall pkg
10-29 13:54:43.436   608   621 I ActivityManager: Killing 11349:com.amazon.appverification.wificontroller/u0a1181 (adj 9): stop com.amazon.appverification.wificontroller
10-29 13:54:43.445   608   660 D WifiService: Client connection lost with reason: 4
10-29 13:54:43.529   608  1104 W ActivityManager: Spurious death for ProcessRecord{5af5cdb 0:com.amazon.appverification.wificontroller/u0a1181}, curProc for 11349: null
10-29 13:54:43.663   608   632 W PackageManager: Couldn't remove dex file for package:  at location /data/app/com.amazon.appverification.wificontroller-1/base.apk, retcode=-1
10-29 13:54:43.680   608   632 I ActivityManager: Force stopping com.amazon.appverification.wificontroller appid=11181 user=0: pkg removed
10-29 13:54:43.832  5396  5396 W ContextImpl: Calling a method in the system process without a qualified user: android.app.ContextImpl.startService:1221 android.content.ContextWrapper.startService:581 android.content.ContextWrapper.startService:581 com.android.keychain.KeyChainBroadcastReceiver.onReceive:12 android.app.ActivityThread.handleReceiver:2725 
10-29 13:54:43.862   608   608 D JobSchedulerService: Receieved: android.intent.action.PACKAGE_REMOVED
10-29 13:54:47.328   608   650 I ActivityManager: START u0 {act=android.intent.action.MAIN cat=[android.intent.category.HOME] flg=0x10200000 cmp=com.android.launcher/com.android.launcher2.Launcher (has extras)} from uid 1000 on display 0
10-29 13:54:53.108   190   596 E NetlinkEvent: NetlinkEvent::FindParam(): Parameter 'UID' not found
10-29 13:54:53.504  4896  4907 D DefContainer: Copying /data/local/tmp/887b3b686b374e3a8c2bca2c0de1f30c.apk to base.apk
10-29 13:54:57.347   608   621 W ActivityManager: Activity stop timeout for ActivityRecord{389d26f u0 com.android.chrome/com.google.android.apps.chrome.Main t4062}
10-29 13:54:57.630   608  1104 I BroadcastQueue: Delay finish: com.amazon.mShop.android/com.amazon.mas.client.install.foreground.PackageAddedReceiver
10-29 13:54:57.632   608  2784 I BroadcastQueue: Resuming delayed broadcast
10-29 13:54:58.746   608   621 I ActivityManager: Waited long enough for: ServiceRecord{b2d528e u0 com.amazon.mShop.android/com.amazon.mas.client.locker.service.appmgr.AppManagerService}
10-29 13:54:58.793   608   621 I ActivityManager: Waited long enough for: ServiceRecord{18fd2b5 u0 com.amazon.venezia/com.amazon.mas.client.locker.service.appmgr.AppManagerService}
10-29 13:54:59.973   608   650 I ActivityManager: START u0 {act=android.intent.action.MAIN cat=[android.intent.category.HOME] flg=0x10200000 cmp=com.android.launcher/com.android.launcher2.Launcher (has extras)} from uid 1000 on display 0
10-29 13:55:00.021   608   758 W InputMethodManagerService: Window already focused, ignoring focus gain of: com.android.internal.view.IInputMethodClient$Stub$Proxy@ac43706 attribute=null, token = android.os.BinderProxy@9e5fd39
10-29 13:55:01.820  4896  4908 D DefContainer: Copying /data/local/tmp/WifiController.apk to base.apk
10-29 13:55:02.234   608   632 V BackupManagerService: restoreAtInstall pkg=com.amazon.appverification.wificontroller token=7 restoreSet=0
10-29 13:55:02.234   608   632 V BackupManagerService: Finishing install immediately
10-29 13:55:03.473   608   619 I ActivityManager: START u0 {flg=0x10000000 cmp=com.amazon.appverification.wificontroller/.activities.WifiActivity} from uid 2000 on display 0
10-29 13:55:03.504   608  2539 I ActivityManager: Start proc 15769:com.amazon.appverification.wificontroller/u0a1183 for activity com.amazon.appverification.wificontroller/.activities.WifiActivity
10-29 13:55:03.717   608  2191 W InputMethodManagerService: Window already focused, ignoring focus gain of: com.android.internal.view.IInputMethodClient$Stub$Proxy@aeb0399 attribute=null, token = android.os.BinderProxy@9e5fd39
10-29 13:55:03.745 15769 15769 E ActivityThread: Activity com.amazon.appverification.wificontroller.activities.WifiActivity has leaked IntentReceiver com.amazon.appverification.wificontroller.WifiPingReceiver@9a3d391 that was originally registered here. Are you missing a call to unregisterReceiver()?
10-29 13:55:03.745 15769 15769 E ActivityThread: android.app.IntentReceiverLeaked: Activity com.amazon.appverification.wificontroller.activities.WifiActivity has leaked IntentReceiver com.amazon.appverification.wificontroller.WifiPingReceiver@9a3d391 that was originally registered here. Are you missing a call to unregisterReceiver()?
10-29 13:55:03.745 15769 15769 E ActivityThread: 	at android.app.LoadedApk$ReceiverDispatcher.<init>(LoadedApk.java:918)
10-29 13:55:03.745 15769 15769 E ActivityThread: 	at android.app.LoadedApk.getReceiverDispatcher(LoadedApk.java:719)
10-29 13:55:03.745 15769 15769 E ActivityThread: 	at android.app.ContextImpl.registerReceiverInternal(ContextImpl.java:1172)
10-29 13:55:03.745 15769 15769 E ActivityThread: 	at android.app.ContextImpl.registerReceiver(ContextImpl.java:1152)
10-29 13:55:03.745 15769 15769 E ActivityThread: 	at android.app.ContextImpl.registerReceiver(ContextImpl.java:1146)
10-29 13:55:03.745 15769 15769 E ActivityThread: 	at android.content.ContextWrapper.registerReceiver(ContextWrapper.java:554)
10-29 13:55:03.745 15769 15769 E ActivityThread: 	at com.amazon.appverification.wificontroller.activities.WifiActivity.onCreate(WifiActivity.java:24)
10-29 13:55:03.745 15769 15769 E ActivityThread: 	at android.app.Activity.performCreate(Activity.java:6251)
10-29 13:55:03.745 15769 15769 E ActivityThread: 	at android.app.Instrumentation.callActivityOnCreate(Instrumentation.java:1107)
10-29 13:55:03.745 15769 15769 E ActivityThread: 	at android.app.ActivityThread.performLaunchActivity(ActivityThread.java:2369)
10-29 13:55:03.745 15769 15769 E ActivityThread: 	at android.app.ActivityThread.handleLaunchActivity(ActivityThread.java:2476)
10-29 13:55:03.745 15769 15769 E ActivityThread: 	at android.app.ActivityThread.-wrap11(ActivityThread.java)
10-29 13:55:03.745 15769 15769 E ActivityThread: 	at android.app.ActivityThread$H.handleMessage(ActivityThread.java:1344)
10-29 13:55:03.745 15769 15769 E ActivityThread: 	at android.os.Handler.dispatchMessage(Handler.java:102)
10-29 13:55:03.745 15769 15769 E ActivityThread: 	at android.os.Looper.loop(Looper.java:148)
10-29 13:55:03.745 15769 15769 E ActivityThread: 	at android.app.ActivityThread.main(ActivityThread.java:5417)
10-29 13:55:03.745 15769 15769 E ActivityThread: 	at java.lang.reflect.Method.invoke(Native Method)
10-29 13:55:03.745 15769 15769 E ActivityThread: 	at com.android.internal.os.ZygoteInit$MethodAndArgsCaller.run(ZygoteInit.java:726)
10-29 13:55:03.745 15769 15769 E ActivityThread: 	at com.android.internal.os.ZygoteInit.main(ZygoteInit.java:616)
10-29 13:55:03.746 15769 15769 E ActivityThread: Activity com.amazon.appverification.wificontroller.activities.WifiActivity has leaked IntentReceiver com.amazon.appverification.wificontroller.WifiReceiver@f1939b8 that was originally registered here. Are you missing a call to unregisterReceiver()?
10-29 13:55:03.746 15769 15769 E ActivityThread: android.app.IntentReceiverLeaked: Activity com.amazon.appverification.wificontroller.activities.WifiActivity has leaked IntentReceiver com.amazon.appverification.wificontroller.WifiReceiver@f1939b8 that was originally registered here. Are you missing a call to unregisterReceiver()?
10-29 13:55:03.746 15769 15769 E ActivityThread: 	at android.app.LoadedApk$ReceiverDispatcher.<init>(LoadedApk.java:918)
10-29 13:55:03.746 15769 15769 E ActivityThread: 	at android.app.LoadedApk.getReceiverDispatcher(LoadedApk.java:719)
10-29 13:55:03.746 15769 15769 E ActivityThread: 	at android.app.ContextImpl.registerReceiverInternal(ContextImpl.java:1172)
10-29 13:55:03.746 15769 15769 E ActivityThread: 	at android.app.ContextImpl.registerReceiver(ContextImpl.java:1152)
10-29 13:55:03.746 15769 15769 E ActivityThread: 	at android.app.ContextImpl.registerReceiver(ContextImpl.java:1146)
10-29 13:55:03.746 15769 15769 E ActivityThread: 	at android.content.ContextWrapper.registerReceiver(ContextWrapper.java:554)
10-29 13:55:03.746 15769 15769 E ActivityThread: 	at com.amazon.appverification.wificontroller.activities.WifiActivity.onCreate(WifiActivity.java:21)
10-29 13:55:03.746 15769 15769 E ActivityThread: 	at android.app.Activity.performCreate(Activity.java:6251)
10-29 13:55:03.746 15769 15769 E ActivityThread: 	at android.app.Instrumentation.callActivityOnCreate(Instrumentation.java:1107)
10-29 13:55:03.746 15769 15769 E ActivityThread: 	at android.app.ActivityThread.performLaunchActivity(ActivityThread.java:2369)
10-29 13:55:03.746 15769 15769 E ActivityThread: 	at android.app.ActivityThread.handleLaunchActivity(ActivityThread.java:2476)
10-29 13:55:03.746 15769 15769 E ActivityThread: 	at android.app.ActivityThread.-wrap11(ActivityThread.java)
10-29 13:55:03.746 15769 15769 E ActivityThread: 	at android.app.ActivityThread$H.handleMessage(ActivityThread.java:1344)
10-29 13:55:03.746 15769 15769 E ActivityThread: 	at android.os.Handler.dispatchMessage(Handler.java:102)
10-29 13:55:03.746 15769 15769 E ActivityThread: 	at android.os.Looper.loop(Looper.java:148)
10-29 13:55:03.746 15769 15769 E ActivityThread: 	at android.app.ActivityThread.main(ActivityThread.java:5417)
10-29 13:55:03.746 15769 15769 E ActivityThread: 	at java.lang.reflect.Method.invoke(Native Method)
10-29 13:55:03.746 15769 15769 E ActivityThread: 	at com.android.internal.os.ZygoteInit$MethodAndArgsCaller.run(ZygoteInit.java:726)
10-29 13:55:03.746 15769 15769 E ActivityThread: 	at com.android.internal.os.ZygoteInit.main(ZygoteInit.java:616)
10-29 13:55:12.642   608   621 I ActivityManager: Waited long enough for: ServiceRecord{11ecb01 u0 com.amazon.mShop.android/com.amazon.venezia.notification.NotificationService}
10-29 13:55:13.749   608   621 I ActivityManager: Waited long enough for: ServiceRecord{b52a55c u0 com.amazon.venezia/.notification.NotificationService}
10-29 13:55:31.727   190   596 E NetlinkEvent: NetlinkEvent::FindParam(): Parameter 'UID' not found
10-29 13:55:37.604   608  2157 I ActivityManager: Force stopping angry.scream.ana appid=11182 user=0: from pid 15954
10-29 13:55:38.189   608   650 I ActivityManager: START u0 {act=android.intent.action.MAIN cat=[android.intent.category.HOME] flg=0x10200000 cmp=com.android.launcher/com.android.launcher2.Launcher (has extras)} from uid 1000 on display 0
10-29 13:55:41.151   608   618 I ActivityManager: Force stopping angry.scream.ana appid=11182 user=0: from pid 15980
10-29 13:55:41.398   608   650 I ActivityManager: START u0 {act=android.intent.action.MAIN cat=[android.intent.category.HOME] flg=0x10200000 cmp=com.android.launcher/com.android.launcher2.Launcher (has extras)} from uid 1000 on display 0
10-29 13:55:42.580   608   619 I ActivityManager: Force stopping angry.scream.ana appid=11182 user=0: from pid 15993
10-29 13:55:42.832   608  2633 I ActivityManager: START u0 {act=android.intent.action.MAIN cat=[android.intent.category.LAUNCHER] flg=0x10000000 cmp=angry.scream.ana/com.innovativegames.knockdown.GameActivity} from uid 2000 on display 0
10-29 13:55:42.865   608  2791 I ActivityManager: Start proc 16001:angry.scream.ana/u0a1182 for activity angry.scream.ana/com.innovativegames.knockdown.GameActivity
10-29 13:55:42.935   608  1243 I ActivityManager: Config changes=480 {1.0 404mcc?mnc en_US ldltr sw600dp w960dp h528dp 320dpi lrg land finger -keyb/v/h -nav/h s.14}
10-29 13:55:43.010   608   621 W BroadcastQueue: Skipping deliver [foreground] BroadcastRecord{997bbe9 u-1 android.intent.action.CONFIGURATION_CHANGED} to ReceiverList{574360c 6740 com.android.chrome/10034/u0 remote:799fd3f}: process crashing
10-29 13:55:43.943   608   626 V WindowManager: Layouts looping: On entry to LockedInner, mPendingLayoutChanges = 0x1
10-29 13:55:43.943   608   626 V WindowManager: Layouts looping: after finishPostLayoutPolicyLw, mPendingLayoutChanges = 0x0
10-29 13:55:43.943   608   626 V WindowManager: Layouts looping: mLayoutNeeded, mPendingLayoutChanges = 0x1
10-29 13:55:43.944   608   626 V WindowManager: Layouts looping: On entry to LockedInner, mPendingLayoutChanges = 0x1
10-29 13:55:43.945   608   626 V WindowManager: Layouts looping: after finishPostLayoutPolicyLw, mPendingLayoutChanges = 0x0
10-29 13:55:43.945   608   626 V WindowManager: Layouts looping: mLayoutNeeded, mPendingLayoutChanges = 0x1
10-29 13:55:43.946   608   626 E WindowManager: Performed 6 layouts in a row. Skipping
10-29 13:55:44.019   608   626 I WindowManager: Screen frozen for +1s129ms due to Window{e492b82 u0 angry.scream.ana/com.innovativegames.knockdown.GameActivity}
10-29 13:55:44.244   608   761 W BroadcastQueue: Permission Denial: receiving Intent { act=android.intent.action.DROPBOX_ENTRY_ADDED flg=0x10 (has extras) } to com.amazon.mShop.android/com.amazon.mcc.crashreporter.android.CrashReportBroadcastReceiver requires android.permission.READ_LOGS due to sender android (uid 1000)
10-29 13:55:44.250   608  2539 W BroadcastQueue: Permission Denial: receiving Intent { act=android.intent.action.DROPBOX_ENTRY_ADDED flg=0x10 (has extras) } to com.amazon.mShop.android/com.amazon.mcc.crashreporter.android.CrashReportBroadcastReceiver requires android.permission.READ_LOGS due to sender android (uid 1000)
10-29 13:55:44.375   608  2633 W BroadcastQueue: Permission Denial: receiving Intent { act=android.intent.action.DROPBOX_ENTRY_ADDED flg=0x10 (has extras) } to com.amazon.mShop.android/com.amazon.mcc.crashreporter.android.CrashReportBroadcastReceiver requires android.permission.READ_LOGS due to sender android (uid 1000)
10-29 13:55:44.753   190   596 E NetlinkEvent: NetlinkEvent::FindParam(): Parameter 'UID' not found
10-29 13:55:44.933   608  2191 W BroadcastQueue: Permission Denial: receiving Intent { act=android.intent.action.DROPBOX_ENTRY_ADDED flg=0x10 (has extras) } to com.amazon.mShop.android/com.amazon.mcc.crashreporter.android.CrashReportBroadcastReceiver requires android.permission.READ_LOGS due to sender android (uid 1000)
10-29 13:55:45.412   608  2791 D ConnectivityService: listenForNetwork for Listen from uid/pid:11182/16001 for NetworkRequest [ id=44, legacyType=-1, [ Capabilities: INTERNET&NOT_RESTRICTED&TRUSTED] ]
10-29 13:55:45.549   608   761 D ConnectivityService: listenForNetwork for Listen from uid/pid:11182/16001 for NetworkRequest [ id=45, legacyType=-1, [ Capabilities: INTERNET&NOT_RESTRICTED&TRUSTED] ]
10-29 13:55:45.994   608   619 W BroadcastQueue: Permission Denial: receiving Intent { act=android.intent.action.DROPBOX_ENTRY_ADDED flg=0x10 (has extras) } to com.amazon.mShop.android/com.amazon.mcc.crashreporter.android.CrashReportBroadcastReceiver requires android.permission.READ_LOGS due to sender android (uid 1000)
10-29 13:55:48.103   608  1243 W BroadcastQueue: Permission Denial: receiving Intent { act=android.intent.action.DROPBOX_ENTRY_ADDED flg=0x10 (has extras) } to com.amazon.mShop.android/com.amazon.mcc.crashreporter.android.CrashReportBroadcastReceiver requires android.permission.READ_LOGS due to sender android (uid 1000)
10-29 13:56:03.247   190   596 E NetlinkEvent: NetlinkEvent::FindParam(): Parameter 'UID' not found
10-29 13:56:04.422   190   596 E NetlinkEvent: NetlinkEvent::FindParam(): Parameter 'UID' not found
10-29 13:56:18.657   608   618 I ActivityManager: START u0 {flg=0x10000000 cmp=angry.scream.ana/com.google.android.gms.ads.AdActivity (has extras)} from uid 11182 on display 0
10-29 13:56:18.718   608  2791 I ActivityManager: START u0 {act=android.intent.action.VIEW dat=https://www.googleadservices.com/... flg=0x10000000 cmp=com.android.chrome/com.google.android.apps.chrome.Main} from uid 11182 on display 0
10-29 13:56:24.335   608  1243 I ActivityManager: START u0 {act=android.intent.action.MAIN cat=[android.intent.category.LAUNCHER] flg=0x10100000 cmp=angry.scream.ana/com.innovativegames.knockdown.GameActivity} from uid 2000 on display 0
10-29 13:56:24.842   608   621 W ActivityManager: Activity pause timeout for ActivityRecord{cf27898 u0 com.android.chrome/com.google.android.apps.chrome.Main t4062}
10-29 13:56:31.487   190   596 E NetlinkEvent: NetlinkEvent::FindParam(): Parameter 'UID' not found
10-29 13:56:34.857   608   621 W ActivityManager: Activity stop timeout for ActivityRecord{cf27898 u0 com.android.chrome/com.google.android.apps.chrome.Main t4062}
10-29 13:56:55.015   608   618 I ActivityManager: START u0 {flg=0x10000000 cmp=angry.scream.ana/com.google.android.gms.ads.AdActivity (has extras)} from uid 11182 on display 0
10-29 13:56:55.043   608   758 I ActivityManager: START u0 {act=android.intent.action.VIEW dat=https://www.googleadservices.com/... flg=0x10000000 cmp=com.android.chrome/com.google.android.apps.chrome.Main} from uid 11182 on display 0
10-29 13:57:00.779   608  2191 I ActivityManager: START u0 {act=android.intent.action.MAIN cat=[android.intent.category.LAUNCHER] flg=0x10100000 cmp=angry.scream.ana/com.innovativegames.knockdown.GameActivity} from uid 2000 on display 0
10-29 13:57:01.286   608   621 W ActivityManager: Activity pause timeout for ActivityRecord{2a8331f u0 com.android.chrome/com.google.android.apps.chrome.Main t4062}
--------- beginning of main
10-29 13:57:01.350   194 16665 I ACodec  : codec does not support config priority (err -2147483648)
10-29 13:57:01.352   194 16665 I MediaCodec: MediaCodec will operate in async mode
10-29 13:57:01.356   194   638 D audio_hw_primary: out_set_parameters: enter: usecase(0: deep-buffer-playback) kvpairs: routing=2
10-29 13:57:01.357   194 16660 D NuPlayerDriver: notifyListener_l(0xb5fd7f20), (6, 0, 0)
10-29 13:57:01.366   194   638 D audio_hw_primary: select_devices: out_snd_device(2: speaker) in_snd_device(0: none)
10-29 13:57:01.366   194   638 D ACDB-LOADER: ACDB -> send_afe_cal
10-29 13:57:01.366   194   638 D audio_hw_primary: enable_snd_device: snd_device(2: speaker)
10-29 13:57:01.382   194   638 D audio_hw_primary: enable_audio_route: apply and update mixer path: deep-buffer-playback
10-29 13:57:01.660   194   638 D AudioFlinger: mixer(0xb3e00000) throttle end: throttle time(203)
10-29 13:57:02.016 15833 15833 I chatty  : uid=2000(shell) expire 288 lines
10-29 13:57:02.057 15833 15882 I chatty  : uid=2000(shell) expire 2 lines
10-29 13:57:03.999  2633  2633 I chatty  : uid=1000(system) Binder_D expire 2 lines
10-29 13:57:03.999  2633  2633 W Binder_D: type=1400 audit(0.0:550): avc: denied { ioctl } for path="pipe:[147977]" dev="pipefs" ino=147977 ioctlcmd=7704 scontext=u:r:system_server:s0 tcontext=u:r:shell:s0 tclass=fifo_file permissive=0
10-29 13:57:04.021   978   978 W LstmExtension: no lmDescriptor could be found for en_US/20170411
10-29 13:57:04.022   978   978 W LstmExtension: no lmDescriptor could be found for en_US/20170411
10-29 13:57:04.023   978   978 I Conv2QueryExtension: isEnabled() : true
10-29 13:57:04.009  2633  2633 W Binder_D: type=1400 audit(0.0:551): avc: denied { ioctl } for path="pipe:[147977]" dev="pipefs" ino=147977 ioctlcmd=7704 scontext=u:r:system_server:s0 tcontext=u:r:shell:s0 tclass=fifo_file permissive=0
10-29 13:57:05.000  1173  1185 I chatty  : uid=10008(com.google.android.gms) Binder_2 expire 4 lines
10-29 13:57:05.028  2495  2495 I Finsky  : [1] com.google.android.finsky.k.c.a(22): Completed 1 account content syncs with 0 successful.
10-29 13:57:05.029  2495  2495 I Finsky  : [1] com.google.android.finsky.services.e.a(22): Installation state replication failed.
10-29 13:57:05.030  2495  2495 I Finsky  : [1] com.google.android.finsky.services.e.a(27): Scheduling replication attempt 5.
10-29 13:57:08.263   758   758 W Binder_3: type=1400 audit(0.0:552): avc: denied { ioctl } for path="pipe:[150044]" dev="pipefs" ino=150044 ioctlcmd=7704 scontext=u:r:system_server:s0 tcontext=u:r:shell:s0 tclass=fifo_file permissive=0
10-29 13:57:08.263   758   758 W Binder_3: type=1400 audit(0.0:553): avc: denied { ioctl } for path="pipe:[150044]" dev="pipefs" ino=150044 ioctlcmd=7704 scontext=u:r:system_server:s0 tcontext=u:r:shell:s0 tclass=fifo_file permissive=0
10-29 13:57:08.263   758   758 W Binder_3: type=1400 audit(0.0:554): avc: denied { ioctl } for path="pipe:[150044]" dev="pipefs" ino=150044 ioctlcmd=7704 scontext=u:r:system_server:s0 tcontext=u:r:shell:s0 tclass=fifo_file permissive=0
10-29 13:57:08.286   978   978 W LstmExtension: no lmDescriptor could be found for en_US/20170411
10-29 13:57:08.286   978   978 W LstmExtension: no lmDescriptor could be found for en_US/20170411
10-29 13:57:08.287   978   978 I Conv2QueryExtension: isEnabled() : true
10-29 13:57:08.283   758   758 W Binder_3: type=1400 audit(0.0:555): avc: denied { ioctl } for path="pipe:[150044]" dev="pipefs" ino=150044 ioctlcmd=7704 scontext=u:r:system_server:s0 tcontext=u:r:shell:s0 tclass=fifo_file permissive=0
10-29 13:57:11.301   608   621 W ActivityManager: Activity stop timeout for ActivityRecord{2a8331f u0 com.android.chrome/com.google.android.apps.chrome.Main t4062}
10-29 13:57:11.959   194   638 D AudioFlinger: mixer(0xb3e00000) throttle end: throttle time(8)
10-29 13:57:12.437  1104  1104 W Binder_6: type=1400 audit(0.0:556): avc: denied { ioctl } for path="pipe:[151563]" dev="pipefs" ino=151563 ioctlcmd=7704 scontext=u:r:system_server:s0 tcontext=u:r:shell:s0 tclass=fifo_file permissive=0
10-29 13:57:12.437  1104  1104 W Binder_6: type=1400 audit(0.0:557): avc: denied { ioctl } for path="pipe:[151563]" dev="pipefs" ino=151563 ioctlcmd=7704 scontext=u:r:system_server:s0 tcontext=u:r:shell:s0 tclass=fifo_file permissive=0
10-29 13:57:12.437  1104  1104 W Binder_6: type=1400 audit(0.0:558): avc: denied { ioctl } for path="pipe:[151563]" dev="pipefs" ino=151563 ioctlcmd=7704 scontext=u:r:system_server:s0 tcontext=u:r:shell:s0 tclass=fifo_file permissive=0
10-29 13:57:12.450   978   978 W LstmExtension: no lmDescriptor could be found for en_US/20170411
10-29 13:57:12.451   978   978 W LstmExtension: no lmDescriptor could be found for en_US/20170411
10-29 13:57:12.452   978   978 I Conv2QueryExtension: isEnabled() : true
10-29 13:57:12.437  1104  1104 W Binder_6: type=1400 audit(0.0:559): avc: denied { ioctl } for path="pipe:[151563]" dev="pipefs" ino=151563 ioctlcmd=7704 scontext=u:r:system_server:s0 tcontext=u:r:shell:s0 tclass=fifo_file permissive=0
10-29 13:57:16.621   618   618 W Binder_1: type=1400 audit(0.0:560): avc: denied { ioctl } for path="pipe:[151276]" dev="pipefs" ino=151276 ioctlcmd=7704 scontext=u:r:system_server:s0 tcontext=u:r:shell:s0 tclass=fifo_file permissive=0
10-29 13:57:16.621   618   618 W Binder_1: type=1400 audit(0.0:561): avc: denied { ioctl } for path="pipe:[151276]" dev="pipefs" ino=151276 ioctlcmd=7704 scontext=u:r:system_server:s0 tcontext=u:r:shell:s0 tclass=fifo_file permissive=0
10-29 13:57:16.621   618   618 W Binder_1: type=1400 audit(0.0:562): avc: denied { ioctl } for path="pipe:[151276]" dev="pipefs" ino=151276 ioctlcmd=7704 scontext=u:r:system_server:s0 tcontext=u:r:shell:s0 tclass=fifo_file permissive=0
10-29 13:57:16.645   978   978 W LstmExtension: no lmDescriptor could be found for en_US/20170411
10-29 13:57:16.645   978   978 W LstmExtension: no lmDescriptor could be found for en_US/20170411
10-29 13:57:16.646   978   978 I Conv2QueryExtension: isEnabled() : true
10-29 13:57:16.649 15833 15833 I chatty  : uid=2000(shell) expire 258 lines
10-29 13:57:16.631   618   618 W Binder_1: type=1400 audit(0.0:563): avc: denied { ioctl } for path="pipe:[151276]" dev="pipefs" ino=151276 ioctlcmd=7704 scontext=u:r:system_server:s0 tcontext=u:r:shell:s0 tclass=fifo_file permissive=0
10-29 13:57:20.875  2539  2539 W Binder_C: type=1400 audit(0.0:564): avc: denied { ioctl } for path="pipe:[151386]" dev="pipefs" ino=151386 ioctlcmd=7704 scontext=u:r:system_server:s0 tcontext=u:r:shell:s0 tclass=fifo_file permissive=0
10-29 13:57:20.875  2539  2539 W Binder_C: type=1400 audit(0.0:565): avc: denied { ioctl } for path="pipe:[151386]" dev="pipefs" ino=151386 ioctlcmd=7704 scontext=u:r:system_server:s0 tcontext=u:r:shell:s0 tclass=fifo_file permissive=0
10-29 13:57:20.875  2539  2539 W Binder_C: type=1400 audit(0.0:566): avc: denied { ioctl } for path="pipe:[151386]" dev="pipefs" ino=151386 ioctlcmd=7704 scontext=u:r:system_server:s0 tcontext=u:r:shell:s0 tclass=fifo_file permissive=0
10-29 13:57:20.890   978   978 W LstmExtension: no lmDescriptor could be found for en_US/20170411
10-29 13:57:20.890   978   978 W LstmExtension: no lmDescriptor could be found for en_US/20170411
10-29 13:57:20.891   978   978 I Conv2QueryExtension: isEnabled() : true
10-29 13:57:20.885  2539  2539 W Binder_C: type=1400 audit(0.0:567): avc: denied { ioctl } for path="pipe:[151386]" dev="pipefs" ino=151386 ioctlcmd=7704 scontext=u:r:system_server:s0 tcontext=u:r:shell:s0 tclass=fifo_file permissive=0
10-29 13:57:25.109  2784  2784 W Binder_F: type=1400 audit(0.0:568): avc: denied { ioctl } for path="pipe:[152083]" dev="pipefs" ino=152083 ioctlcmd=7704 scontext=u:r:system_server:s0 tcontext=u:r:shell:s0 tclass=fifo_file permissive=0
10-29 13:57:25.109  2784  2784 W Binder_F: type=1400 audit(0.0:569): avc: denied { ioctl } for path="pipe:[152083]" dev="pipefs" ino=152083 ioctlcmd=7704 scontext=u:r:system_server:s0 tcontext=u:r:shell:s0 tclass=fifo_file permissive=0
10-29 13:57:25.109  2784  2784 W Binder_F: type=1400 audit(0.0:570): avc: denied { ioctl } for path="pipe:[152083]" dev="pipefs" ino=152083 ioctlcmd=7704 scontext=u:r:system_server:s0 tcontext=u:r:shell:s0 tclass=fifo_file permissive=0
10-29 13:57:25.129   978   978 W LstmExtension: no lmDescriptor could be found for en_US/20170411
10-29 13:57:25.129   978   978 W LstmExtension: no lmDescriptor could be found for en_US/20170411
10-29 13:57:25.130   978   978 I Conv2QueryExtension: isEnabled() : true
10-29 13:57:25.119  2784  2784 W Binder_F: type=1400 audit(0.0:571): avc: denied { ioctl } for path="pipe:[152083]" dev="pipefs" ino=152083 ioctlcmd=7704 scontext=u:r:system_server:s0 tcontext=u:r:shell:s0 tclass=fifo_file permissive=0
10-29 13:57:25.319  1173  1184 I chatty  : uid=10008(com.google.android.gms) Binder_1 expire 4 lines
10-29 13:57:25.347  2495  2495 I Finsky  : [1] com.google.android.finsky.k.c.a(22): Completed 1 account content syncs with 0 successful.
10-29 13:57:25.349  2495  2495 I Finsky  : [1] com.google.android.finsky.services.e.a(22): Installation state replication failed.
10-29 13:57:25.349  2495  2495 I Finsky  : [1] com.google.android.finsky.services.e.a(25): Giving up after 6 failures.
10-29 13:57:29.314  2157  2157 W Binder_9: type=1400 audit(0.0:572): avc: denied { ioctl } for path="pipe:[153946]" dev="pipefs" ino=153946 ioctlcmd=7704 scontext=u:r:system_server:s0 tcontext=u:r:shell:s0 tclass=fifo_file permissive=0
10-29 13:57:29.314  2157  2157 W Binder_9: type=1400 audit(0.0:573): avc: denied { ioctl } for path="pipe:[153946]" dev="pipefs" ino=153946 ioctlcmd=7704 scontext=u:r:system_server:s0 tcontext=u:r:shell:s0 tclass=fifo_file permissive=0
10-29 13:57:29.314  2157  2157 W Binder_9: type=1400 audit(0.0:574): avc: denied { ioctl } for path="pipe:[153946]" dev="pipefs" ino=153946 ioctlcmd=7704 scontext=u:r:system_server:s0 tcontext=u:r:shell:s0 tclass=fifo_file permissive=0
10-29 13:57:29.328   978   978 W LstmExtension: no lmDescriptor could be found for en_US/20170411
10-29 13:57:29.329   978   978 W LstmExtension: no lmDescriptor could be found for en_US/20170411
10-29 13:57:29.329   978   978 I Conv2QueryExtension: isEnabled() : true
10-29 13:57:29.324  2157  2157 W Binder_9: type=1400 audit(0.0:575): avc: denied { ioctl } for path="pipe:[153946]" dev="pipefs" ino=153946 ioctlcmd=7704 scontext=u:r:system_server:s0 tcontext=u:r:shell:s0 tclass=fifo_file permissive=0
10-29 13:57:29.332 15833 15833 I chatty  : uid=2000(shell) expire 258 lines
10-29 13:57:33.082   194 16664 I NuPlayerDecoder: [audio] saw output EOS
10-29 13:57:33.498  2784  2784 W Binder_F: type=1400 audit(0.0:576): avc: denied { ioctl } for path="pipe:[150305]" dev="pipefs" ino=150305 ioctlcmd=7704 scontext=u:r:system_server:s0 tcontext=u:r:shell:s0 tclass=fifo_file permissive=0
10-29 13:57:33.498  2784  2784 W Binder_F: type=1400 audit(0.0:577): avc: denied { ioctl } for path="pipe:[150305]" dev="pipefs" ino=150305 ioctlcmd=7704 scontext=u:r:system_server:s0 tcontext=u:r:shell:s0 tclass=fifo_file permissive=0
10-29 13:57:33.498  2784  2784 W Binder_F: type=1400 audit(0.0:578): avc: denied { ioctl } for path="pipe:[150305]" dev="pipefs" ino=150305 ioctlcmd=7704 scontext=u:r:system_server:s0 tcontext=u:r:shell:s0 tclass=fifo_file permissive=0
10-29 13:57:33.524   978   978 W LstmExtension: no lmDescriptor could be found for en_US/20170411
10-29 13:57:33.525   978   978 W LstmExtension: no lmDescriptor could be found for en_US/20170411
10-29 13:57:33.525   978   978 I Conv2QueryExtension: isEnabled() : true
10-29 13:57:33.508  2784  2784 W Binder_F: type=1400 audit(0.0:579): avc: denied { ioctl } for path="pipe:[150305]" dev="pipefs" ino=150305 ioctlcmd=7704 scontext=u:r:system_server:s0 tcontext=u:r:shell:s0 tclass=fifo_file permissive=0
10-29 13:57:33.748   194 16660 D NuPlayerDriver: notifyListener_l(0xb5fd7f20), (2, 0, 0)
10-29 13:57:33.749   194   638 D audio_hw_primary: out_set_parameters: enter: usecase(0: deep-buffer-playback) kvpairs: routing=2
10-29 13:57:33.758   194 16660 D NuPlayerDriver: notifyListener_l(0xb5fd7f20), (6, 0, 0)
10-29 13:57:37.692   619   619 W Binder_2: type=1400 audit(0.0:580): avc: denied { ioctl } for path="pipe:[150449]" dev="pipefs" ino=150449 ioctlcmd=7704 scontext=u:r:system_server:s0 tcontext=u:r:shell:s0 tclass=fifo_file permissive=0
10-29 13:57:37.692   619   619 W Binder_2: type=1400 audit(0.0:581): avc: denied { ioctl } for path="pipe:[150449]" dev="pipefs" ino=150449 ioctlcmd=7704 scontext=u:r:system_server:s0 tcontext=u:r:shell:s0 tclass=fifo_file permissive=0
10-29 13:57:37.692   619   619 W Binder_2: type=1400 audit(0.0:582): avc: denied { ioctl } for path="pipe:[150449]" dev="pipefs" ino=150449 ioctlcmd=7704 scontext=u:r:system_server:s0 tcontext=u:r:shell:s0 tclass=fifo_file permissive=0
10-29 13:57:37.716   978   978 W LstmExtension: no lmDescriptor could be found for en_US/20170411
10-29 13:57:37.716   978   978 W LstmExtension: no lmDescriptor could be found for en_US/20170411
10-29 13:57:37.717   978   978 I Conv2QueryExtension: isEnabled() : true
10-29 13:57:37.712   619   619 W Binder_2: type=1400 audit(0.0:583): avc: denied { ioctl } for path="pipe:[150449]" dev="pipefs" ino=150449 ioctlcmd=7704 scontext=u:r:system_server:s0 tcontext=u:r:shell:s0 tclass=fifo_file permissive=0
10-29 13:57:41.876   618   618 W Binder_1: type=1400 audit(0.0:584): avc: denied { ioctl } for path="pipe:[156692]" dev="pipefs" ino=156692 ioctlcmd=7704 scontext=u:r:system_server:s0 tcontext=u:r:shell:s0 tclass=fifo_file permissive=0
10-29 13:57:41.876   618   618 W Binder_1: type=1400 audit(0.0:585): avc: denied { ioctl } for path="pipe:[156692]" dev="pipefs" ino=156692 ioctlcmd=7704 scontext=u:r:system_server:s0 tcontext=u:r:shell:s0 tclass=fifo_file permissive=0
10-29 13:57:41.876   618   618 W Binder_1: type=1400 audit(0.0:586): avc: denied { ioctl } for path="pipe:[156692]" dev="pipefs" ino=156692 ioctlcmd=7704 scontext=u:r:system_server:s0 tcontext=u:r:shell:s0 tclass=fifo_file permissive=0
10-29 13:57:41.890   978   978 W LstmExtension: no lmDescriptor could be found for en_US/20170411
10-29 13:57:41.891   978   978 W LstmExtension: no lmDescriptor could be found for en_US/20170411
10-29 13:57:41.892   978   978 I Conv2QueryExtension: isEnabled() : true
10-29 13:57:41.894 15833 15833 I chatty  : uid=2000(shell) expire 258 lines
10-29 13:57:41.886   618   618 W Binder_1: type=1400 audit(0.0:587): avc: denied { ioctl } for path="pipe:[156692]" dev="pipefs" ino=156692 ioctlcmd=7704 scontext=u:r:system_server:s0 tcontext=u:r:shell:s0 tclass=fifo_file permissive=0
10-29 13:57:44.825  1173 16098 I chatty  : uid=10008 com.google.android.gms.persistent expire 7 lines
10-29 13:57:46.080  2784  2784 W Binder_F: type=1400 audit(0.0:588): avc: denied { ioctl } for path="pipe:[154997]" dev="pipefs" ino=154997 ioctlcmd=7704 scontext=u:r:system_server:s0 tcontext=u:r:shell:s0 tclass=fifo_file permissive=0
10-29 13:57:46.080  2784  2784 W Binder_F: type=1400 audit(0.0:589): avc: denied { ioctl } for path="pipe:[154997]" dev="pipefs" ino=154997 ioctlcmd=7704 scontext=u:r:system_server:s0 tcontext=u:r:shell:s0 tclass=fifo_file permissive=0
10-29 13:57:46.080  2784  2784 W Binder_F: type=1400 audit(0.0:590): avc: denied { ioctl } for path="pipe:[154997]" dev="pipefs" ino=154997 ioctlcmd=7704 scontext=u:r:system_server:s0 tcontext=u:r:shell:s0 tclass=fifo_file permissive=0
10-29 13:57:46.105   978   978 W LstmExtension: no lmDescriptor could be found for en_US/20170411
10-29 13:57:46.106   978   978 W LstmExtension: no lmDescriptor could be found for en_US/20170411
10-29 13:57:46.106   978   978 I Conv2QueryExtension: isEnabled() : true
10-29 13:57:46.090  2784  2784 W Binder_F: type=1400 audit(0.0:591): avc: denied { ioctl } for path="pipe:[154997]" dev="pipefs" ino=154997 ioctlcmd=7704 scontext=u:r:system_server:s0 tcontext=u:r:shell:s0 tclass=fifo_file permissive=0
10-29 13:57:50.254  2192  2192 W Binder_B: type=1400 audit(0.0:592): avc: denied { ioctl } for path="pipe:[157911]" dev="pipefs" ino=157911 ioctlcmd=7704 scontext=u:r:system_server:s0 tcontext=u:r:shell:s0 tclass=fifo_file permissive=0
10-29 13:57:50.254  2192  2192 W Binder_B: type=1400 audit(0.0:593): avc: denied { ioctl } for path="pipe:[157911]" dev="pipefs" ino=157911 ioctlcmd=7704 scontext=u:r:system_server:s0 tcontext=u:r:shell:s0 tclass=fifo_file permissive=0
10-29 13:57:50.254  2192  2192 W Binder_B: type=1400 audit(0.0:594): avc: denied { ioctl } for path="pipe:[157911]" dev="pipefs" ino=157911 ioctlcmd=7704 scontext=u:r:system_server:s0 tcontext=u:r:shell:s0 tclass=fifo_file permissive=0
10-29 13:57:50.268   978   978 W LstmExtension: no lmDescriptor could be found for en_US/20170411
10-29 13:57:50.269   978   978 W LstmExtension: no lmDescriptor could be found for en_US/20170411
10-29 13:57:50.269   978   978 I Conv2QueryExtension: isEnabled() : true
10-29 13:57:50.264  2192  2192 W Binder_B: type=1400 audit(0.0:595): avc: denied { ioctl } for path="pipe:[157911]" dev="pipefs" ino=157911 ioctlcmd=7704 scontext=u:r:system_server:s0 tcontext=u:r:shell:s0 tclass=fifo_file permissive=0
10-29 13:57:54.458  2191  2191 W Binder_A: type=1400 audit(0.0:596): avc: denied { ioctl } for path="pipe:[157155]" dev="pipefs" ino=157155 ioctlcmd=7704 scontext=u:r:system_server:s0 tcontext=u:r:shell:s0 tclass=fifo_file permissive=0
10-29 13:57:54.458  2191  2191 W Binder_A: type=1400 audit(0.0:597): avc: denied { ioctl } for path="pipe:[157155]" dev="pipefs" ino=157155 ioctlcmd=7704 scontext=u:r:system_server:s0 tcontext=u:r:shell:s0 tclass=fifo_file permissive=0
10-29 13:57:54.458  2191  2191 W Binder_A: type=1400 audit(0.0:598): avc: denied { ioctl } for path="pipe:[157155]" dev="pipefs" ino=157155 ioctlcmd=7704 scontext=u:r:system_server:s0 tcontext=u:r:shell:s0 tclass=fifo_file permissive=0
10-29 13:57:54.486   978   978 W LstmExtension: no lmDescriptor could be found for en_US/20170411
10-29 13:57:54.486   978   978 W LstmExtension: no lmDescriptor could be found for en_US/20170411
10-29 13:57:54.487   978   978 I Conv2QueryExtension: isEnabled() : true
10-29 13:57:54.478  2191  2191 W Binder_A: type=1400 audit(0.0:599): avc: denied { ioctl } for path="pipe:[157155]" dev="pipefs" ino=157155 ioctlcmd=7704 scontext=u:r:system_server:s0 tcontext=u:r:shell:s0 tclass=fifo_file permissive=0
10-29 13:57:54.491 15833 15833 I chatty  : uid=2000(shell) expire 242 lines
10-29 13:57:56.631 16001 16001 I Ads     : Starting ad request.
10-29 13:57:56.632 16001 16001 I Ads     : Use AdRequest.Builder.addTestDevice("D757720EE565C1A986A94BDC339113B2") to get test ads on this device.
10-29 13:57:56.721  1454 17131 I chatty  : uid=10008(com.google.android.gms) expire 1 line
10-29 13:57:56.738  1454 17132 I chatty  : uid=10008(com.google.android.gms) expire 1 line
10-29 13:57:56.771  1173  1392 I chatty  : uid=10008(com.google.android.gms) Binder_4 expire 2 lines
10-29 13:57:56.787  1454 17132 I chatty  : uid=10008(com.google.android.gms) expire 2 lines
10-29 13:57:56.847   190   596 E NetlinkEvent: NetlinkEvent::FindParam(): Parameter 'UID' not found
10-29 13:57:56.940  1173  1517 I chatty  : uid=10008(com.google.android.gms) Binder_5 expire 2 lines
10-29 13:57:56.942  1454 12921 I chatty  : uid=10008(com.google.android.gms) expire 2 lines
10-29 13:57:56.968  1454 17146 I chatty  : uid=10008(com.google.android.gms) expire 1 line
10-29 13:57:57.226 16001 16001 W cr_BindingManager: Cannot call determinedVisibility() - never saw a connection for the pid: 16001
10-29 13:57:57.226 16001 16001 W cr_BindingManager: Cannot call determinedVisibility() - never saw a connection for the pid: 16001
10-29 13:57:57.730 16001 16001 I Ads     : Scheduling ad refresh 70000 milliseconds from now.
10-29 13:57:57.762 16001 16001 I Ads     : Ad finished loading.
10-29 13:57:57.762 16001 16001 D GameActivity: onAdLoaded
10-29 13:57:57.777 16001 16001 W cr_BindingManager: Cannot call determinedVisibility() - never saw a connection for the pid: 16001
10-29 13:57:58.682  2633  2633 W Binder_D: type=1400 audit(0.0:600): avc: denied { ioctl } for path="pipe:[156527]" dev="pipefs" ino=156527 ioctlcmd=7704 scontext=u:r:system_server:s0 tcontext=u:r:shell:s0 tclass=fifo_file permissive=0
