10-29 14:08:11.294 19470 19470 W ExternalImplementationProvider: 		at java.lang.BootClassLoader.loadClass(ClassLoader.java:841)
10-29 14:08:11.294 19470 19470 W ExternalImplementationProvider: 		at java.lang.ClassLoader.loadClass(ClassLoader.java:504)
10-29 14:08:11.294 19470 19470 W ExternalImplementationProvider: 		... 21 more
10-29 14:08:11.294 19470 19470 W ExternalImplementationProvider: 	Caused by: java.lang.NoClassDefFoundError: Class not found using the boot class loader; no stack trace available
10-29 14:08:11.298 19470 19584 I ...eAccountPluginHolder: Returning Default multiple profile settings
10-29 14:08:11.298 19470 19470 W DeviceMetricsLoggerProvider: Device Metrics Logging is not Available in this build
10-29 14:08:11.298 19470 19470 W DeviceMetricsLoggerProvider: java.lang.ClassNotFoundException: com.amazon.mShop.devicemetricslogging.DeviceMetricsLoggerImpl
10-29 14:08:11.298 19470 19470 W DeviceMetricsLoggerProvider: 	at java.lang.Class.classForName(Native Method)
10-29 14:08:11.298 19470 19470 W DeviceMetricsLoggerProvider: 	at java.lang.Class.forName(Class.java:324)
10-29 14:08:11.298 19470 19470 W DeviceMetricsLoggerProvider: 	at com.amazon.mShop.devicemetricslogging.utils.DeviceMetricsLoggerProvider.queryForDeviceMetricsLoggerInBuild(DeviceMetricsLoggerProvider.java:84)
10-29 14:08:11.298 19470 19470 W DeviceMetricsLoggerProvider: 	at com.amazon.mShop.devicemetricslogging.utils.DeviceMetricsLoggerProvider.<init>(DeviceMetricsLoggerProvider.java:58)
10-29 14:08:11.298 19470 19470 W DeviceMetricsLoggerProvider: 	at com.amazon.mShop.devicemetricslogging.utils.DeviceMetricsLoggerProvider.<init>(DeviceMetricsLoggerProvider.java:11)
10-29 14:08:11.298 19470 19470 W DeviceMetricsLoggerProvider: 	at com.amazon.mShop.devicemetricslogging.utils.DeviceMetricsLoggerProvider$DeviceMetricsLoggerSingletonHolder.<clinit>(DeviceMetricsLoggerProvider.java:38)
10-29 14:08:11.298 19470 19470 W DeviceMetricsLoggerProvider: 	at com.amazon.mShop.devicemetricslogging.utils.DeviceMetricsLoggerProvider.getInstance(DeviceMetricsLoggerProvider.java:47)
10-29 14:08:11.298 19470 19470 W DeviceMetricsLoggerProvider: 	at com.amazon.mShop.devicemetricslogging.utils.DeviceMetricsLoggerUtil.getOptionalDeviceMetricsLoggerInstance(DeviceMetricsLoggerUtil.java:30)
10-29 14:08:11.298 19470 19470 W DeviceMetricsLoggerProvider: 	at com.amazon.mShop.AmazonApplication.onCreate(AmazonApplication.java:214)
10-29 14:08:11.298 19470 19470 W DeviceMetricsLoggerProvider: 	at com.amazon.mShop.MShopApplication.onCreate(MShopApplication.java:40)
10-29 14:08:11.298 19470 19470 W DeviceMetricsLoggerProvider: 	at android.app.Instrumentation.callApplicationOnCreate(Instrumentation.java:1013)
10-29 14:08:11.298 19470 19470 W DeviceMetricsLoggerProvider: 	at android.app.ActivityThread.handleBindApplication(ActivityThread.java:4707)
10-29 14:08:11.298 19470 19470 W DeviceMetricsLoggerProvider: 	at android.app.ActivityThread.-wrap1(ActivityThread.java)
10-29 14:08:11.298 19470 19470 W DeviceMetricsLoggerProvider: 	at android.app.ActivityThread$H.handleMessage(ActivityThread.java:1405)
10-29 14:08:11.298 19470 19470 W DeviceMetricsLoggerProvider: 	at android.os.Handler.dispatchMessage(Handler.java:102)
10-29 14:08:11.298 19470 19470 W DeviceMetricsLoggerProvider: 	at android.os.Looper.loop(Looper.java:148)
10-29 14:08:11.298 19470 19470 W DeviceMetricsLoggerProvider: 	at android.app.ActivityThread.main(ActivityThread.java:5417)
10-29 14:08:11.298 19470 19470 W DeviceMetricsLoggerProvider: 	at java.lang.reflect.Method.invoke(Native Method)
10-29 14:08:11.298 19470 19470 W DeviceMetricsLoggerProvider: 	at com.android.internal.os.ZygoteInit$MethodAndArgsCaller.run(ZygoteInit.java:726)
10-29 14:08:11.298 19470 19470 W DeviceMetricsLoggerProvider: 	at com.android.internal.os.ZygoteInit.main(ZygoteInit.java:616)
10-29 14:08:11.298 19470 19470 W DeviceMetricsLoggerProvider: Caused by: java.lang.ClassNotFoundException: Didn't find class "com.amazon.mShop.devicemetricslogging.DeviceMetricsLoggerImpl" on path: DexPathList[[zip file "/system/framework/com.google.android.maps.jar", zip file "/data/app/com.amazon.mShop.android-2/base.apk"],nativeLibraryDirectories=[/data/app/com.amazon.mShop.android-2/lib/arm, /data/app/com.amazon.mShop.android-2/base.apk!/lib/armeabi, /vendor/lib, /system/lib]]
10-29 14:08:11.298 19470 19470 W DeviceMetricsLoggerProvider: 	at dalvik.system.BaseDexClassLoader.findClass(BaseDexClassLoader.java:56)
10-29 14:08:11.298 19470 19470 W DeviceMetricsLoggerProvider: 	at java.lang.ClassLoader.loadClass(ClassLoader.java:511)
10-29 14:08:11.298 19470 19470 W DeviceMetricsLoggerProvider: 	at java.lang.ClassLoader.loadClass(ClassLoader.java:469)
10-29 14:08:11.298 19470 19470 W DeviceMetricsLoggerProvider: 	... 20 more
10-29 14:08:11.298 19470 19470 W DeviceMetricsLoggerProvider: 	Suppressed: java.lang.ClassNotFoundException: com.amazon.mShop.devicemetricslogging.DeviceMetricsLoggerImpl
10-29 14:08:11.298 19470 19470 W DeviceMetricsLoggerProvider: 		at java.lang.Class.classForName(Native Method)
10-29 14:08:11.298 19470 19470 W DeviceMetricsLoggerProvider: 		at java.lang.BootClassLoader.findClass(ClassLoader.java:781)
10-29 14:08:11.298 19470 19470 W DeviceMetricsLoggerProvider: 		at java.lang.BootClassLoader.loadClass(ClassLoader.java:841)
10-29 14:08:11.298 19470 19470 W DeviceMetricsLoggerProvider: 		at java.lang.ClassLoader.loadClass(ClassLoader.java:504)
10-29 14:08:11.298 19470 19470 W DeviceMetricsLoggerProvider: 		... 21 more
10-29 14:08:11.298 19470 19470 W DeviceMetricsLoggerProvider: 	Caused by: java.lang.NoClassDefFoundError: Class not found using the boot class loader; no stack trace available
10-29 14:08:11.320  5396  5396 W ContextImpl: Calling a method in the system process without a qualified user: android.app.ContextImpl.startService:1221 android.content.ContextWrapper.startService:581 android.content.ContextWrapper.startService:581 com.android.keychain.KeyChainBroadcastReceiver.onReceive:12 android.app.ActivityThread.handleReceiver:2725 
10-29 14:08:11.322  3400 19591 D VoicemailCleanupService: Cleaning up data for package: com.amazon.appverification.wificontroller
10-29 14:08:11.323   608   618 D ConnectivityService: listenForNetwork for Listen from uid/pid:10083/19470 for NetworkRequest [ id=47, legacyType=-1, [ Capabilities: INTERNET&NOT_RESTRICTED&TRUSTED] ]
10-29 14:08:11.337 19470 19470 V ApplicationStateListener: Is Application.onCreate() for foreground: false
10-29 14:08:11.371  2495  2626 W WearSignatureVerifier: No package com.google.android.wearable.app.cn
10-29 14:08:11.371  2495  2495 I Finsky  : [1] com.google.android.finsky.bl.o.a(41): com.awesummly not available [restriction=9].
10-29 14:08:11.376  2495  2495 I Finsky  : [1] com.google.android.finsky.bs.a.a(6): Item is not available. Reason: 9
10-29 14:08:11.383  2495  2626 W WearSignatureVerifier: No package com.google.android.wearable.app.cn
10-29 14:08:11.387  2495  2626 W WearSignatureVerifier: No package com.google.android.wearable.app.cn
10-29 14:08:11.388  2495  2626 W WearSignatureVerifier: No package com.google.android.wearable.app.cn
10-29 14:08:11.398  1173  1173 I WearableService: Wearable Services not starting - Wear is not available on this device.
10-29 14:08:11.402  1173  1185 D WearableService: onGetService - Wear is not available on this device.
10-29 14:08:11.409  2495  2495 W WearSignatureVerifier: No package com.google.android.wearable.app.cn
10-29 14:08:11.410  2495  2495 E Finsky  : [1] com.google.android.finsky.wear.bl.a(3): onConnectionFailed: ConnectionResult{statusCode=API_UNAVAILABLE, resolution=null, message=null}
10-29 14:08:11.410  2495  2495 W Finsky  : [1] com.google.android.finsky.wear.aj.run(9): Dropping command=auto_uninstall due to Gms not connected
10-29 14:08:11.414  2495  2495 W Finsky  : [1] com.google.android.finsky.wear.aj.run(9): Dropping command=send_installed_apps due to Gms not connected
10-29 14:08:11.467  1454 19608 D Wear_Controller: Received broadcast action=android.intent.action.PACKAGE_REMOVED and uri=com.amazon.appverification.wificontroller
10-29 14:08:11.467  1454 19605 I LocationSettingsChecker: Removing dialog suppression flag for package com.amazon.appverification.wificontroller
10-29 14:08:11.597 19470 19596 W MShopAppstore.GenericOverrider: Application does NOT implement DaggerExtensionPointProvider!
10-29 14:08:11.599 19470 19596 W MShopAppstore.GenericOverrider: Application does NOT implement DaggerExtensionPointProvider!
10-29 14:08:11.599 19470 19596 W MShopAppstore.GenericOverrider: Application does NOT implement DaggerExtensionPointProvider!
10-29 14:08:11.606 19470 19596 E MShopAppstore.AccountSummaryProviderImpl: accountManager is null, didnt we call init?
10-29 14:08:11.617 19470 19596 I MShopAppstore.AccountSummaryProviderImpl: Set session account to value H:2c89972c5dbcd60153bee1d28f8200b6
10-29 14:08:11.840 19576 19576 D AndroidRuntime: >>>>>> START com.android.internal.os.RuntimeInit uid 2000 <<<<<<
10-29 14:08:11.847 19576 19576 D AndroidRuntime: CheckJNI is OFF
10-29 14:08:11.905 19576 19576 D ICU     : No timezone override file found: /data/misc/zoneinfo/current/icu/icu_tzdata.dat
10-29 14:08:11.985 19576 19576 I Radio-JNI: register_android_hardware_Radio DONE
10-29 14:08:12.024 19576 19576 D AndroidRuntime: Calling main entry com.android.commands.input.Input
10-29 14:08:12.025 19576 19576 I Input   : injectKeyEvent: KeyEvent { action=ACTION_DOWN, keyCode=KEYCODE_MENU, scanCode=0, metaState=0, flags=0x0, repeatCount=0, eventTime=4054778, downTime=4054778, deviceId=-1, source=0x101 }
10-29 14:08:12.028 19576 19576 I Input   : injectKeyEvent: KeyEvent { action=ACTION_UP, keyCode=KEYCODE_MENU, scanCode=0, metaState=0, flags=0x0, repeatCount=0, eventTime=4054778, downTime=4054778, deviceId=-1, source=0x101 }
10-29 14:08:12.030 19576 19576 D AndroidRuntime: Shutting down VM
10-29 14:08:12.107   608  1211 D NetlinkSocketObserver: NeighborEvent{elapsedMs=4054850, 192.168.192.1, [00000C07AC01], RTM_NEWNEIGH, NUD_PROBE}
10-29 14:08:13.200 19649 19649 D AndroidRuntime: >>>>>> START com.android.internal.os.RuntimeInit uid 2000 <<<<<<
10-29 14:08:13.206 19649 19649 D AndroidRuntime: CheckJNI is OFF
10-29 14:08:13.262 19649 19649 D ICU     : No timezone override file found: /data/misc/zoneinfo/current/icu/icu_tzdata.dat
10-29 14:08:13.325 19649 19649 I Radio-JNI: register_android_hardware_Radio DONE
10-29 14:08:13.337 19470 19668 I ...ures.FeatureSetCache: Caching feature OverrideDeviceAttributes as true
10-29 14:08:13.360 19649 19649 D AndroidRuntime: Calling main entry com.android.commands.input.Input
10-29 14:08:13.362 19649 19649 I Input   : injectKeyEvent: KeyEvent { action=ACTION_DOWN, keyCode=KEYCODE_HOME, scanCode=0, metaState=0, flags=0x0, repeatCount=0, eventTime=4056114, downTime=4056114, deviceId=-1, source=0x101 }
10-29 14:08:13.363 19649 19649 I Input   : injectKeyEvent: KeyEvent { action=ACTION_UP, keyCode=KEYCODE_HOME, scanCode=0, metaState=0, flags=0x0, repeatCount=0, eventTime=4056114, downTime=4056114, deviceId=-1, source=0x101 }
10-29 14:08:13.369   608   650 I ActivityManager: START u0 {act=android.intent.action.MAIN cat=[android.intent.category.HOME] flg=0x10200000 cmp=com.android.launcher/com.android.launcher2.Launcher (has extras)} from uid 1000 on display 0
10-29 14:08:13.389 19649 19649 D AndroidRuntime: Shutting down VM
10-29 14:08:13.905  1077  1255 W OpenGLRenderer: Incorrectly called buildLayer on View: ShortcutAndWidgetContainer, destroying layer...
10-29 14:08:13.905  1077  1255 W OpenGLRenderer: Incorrectly called buildLayer on View: ShortcutAndWidgetContainer, destroying layer...
10-29 14:08:16.452  1173  1173 I WearableService: Wearable Services stopping
10-29 14:08:20.022  1173  1368 E Auth    : [GoogleAccountDataServiceImpl] getToken() -> BAD_AUTHENTICATION. Account: <ELLIDED:-1050400687>, App: com.google.android.apps.gcs, Service: oauth2:https://www.googleapis.com/auth/nova
10-29 14:08:20.022  1173  1368 E Auth    : ech: Long live credential not available.
10-29 14:08:20.022  1173  1368 E Auth    : 	at eci.b(:com.google.android.gms:0)
10-29 14:08:20.022  1173  1368 E Auth    : 	at eci.a(:com.google.android.gms:16)
10-29 14:08:20.022  1173  1368 E Auth    : 	at eav.a(:com.google.android.gms:61)
10-29 14:08:20.022  1173  1368 E Auth    : 	at fjb.a(:com.google.android.gms:7)
10-29 14:08:20.022  1173  1368 E Auth    : 	at fjb.a(:com.google.android.gms:3)
10-29 14:08:20.022  1173  1368 E Auth    : 	at fic.a(:com.google.android.gms:1)
10-29 14:08:20.022  1173  1368 E Auth    : 	at fia.a(:com.google.android.gms:16)
10-29 14:08:20.022  1173  1368 E Auth    : 	at fia.a(:com.google.android.gms:5)
10-29 14:08:20.022  1173  1368 E Auth    : 	at bsc.a(:com.google.android.gms:188)
10-29 14:08:20.022  1173  1368 E Auth    : 	at bsc.a(:com.google.android.gms:63)
10-29 14:08:20.022  1173  1368 E Auth    : 	at bsc.onTransact(:com.google.android.gms:5)
10-29 14:08:20.022  1173  1368 E Auth    : 	at android.os.Binder.transact(Binder.java:387)
10-29 14:08:20.022  1173  1368 E Auth    : 	at bui.onTransact(:com.google.android.gms:2)
10-29 14:08:20.022  1173  1368 E Auth    : 	at android.os.Binder.execTransact(Binder.java:453)
10-29 14:08:20.023  1173  1368 W Auth    : [GetToken] GetToken failed with status code: BadAuthentication
10-29 14:08:20.047 19364 19708 E Gcs.NfeApertureClient: [509] g.a: Failed to get WFA elibility.
10-29 14:08:20.047 19364 19708 E Gcs.NfeApertureClient: java.util.concurrent.ExecutionException: com.a.a.a: User needs to (re)enter credentials.
10-29 14:08:20.047 19364 19708 E Gcs.NfeApertureClient: 	at com.a.a.a.g.a(SourceFile:117)
10-29 14:08:20.047 19364 19708 E Gcs.NfeApertureClient: 	at com.a.a.a.g.get(SourceFile:97)
10-29 14:08:20.047 19364 19708 E Gcs.NfeApertureClient: 	at com.google.android.apps.gcs.chell.a.a.a(SourceFile:40)
10-29 14:08:20.047 19364 19708 E Gcs.NfeApertureClient: 	at com.google.android.apps.gcs.service.WfaEligibilityRefreshingGcmTaskService.a(SourceFile:69)
10-29 14:08:20.047 19364 19708 E Gcs.NfeApertureClient: 	at com.google.android.gms.gcm.b$a.run(Unknown Source)
10-29 14:08:20.047 19364 19708 E Gcs.NfeApertureClient: Caused by: com.a.a.a: User needs to (re)enter credentials.
10-29 14:08:20.047 19364 19708 E Gcs.NfeApertureClient: 	at com.google.android.flib.a.a.a(SourceFile:170)
10-29 14:08:20.047 19364 19708 E Gcs.NfeApertureClient: 	at com.a.a.a.d.a(SourceFile:79)
10-29 14:08:20.047 19364 19708 E Gcs.NfeApertureClient: 	at com.a.a.a.a.a(SourceFile:97)
10-29 14:08:20.047 19364 19708 E Gcs.NfeApertureClient: 	at com.a.a.h.run(SourceFile:112)
10-29 14:08:20.047 19364 19708 W Gcs.WfaEliRefreshTask: [509] g.c: NULL eligibility response.
10-29 14:08:20.171  1454 17181 W Herrevad: [779] tgq.b: Invalid mccmnc 
10-29 14:08:20.172  1454 17181 W Herrevad: [779] tgq.b: Invalid mccmnc 
10-29 14:08:20.872 19720 19720 D AndroidRuntime: >>>>>> START com.android.internal.os.RuntimeInit uid 2000 <<<<<<
10-29 14:08:20.878 19720 19720 D AndroidRuntime: CheckJNI is OFF
10-29 14:08:20.934 19720 19720 D ICU     : No timezone override file found: /data/misc/zoneinfo/current/icu/icu_tzdata.dat
10-29 14:08:21.001 19720 19720 I Radio-JNI: register_android_hardware_Radio DONE
10-29 14:08:21.043 19720 19720 D AndroidRuntime: Calling main entry com.android.commands.pm.Pm
10-29 14:08:21.065  2495  2495 I Finsky  : [1] com.google.android.finsky.verifier.impl.PackageVerificationReceiver.onReceive(14): Verification requested, id = 7
10-29 14:08:22.408  2495  2615 I Finsky  : [232] com.google.android.finsky.foregroundcoordinator.ForegroundCoordinator.a(9): Task 7 requested foreground
10-29 14:08:22.408  2495  2615 I Finsky  : [232] com.google.android.finsky.foregroundcoordinator.ForegroundCoordinator.a(34): Not entering foreground
10-29 14:08:22.589  2495  2495 I Finsky  : [1] com.google.android.finsky.verifier.impl.bp.b(6): Verification id=7 response=0
10-29 14:08:22.646  2495  2495 I Finsky  : [1] com.google.android.finsky.verifier.impl.ce.c(97): Verifying id=7, result=1
10-29 14:08:22.654  2495  2495 I Finsky  : [1] com.google.android.finsky.verifier.impl.ce.c(110): Verification complete: id=7, package_name=com.GigWare.AAA
10-29 14:08:22.666  4896  4908 D DefContainer: Copying /data/local/tmp/78cc875eb072464489f2579348f79d89.apk to base.apk
10-29 14:08:23.390   608   621 W ActivityManager: Activity stop timeout for ActivityRecord{2a8331f u0 com.android.chrome/com.google.android.apps.chrome.Main t4062}
10-29 14:08:23.447   608  1211 D NetlinkSocketObserver: NeighborEvent{elapsedMs=4066189, 192.168.192.1, [00000C07AC01], RTM_NEWNEIGH, NUD_STALE}
10-29 14:08:23.802   608   632 I PackageManager.DexOptimizer: Running dexopt (dex2oat) on: /data/app/vmdl1338915930.tmp/base.apk pkg=com.GigWare.AAA isa=arm vmSafeMode=false debuggable=false oatDir = /data/app/vmdl1338915930.tmp/oat bootComplete=true
10-29 14:08:23.846 19749 19749 I dex2oat : Starting dex2oat.
10-29 14:08:24.406 19749 19749 I dex2oat : dex2oat took 559.906ms (threads: 4) arena alloc=607KB java alloc=719KB native alloc=3MB free=1720KB
10-29 14:08:24.690   608   632 V BackupManagerService: restoreAtInstall pkg=com.GigWare.AAA token=8 restoreSet=0
10-29 14:08:24.690   608   632 V BackupManagerService: Finishing install immediately
10-29 14:08:24.694   608   632 W Settings: Setting install_non_market_apps has moved from android.provider.Settings.Global to android.provider.Settings.Secure, returning read-only value.
10-29 14:08:24.695   608   632 I art     : Starting a blocking GC Explicit
10-29 14:08:24.787   608   632 I art     : Explicit concurrent mark sweep GC freed 38939(2MB) AllocSpace objects, 12(240KB) LOS objects, 33% free, 23MB/34MB, paused 1.281ms total 88.378ms
10-29 14:08:24.790 19720 19720 I art     : System.exit called, status: 0
10-29 14:08:24.790 19720 19720 I AndroidRuntime: VM exiting with result code 0.
10-29 14:08:24.799  1061  1061 D CarrierServiceBindHelper: Receive action: android.intent.action.PACKAGE_ADDED
10-29 14:08:24.803   608   651 I InputReader: Reconfiguring input devices.  changes=0x00000010
10-29 14:08:24.807  5423  6881 D Documents: Update found 8 roots in 7ms
10-29 14:08:24.831  1061  1061 D CarrierServiceBindHelper: mHandler: 3
10-29 14:08:24.831  1061  1061 D CarrierConfigLoader: mHandler: 9 phoneId: 0
10-29 14:08:24.907   608  2791 I ActivityManager: Start proc 19776:com.google.android.partnersetup/u0a12 for broadcast com.google.android.partnersetup/.RlzPingBroadcastReceiver
10-29 14:08:24.923 19470 19596 W MShopAppstore.AppManagerAndroidPackageDelegate: Unable to determine asin for package, skipping metadata update.
10-29 14:08:24.948  4256 19590 W AmazonAppstore.AppManagerAndroidPackageDelegate: Unable to determine asin for package, skipping metadata update.
10-29 14:08:24.972 19776 19776 W System  : ClassLoader referenced unknown path: /system/priv-app/GooglePartnerSetup/lib/arm
10-29 14:08:25.114  2495  2626 W WearSignatureVerifier: No package com.google.android.wearable.app.cn
10-29 14:08:25.117  2495  2626 W WearSignatureVerifier: No package com.google.android.wearable.app.cn
10-29 14:08:25.118  2495  2626 W WearSignatureVerifier: No package com.google.android.wearable.app.cn
10-29 14:08:25.118  2495  2495 I Finsky  : [1] com.google.android.finsky.utils.PermissionPolicies$PermissionPolicyService.onStartCommand(18): post-install permissions check for com.GigWare.AAA
10-29 14:08:25.119  2495  2626 W WearSignatureVerifier: No package com.google.android.wearable.app.cn
10-29 14:08:25.124  1173  1173 I WearableService: Wearable Services not starting - Wear is not available on this device.
10-29 14:08:25.127  2495  2495 I Finsky  : [1] com.google.android.finsky.externalreferrer.d.run(9): Package state data is missing for com.GigWare.AAA
10-29 14:08:25.133  1173  1368 D WearableService: onGetService - Wear is not available on this device.
10-29 14:08:25.136  2495  2495 W WearSignatureVerifier: No package com.google.android.wearable.app.cn
10-29 14:08:25.136  2495  2495 E Finsky  : [1] com.google.android.finsky.wear.bl.a(3): onConnectionFailed: ConnectionResult{statusCode=API_UNAVAILABLE, resolution=null, message=null}
10-29 14:08:25.137  2495  2495 W Finsky  : [1] com.google.android.finsky.wear.aj.run(9): Dropping command=auto_install due to Gms not connected
10-29 14:08:25.140  2495  2495 W Finsky  : [1] com.google.android.finsky.wear.aj.run(9): Dropping command=send_installed_apps due to Gms not connected
10-29 14:08:25.145  1454 19810 I FontsPackageChangeOp: Package com.GigWare.AAA has no metadata
10-29 14:08:25.160   608  2539 I BroadcastQueue: Delay finish: com.amazon.venezia/com.amazon.mas.client.install.foreground.PackageAddedReceiver
10-29 14:08:25.171   608  1243 I BroadcastQueue: Resuming delayed broadcast
10-29 14:08:25.175   608   766 I BroadcastQueue: Delay finish: com.amazon.venezia/.notification.NotificationEventReceiver
10-29 14:08:25.176  1454 19813 D Wear_Controller: Received broadcast action=android.intent.action.PACKAGE_ADDED and uri=com.GigWare.AAA
10-29 14:08:25.181   608  1243 I BroadcastQueue: Resuming delayed broadcast
10-29 14:08:25.223 19470 19817 E MShopAppstore.NotificationService: Unhandled notification type: Intent { act=android.intent.action.PACKAGE_ADDED dat=package:com.GigWare.AAA flg=0x4000010 cmp=com.amazon.mShop.android/com.amazon.venezia.notification.NotificationService (has extras) }
10-29 14:08:25.860 19793 19793 D AndroidRuntime: >>>>>> START com.android.internal.os.RuntimeInit uid 2000 <<<<<<
10-29 14:08:25.866 19793 19793 D AndroidRuntime: CheckJNI is OFF
10-29 14:08:25.922 19793 19793 D ICU     : No timezone override file found: /data/misc/zoneinfo/current/icu/icu_tzdata.dat
10-29 14:08:25.987 19793 19793 I Radio-JNI: register_android_hardware_Radio DONE
10-29 14:08:26.021 19793 19793 D AndroidRuntime: Calling main entry com.android.commands.input.Input
10-29 14:08:26.022 19793 19793 I Input   : injectKeyEvent: KeyEvent { action=ACTION_DOWN, keyCode=KEYCODE_MENU, scanCode=0, metaState=0, flags=0x0, repeatCount=0, eventTime=4068775, downTime=4068775, deviceId=-1, source=0x101 }
10-29 14:08:26.025 19793 19793 I Input   : injectKeyEvent: KeyEvent { action=ACTION_UP, keyCode=KEYCODE_MENU, scanCode=0, metaState=0, flags=0x0, repeatCount=0, eventTime=4068775, downTime=4068775, deviceId=-1, source=0x101 }
10-29 14:08:26.036 19793 19793 D AndroidRuntime: Shutting down VM
10-29 14:08:26.037   194   637 D audio_hw_primary: out_set_parameters: enter: usecase(1: low-latency-playback) kvpairs: routing=2
10-29 14:08:26.048   194   637 D audio_hw_primary: select_devices: out_snd_device(2: speaker) in_snd_device(0: none)
10-29 14:08:26.048   194   637 D ACDB-LOADER: ACDB -> send_afe_cal
10-29 14:08:26.048   194   637 D audio_hw_primary: enable_snd_device: snd_device(2: speaker)
10-29 14:08:26.057   194   637 D audio_hw_primary: enable_audio_route: apply and update mixer path: low-latency-playback
10-29 14:08:26.303   608   621 I ActivityManager: Waited long enough for: ServiceRecord{4719b96 u0 com.amazon.mShop.android/com.amazon.mas.client.locker.service.appmgr.AppManagerService}
10-29 14:08:26.308   608   621 I ActivityManager: Waited long enough for: ServiceRecord{dcb2317 u0 com.amazon.venezia/com.amazon.mas.client.locker.service.appmgr.AppManagerService}
10-29 14:08:26.377   608  2784 D WifiService: acquireWifiLockLocked: WifiLock{ServiceConfigService type=1 binder=android.os.BinderProxy@bb5c081}
10-29 14:08:26.392   608   761 D WifiService: acquireWifiLockLocked: WifiLock{FeatureConfigRefreshService type=1 binder=android.os.BinderProxy@ad7a567}
10-29 14:08:26.406 19470 19843 W MShopAppstore.ServiceConfigService: SC_ACTION_BOOTSTRAP_CONFIG ignored if the ServiceLocator is NOT empty OR if either the primary AccountSummary is null.
10-29 14:08:26.409   608  2539 D WifiService: acquireWifiLockLocked: WifiLock{TokenRefreshService type=1 binder=android.os.BinderProxy@8fce3bd}
10-29 14:08:26.414   608  1243 D WifiService: releaseWifiLockLocked: WifiLock{FeatureConfigRefreshService type=1 binder=android.os.BinderProxy@ad7a567}
10-29 14:08:26.416   608   766 D WifiService: releaseWifiLockLocked: WifiLock{ServiceConfigService type=1 binder=android.os.BinderProxy@bb5c081}
10-29 14:08:26.435 19470 19848 I MShopAppstore.SelfUpdate/SelfUpdateController: Received action: com.amazon.mas.client.selfupdate.SCHEDULE
10-29 14:08:26.440 19470 19848 W MShopAppstore.GenericOverrider: Application does NOT implement DaggerExtensionPointProvider!
10-29 14:08:26.474 19470 19848 I MShopAppstore.AccountSummaryProviderImpl: isAccountPrepared(null) - using H:2c89972c5dbcd60153bee1d28f8200b6
10-29 14:08:26.474 19470 19848 I MShopAppstore.AccountSummaryProviderImpl: isAccountPrepared() - using H:2c89972c5dbcd60153bee1d28f8200b6, returning true
10-29 14:08:26.485 19470 19841 I MShopAppstore.LockerSyncDecisionDelegate: Handling broadcast 'com.amazon.mas.client.application.SCHEDULE_ALARMS'
10-29 14:08:26.488 19470 19841 I MShopAppstore.LockerSyncDecisionDelegate: Locker has previously synced. previousIntervalMillis=86400000
10-29 14:08:26.492 19470 19841 I MShopAppstore.LockerSyncDecisionDelegate: Calling SchedulePeriodicWork.scheduleWork().
10-29 14:08:26.512 19470 19841 I MShopAppstore.BasicUserPreferences: Reading from content://com.amazon.mas.client.settings/boolean/com.amazon.mas.client.framework.SettingsService.Collect3pAppUsage
10-29 14:08:26.514  4256  4267 I System.out: boolean
10-29 14:08:27.210 19839 19839 D AndroidRuntime: >>>>>> START com.android.internal.os.RuntimeInit uid 2000 <<<<<<
10-29 14:08:27.218 19839 19839 D AndroidRuntime: CheckJNI is OFF
10-29 14:08:27.288 19839 19839 D ICU     : No timezone override file found: /data/misc/zoneinfo/current/icu/icu_tzdata.dat
10-29 14:08:27.347 19470 19846 W Amazon  : missing associate tag : 
10-29 14:08:27.351 19839 19839 I Radio-JNI: register_android_hardware_Radio DONE
10-29 14:08:27.361  1061  1245 E PhoneInterfaceManager: [PhoneIntfMgr] getIccId: No UICC
10-29 14:08:27.365 19470 19846 W Settings: Setting android_id has moved from android.provider.Settings.System to android.provider.Settings.Secure, returning read-only value.
10-29 14:08:27.388 19839 19839 D AndroidRuntime: Calling main entry com.android.commands.input.Input
10-29 14:08:27.390 19839 19839 I Input   : injectKeyEvent: KeyEvent { action=ACTION_DOWN, keyCode=KEYCODE_HOME, scanCode=0, metaState=0, flags=0x0, repeatCount=0, eventTime=4070142, downTime=4070142, deviceId=-1, source=0x101 }
10-29 14:08:27.391 19839 19839 I Input   : injectKeyEvent: KeyEvent { action=ACTION_UP, keyCode=KEYCODE_HOME, scanCode=0, metaState=0, flags=0x0, repeatCount=0, eventTime=4070142, downTime=4070142, deviceId=-1, source=0x101 }
10-29 14:08:27.399   608   650 I ActivityManager: START u0 {act=android.intent.action.MAIN cat=[android.intent.category.HOME] flg=0x10200000 cmp=com.android.launcher/com.android.launcher2.Launcher (has extras)} from uid 1000 on display 0
10-29 14:08:27.401 19839 19839 D AndroidRuntime: Shutting down VM
10-29 14:08:27.434   608   766 W InputMethodManagerService: Window already focused, ignoring focus gain of: com.android.internal.view.IInputMethodClient$Stub$Proxy@98feb9 attribute=null, token = android.os.BinderProxy@9e331be
10-29 14:08:28.324   608  1104 D WifiService: releaseWifiLockLocked: WifiLock{TokenRefreshService type=1 binder=android.os.BinderProxy@8fce3bd}
10-29 14:08:28.325 19470 19841 W Amazon  : missing associate tag : 
10-29 14:08:28.332  1061  1073 E PhoneInterfaceManager: [PhoneIntfMgr] getIccId: No UICC
10-29 14:08:28.334 19470 19841 W Settings: Setting android_id has moved from android.provider.Settings.System to android.provider.Settings.Secure, returning read-only value.
10-29 14:08:28.736 19885 19885 D AndroidRuntime: >>>>>> START com.android.internal.os.RuntimeInit uid 2000 <<<<<<
10-29 14:08:28.742 19885 19885 D AndroidRuntime: CheckJNI is OFF
10-29 14:08:28.796 19885 19885 D ICU     : No timezone override file found: /data/misc/zoneinfo/current/icu/icu_tzdata.dat
10-29 14:08:28.853 19885 19885 I Radio-JNI: register_android_hardware_Radio DONE
10-29 14:08:28.887 19885 19885 D AndroidRuntime: Calling main entry com.android.commands.pm.Pm
10-29 14:08:28.911  2495  2495 I Finsky  : [1] com.google.android.finsky.verifier.impl.PackageVerificationReceiver.onReceive(14): Verification requested, id = 8
10-29 14:08:29.299   194   637 D audio_hw_primary: disable_audio_route: reset and update mixer path: low-latency-playback
10-29 14:08:29.299   194   637 D audio_hw_primary: disable_snd_device: snd_device(2: speaker)
10-29 14:08:29.449  2495  2981 I Finsky  : [247] com.google.android.finsky.foregroundcoordinator.ForegroundCoordinator.a(9): Task 7 requested foreground
10-29 14:08:29.450  2495  2981 I Finsky  : [247] com.google.android.finsky.foregroundcoordinator.ForegroundCoordinator.a(34): Not entering foreground
10-29 14:08:29.567  2495  2495 I Finsky  : [1] com.google.android.finsky.verifier.impl.bp.b(6): Verification id=8 response=0
10-29 14:08:29.605  2495  2495 I Finsky  : [1] com.google.android.finsky.verifier.impl.ce.c(97): Verifying id=8, result=1
10-29 14:08:29.608  2495  2495 I Finsky  : [1] com.google.android.finsky.verifier.impl.ce.c(110): Verification complete: id=8, package_name=com.amazon.appverification.wificontroller
10-29 14:08:29.617  4896  4906 D DefContainer: Copying /data/local/tmp/WifiController.apk to base.apk
10-29 14:08:29.647   608   632 I PackageManager.DexOptimizer: Running dexopt (dex2oat) on: /data/app/vmdl1881094001.tmp/base.apk pkg=com.amazon.appverification.wificontroller isa=arm vmSafeMode=false debuggable=false oatDir = /data/app/vmdl1881094001.tmp/oat bootComplete=true
10-29 14:08:29.700 19908 19908 I dex2oat : Starting dex2oat.
10-29 14:08:29.765 19908 19908 I dex2oat : dex2oat took 65.673ms (threads: 4) arena alloc=258KB java alloc=84KB native alloc=1514KB free=1301KB
10-29 14:08:30.140  1173  1173 I WearableService: Wearable Services stopping
10-29 14:08:30.957   608   632 V BackupManagerService: restoreAtInstall pkg=com.amazon.appverification.wificontroller token=9 restoreSet=0
10-29 14:08:30.957   608   632 V BackupManagerService: Finishing install immediately
10-29 14:08:30.960   608   632 W Settings: Setting install_non_market_apps has moved from android.provider.Settings.Global to android.provider.Settings.Secure, returning read-only value.
10-29 14:08:30.960   608   632 I art     : Starting a blocking GC Explicit
10-29 14:08:31.062   608   632 I art     : Explicit concurrent mark sweep GC freed 45835(2MB) AllocSpace objects, 7(140KB) LOS objects, 33% free, 23MB/35MB, paused 1.464ms total 92.956ms
10-29 14:08:31.071 19885 19885 I art     : System.exit called, status: 0
10-29 14:08:31.071 19885 19885 I AndroidRuntime: VM exiting with result code 0.
10-29 14:08:31.078  1061  1061 D CarrierServiceBindHelper: Receive action: android.intent.action.PACKAGE_ADDED
10-29 14:08:31.079  1061  1061 D CarrierServiceBindHelper: mHandler: 3
10-29 14:08:31.079  1061  1061 D CarrierConfigLoader: mHandler: 9 phoneId: 0
10-29 14:08:31.094   608   651 I InputReader: Reconfiguring input devices.  changes=0x00000010
10-29 14:08:31.095  5423  5445 D Documents: Update found 8 roots in 12ms
10-29 14:08:31.149  4256 19590 W AmazonAppstore.AppManagerAndroidPackageDelegate: Unable to determine asin for package, skipping metadata update.
10-29 14:08:31.157 19470 19596 W MShopAppstore.AppManagerAndroidPackageDelegate: Unable to determine asin for package, skipping metadata update.
10-29 14:08:31.219  1454 19935 I FontsPackageChangeOp: Package com.amazon.appverification.wificontroller has no metadata
10-29 14:08:31.245  1454 19937 D Wear_Controller: Received broadcast action=android.intent.action.PACKAGE_ADDED and uri=com.amazon.appverification.wificontroller
10-29 14:08:31.257  2495  2495 I Finsky  : [1] com.google.android.finsky.utils.PermissionPolicies$PermissionPolicyService.onStartCommand(18): post-install permissions check for com.amazon.appverification.wificontroller
10-29 14:08:31.259  2495  2626 W WearSignatureVerifier: No package com.google.android.wearable.app.cn
10-29 14:08:31.266  2495  2495 I Finsky  : [1] com.google.android.finsky.externalreferrer.d.run(9): Package state data is missing for com.amazon.appverification.wificontroller
10-29 14:08:31.268  2495  2626 W WearSignatureVerifier: No package com.google.android.wearable.app.cn
10-29 14:08:31.268  2495  2626 W WearSignatureVerifier: No package com.google.android.wearable.app.cn
10-29 14:08:31.269  2495  2626 W WearSignatureVerifier: No package com.google.android.wearable.app.cn
10-29 14:08:31.270 19470 19817 E MShopAppstore.NotificationService: Unhandled notification type: Intent { act=android.intent.action.PACKAGE_ADDED dat=package:com.amazon.appverification.wificontroller flg=0x4000010 cmp=com.amazon.mShop.android/com.amazon.venezia.notification.NotificationService (has extras) }
10-29 14:08:31.274  1173  1173 I WearableService: Wearable Services not starting - Wear is not available on this device.
10-29 14:08:31.279  1173  1517 D WearableService: onGetService - Wear is not available on this device.
10-29 14:08:31.284  2495  2495 W WearSignatureVerifier: No package com.google.android.wearable.app.cn
10-29 14:08:31.285  2495  2495 E Finsky  : [1] com.google.android.finsky.wear.bl.a(3): onConnectionFailed: ConnectionResult{statusCode=API_UNAVAILABLE, resolution=null, message=null}
10-29 14:08:31.285  2495  2495 W Finsky  : [1] com.google.android.finsky.wear.aj.run(9): Dropping command=auto_install due to Gms not connected
10-29 14:08:31.291  2495  2495 W Finsky  : [1] com.google.android.finsky.wear.aj.run(9): Dropping command=send_installed_apps due to Gms not connected
10-29 14:08:32.028 19929 19929 D AndroidRuntime: >>>>>> START com.android.internal.os.RuntimeInit uid 2000 <<<<<<
10-29 14:08:32.034 19929 19929 D AndroidRuntime: CheckJNI is OFF
10-29 14:08:32.092 19929 19929 D ICU     : No timezone override file found: /data/misc/zoneinfo/current/icu/icu_tzdata.dat
10-29 14:08:32.160 19929 19929 I Radio-JNI: register_android_hardware_Radio DONE
10-29 14:08:32.200 19929 19929 D AndroidRuntime: Calling main entry com.android.commands.am.Am
10-29 14:08:32.203   608  2791 I ActivityManager: START u0 {flg=0x10000000 cmp=com.amazon.appverification.wificontroller/.activities.WifiActivity} from uid 2000 on display 0
10-29 14:08:32.224 19929 19929 D AndroidRuntime: Shutting down VM
10-29 14:08:32.225   608  2157 I ActivityManager: Start proc 19957:com.amazon.appverification.wificontroller/u0a1185 for activity com.amazon.appverification.wificontroller/.activities.WifiActivity
10-29 14:08:32.313 19957 19957 W System  : ClassLoader referenced unknown path: /data/app/com.amazon.appverification.wificontroller-1/lib/arm
10-29 14:08:32.445   608  2157 W InputMethodManagerService: Window already focused, ignoring focus gain of: com.android.internal.view.IInputMethodClient$Stub$Proxy@8836c4 attribute=null, token = android.os.BinderProxy@9e331be
10-29 14:08:32.465 19957 19957 E ActivityThread: Activity com.amazon.appverification.wificontroller.activities.WifiActivity has leaked IntentReceiver com.amazon.appverification.wificontroller.WifiPingReceiver@9a3d391 that was originally registered here. Are you missing a call to unregisterReceiver()?
10-29 14:08:32.465 19957 19957 E ActivityThread: android.app.IntentReceiverLeaked: Activity com.amazon.appverification.wificontroller.activities.WifiActivity has leaked IntentReceiver com.amazon.appverification.wificontroller.WifiPingReceiver@9a3d391 that was originally registered here. Are you missing a call to unregisterReceiver()?
10-29 14:08:32.465 19957 19957 E ActivityThread: 	at android.app.LoadedApk$ReceiverDispatcher.<init>(LoadedApk.java:918)
10-29 14:08:32.465 19957 19957 E ActivityThread: 	at android.app.LoadedApk.getReceiverDispatcher(LoadedApk.java:719)
10-29 14:08:32.465 19957 19957 E ActivityThread: 	at android.app.ContextImpl.registerReceiverInternal(ContextImpl.java:1172)
10-29 14:08:32.465 19957 19957 E ActivityThread: 	at android.app.ContextImpl.registerReceiver(ContextImpl.java:1152)
10-29 14:08:32.465 19957 19957 E ActivityThread: 	at android.app.ContextImpl.registerReceiver(ContextImpl.java:1146)
10-29 14:08:32.465 19957 19957 E ActivityThread: 	at android.content.ContextWrapper.registerReceiver(ContextWrapper.java:554)
10-29 14:08:32.465 19957 19957 E ActivityThread: 	at com.amazon.appverification.wificontroller.activities.WifiActivity.onCreate(WifiActivity.java:24)
10-29 14:08:32.465 19957 19957 E ActivityThread: 	at android.app.Activity.performCreate(Activity.java:6251)
10-29 14:08:32.465 19957 19957 E ActivityThread: 	at android.app.Instrumentation.callActivityOnCreate(Instrumentation.java:1107)
10-29 14:08:32.465 19957 19957 E ActivityThread: 	at android.app.ActivityThread.performLaunchActivity(ActivityThread.java:2369)
10-29 14:08:32.465 19957 19957 E ActivityThread: 	at android.app.ActivityThread.handleLaunchActivity(ActivityThread.java:2476)
10-29 14:08:32.465 19957 19957 E ActivityThread: 	at android.app.ActivityThread.-wrap11(ActivityThread.java)
10-29 14:08:32.465 19957 19957 E ActivityThread: 	at android.app.ActivityThread$H.handleMessage(ActivityThread.java:1344)
10-29 14:08:32.465 19957 19957 E ActivityThread: 	at android.os.Handler.dispatchMessage(Handler.java:102)
10-29 14:08:32.465 19957 19957 E ActivityThread: 	at android.os.Looper.loop(Looper.java:148)
10-29 14:08:32.465 19957 19957 E ActivityThread: 	at android.app.ActivityThread.main(ActivityThread.java:5417)
10-29 14:08:32.465 19957 19957 E ActivityThread: 	at java.lang.reflect.Method.invoke(Native Method)
10-29 14:08:32.465 19957 19957 E ActivityThread: 	at com.android.internal.os.ZygoteInit$MethodAndArgsCaller.run(ZygoteInit.java:726)
10-29 14:08:32.465 19957 19957 E ActivityThread: 	at com.android.internal.os.ZygoteInit.main(ZygoteInit.java:616)
10-29 14:08:32.465   608   617 I art     : Background partial concurrent mark sweep GC freed 17930(1145KB) AllocSpace objects, 0(0B) LOS objects, 33% free, 23MB/35MB, paused 2.075ms total 100.006ms
10-29 14:08:32.466 19957 19957 E ActivityThread: Activity com.amazon.appverification.wificontroller.activities.WifiActivity has leaked IntentReceiver com.amazon.appverification.wificontroller.WifiReceiver@f1939b8 that was originally registered here. Are you missing a call to unregisterReceiver()?
10-29 14:08:32.466 19957 19957 E ActivityThread: android.app.IntentReceiverLeaked: Activity com.amazon.appverification.wificontroller.activities.WifiActivity has leaked IntentReceiver com.amazon.appverification.wificontroller.WifiReceiver@f1939b8 that was originally registered here. Are you missing a call to unregisterReceiver()?
10-29 14:08:32.466 19957 19957 E ActivityThread: 	at android.app.LoadedApk$ReceiverDispatcher.<init>(LoadedApk.java:918)
10-29 14:08:32.466 19957 19957 E ActivityThread: 	at android.app.LoadedApk.getReceiverDispatcher(LoadedApk.java:719)
10-29 14:08:32.466 19957 19957 E ActivityThread: 	at android.app.ContextImpl.registerReceiverInternal(ContextImpl.java:1172)
10-29 14:08:32.466 19957 19957 E ActivityThread: 	at android.app.ContextImpl.registerReceiver(ContextImpl.java:1152)
10-29 14:08:32.466 19957 19957 E ActivityThread: 	at android.app.ContextImpl.registerReceiver(ContextImpl.java:1146)
10-29 14:08:32.466 19957 19957 E ActivityThread: 	at android.content.ContextWrapper.registerReceiver(ContextWrapper.java:554)
10-29 14:08:32.466 19957 19957 E ActivityThread: 	at com.amazon.appverification.wificontroller.activities.WifiActivity.onCreate(WifiActivity.java:21)
10-29 14:08:32.466 19957 19957 E ActivityThread: 	at android.app.Activity.performCreate(Activity.java:6251)
10-29 14:08:32.466 19957 19957 E ActivityThread: 	at android.app.Instrumentation.callActivityOnCreate(Instrumentation.java:1107)
10-29 14:08:32.466 19957 19957 E ActivityThread: 	at android.app.ActivityThread.performLaunchActivity(ActivityThread.java:2369)
10-29 14:08:32.466 19957 19957 E ActivityThread: 	at android.app.ActivityThread.handleLaunchActivity(ActivityThread.java:2476)
10-29 14:08:32.466 19957 19957 E ActivityThread: 	at android.app.ActivityThread.-wrap11(ActivityThread.java)
10-29 14:08:32.466 19957 19957 E ActivityThread: 	at android.app.ActivityThread$H.handleMessage(ActivityThread.java:1344)
10-29 14:08:32.466 19957 19957 E ActivityThread: 	at android.os.Handler.dispatchMessage(Handler.java:102)
10-29 14:08:32.466 19957 19957 E ActivityThread: 	at android.os.Looper.loop(Looper.java:148)
10-29 14:08:32.466 19957 19957 E ActivityThread: 	at android.app.ActivityThread.main(ActivityThread.java:5417)
10-29 14:08:32.466 19957 19957 E ActivityThread: 	at java.lang.reflect.Method.invoke(Native Method)
10-29 14:08:32.466 19957 19957 E ActivityThread: 	at com.android.internal.os.ZygoteInit$MethodAndArgsCaller.run(ZygoteInit.java:726)
10-29 14:08:32.466 19957 19957 E ActivityThread: 	at com.android.internal.os.ZygoteInit.main(ZygoteInit.java:616)
10-29 14:08:32.974  1077  1255 W OpenGLRenderer: Incorrectly called buildLayer on View: ShortcutAndWidgetContainer, destroying layer...
10-29 14:08:32.974  1077  1255 W OpenGLRenderer: Incorrectly called buildLayer on View: ShortcutAndWidgetContainer, destroying layer...
10-29 14:08:34.458   608  1211 D NetlinkSocketObserver: NeighborEvent{elapsedMs=4077200, 192.168.192.1, [00000C07AC01], RTM_NEWNEIGH, NUD_PROBE}
10-29 14:08:36.320  1173  1173 I WearableService: Wearable Services stopping
10-29 14:08:40.147   608   621 I ActivityManager: Waited long enough for: ServiceRecord{1e48276 u0 com.amazon.mShop.android/com.amazon.venezia.notification.NotificationService}
10-29 14:08:40.175   608   621 I ActivityManager: Waited long enough for: ServiceRecord{1201b50 u0 com.amazon.venezia/.notification.NotificationService}
10-29 14:08:45.807   608  1211 D NetlinkSocketObserver: NeighborEvent{elapsedMs=4088549, 192.168.192.1, [00000C07AC01], RTM_NEWNEIGH, NUD_STALE}
10-29 14:08:46.455  1173  1517 E Auth    : [GoogleAccountDataServiceImpl] getToken() -> BAD_AUTHENTICATION. Account: <ELLIDED:-1050400687>, App: com.android.vending, Service: androidmarket
10-29 14:08:46.455  1173  1517 E Auth    : ech: Long live credential not available.
10-29 14:08:46.455  1173  1517 E Auth    : 	at eci.b(:com.google.android.gms:0)
10-29 14:08:46.455  1173  1517 E Auth    : 	at eci.a(:com.google.android.gms:16)
10-29 14:08:46.455  1173  1517 E Auth    : 	at eav.a(:com.google.android.gms:61)
10-29 14:08:46.455  1173  1517 E Auth    : 	at fjb.a(:com.google.android.gms:7)
10-29 14:08:46.455  1173  1517 E Auth    : 	at fjb.a(:com.google.android.gms:3)
10-29 14:08:46.455  1173  1517 E Auth    : 	at fic.a(:com.google.android.gms:1)
10-29 14:08:46.455  1173  1517 E Auth    : 	at fia.a(:com.google.android.gms:16)
10-29 14:08:46.455  1173  1517 E Auth    : 	at fia.a(:com.google.android.gms:5)
10-29 14:08:46.455  1173  1517 E Auth    : 	at bsc.a(:com.google.android.gms:188)
10-29 14:08:46.455  1173  1517 E Auth    : 	at bsc.a(:com.google.android.gms:63)
10-29 14:08:46.455  1173  1517 E Auth    : 	at dxu.a(:com.google.android.gms:5)
10-29 14:08:46.455  1173  1517 E Auth    : 	at dxt.a(:com.google.android.gms:1)
10-29 14:08:46.455  1173  1517 E Auth    : 	at dxt.e(:com.google.android.gms:5)
10-29 14:08:46.455  1173  1517 E Auth    : 	at dxs.a(:com.google.android.gms:0)
10-29 14:08:46.455  1173  1517 E Auth    : 	at dzh.getAuthToken(:com.google.android.gms:6)
10-29 14:08:46.455  1173  1517 E Auth    : 	at android.accounts.AbstractAccountAuthenticator$Transport.getAuthToken(AbstractAccountAuthenticator.java:214)
10-29 14:08:46.455  1173  1517 E Auth    : 	at android.accounts.IAccountAuthenticator$Stub.onTransact(IAccountAuthenticator.java:113)
10-29 14:08:46.455  1173  1517 E Auth    : 	at android.os.Binder.transact(Binder.java:387)
10-29 14:08:46.455  1173  1517 E Auth    : 	at bui.onTransact(:com.google.android.gms:2)
10-29 14:08:46.455  1173  1517 E Auth    : 	at android.os.Binder.execTransact(Binder.java:453)
10-29 14:08:46.455  1173  1517 W Auth    : [GetToken] GetToken failed with status code: BadAuthentication
10-29 14:08:46.469  1173  1517 W Auth    : [GoogleAuthUtil] GoogleAuthUtil
10-29 14:08:46.470  1173  1517 W GLSActivity: dyf: BadAuthentication
10-29 14:08:46.470  1173  1517 W GLSActivity: 	at dxu.a(:com.google.android.gms:12)
10-29 14:08:46.470  1173  1517 W GLSActivity: 	at dxt.a(:com.google.android.gms:1)
10-29 14:08:46.470  1173  1517 W GLSActivity: 	at dxt.e(:com.google.android.gms:5)
10-29 14:08:46.470  1173  1517 W GLSActivity: 	at dxs.a(:com.google.android.gms:0)
10-29 14:08:46.470  1173  1517 W GLSActivity: 	at dzh.getAuthToken(:com.google.android.gms:6)
10-29 14:08:46.470  1173  1517 W GLSActivity: 	at android.accounts.AbstractAccountAuthenticator$Transport.getAuthToken(AbstractAccountAuthenticator.java:214)
10-29 14:08:46.470  1173  1517 W GLSActivity: 	at android.accounts.IAccountAuthenticator$Stub.onTransact(IAccountAuthenticator.java:113)
10-29 14:08:46.470  1173  1517 W GLSActivity: 	at android.os.Binder.transact(Binder.java:387)
10-29 14:08:46.470  1173  1517 W GLSActivity: 	at bui.onTransact(:com.google.android.gms:2)
10-29 14:08:46.470  1173  1517 W GLSActivity: 	at android.os.Binder.execTransact(Binder.java:453)
10-29 14:08:46.478  2495  2495 I Finsky  : [1] com.google.android.finsky.k.c.a(22): Completed 1 account content syncs with 0 successful.
10-29 14:08:46.480  2495  2495 I Finsky  : [1] com.google.android.finsky.services.e.a(22): Installation state replication failed.
10-29 14:08:46.480  2495  2495 I Finsky  : [1] com.google.android.finsky.services.e.a(27): Scheduling replication attempt 1.
10-29 14:08:47.331  8438  8438 E         : invalid crash request of size 4 (from pid=19351 uid=0)
10-29 14:08:47.549   608   644 W qcom_sensors_hal: hal_sensor1_data_cb: SENSOR1_MSG_TYPE_BROKEN_PIPE
10-29 14:08:47.608 20018 20018 E Diag_Lib:  Diag_LSM_Init: Failed to open handle to diag driver, error = 2
10-29 14:08:47.609 20018 20018 E Sensors : sns_fsa_la.c(386):fsa: fflush failed, 9
10-29 14:08:47.609 20018 20018 E Sensors : sns_fsa_la.c(386):fsa: fflush failed, 9
10-29 14:08:47.639 20018 20020 W Sensors : sns_smr_la.c(446):smr_la: smr_apps_la_thread_main is starting, fd=11, sns_smr.en_rx_msg_ptr=b6fc3a08
10-29 14:08:47.659 20018 20022 W Sensors : sns_sam_app.c(6827):sns_sam_reg_algo: Registering algo service 16, err 0
10-29 14:08:47.667 20018 20024 E Sensors : sns_debug_main.c(565):Debug Config File missing in EFS!
10-29 14:08:51.688 20036 20036 D AndroidRuntime: >>>>>> START com.android.internal.os.RuntimeInit uid 2000 <<<<<<
10-29 14:08:51.694 20036 20036 D AndroidRuntime: CheckJNI is OFF
10-29 14:08:51.701 20036 20036 I art     : RelocateImage: /system/bin/patchoat --input-image-location=/system/framework/boot.art --output-image-file=/data/local/tmp/dalvik-cache/arm/system@framework@boot.art --input-oat-location=/system/framework/boot.oat --output-oat-file=/data/local/tmp/dalvik-cache/arm/system@framework@boot.oat --instruction-set=arm --base-offset-delta=-1695744
10-29 14:08:58.784 20036 20036 D ICU     : No timezone override file found: /data/local/tmp/misc/zoneinfo/current/icu/icu_tzdata.dat
10-29 14:08:58.844 20042 20042 I dex2oat : /system/bin/dex2oat --dex-file=/system/framework/android.test.runner.jar --oat-file=/data/local/tmp/dalvik-cache/arm/system@framework@android.test.runner.jar@classes.dex
10-29 14:08:59.192 20042 20042 I dex2oat : dex2oat took 349.151ms (threads: 4) arena alloc=374KB java alloc=319KB native alloc=1977KB free=2MB
10-29 14:08:59.246 20055 20055 I dex2oat : /system/bin/dex2oat --dex-file=/system/framework/uiautomator.jar --oat-file=/data/local/tmp/dalvik-cache/arm/system@framework@uiautomator.jar@classes.dex
10-29 14:08:59.451 20055 20055 I dex2oat : dex2oat took 206.054ms (threads: 4) arena alloc=1038KB java alloc=312KB native alloc=2MB free=2MB
10-29 14:08:59.460 20036 20036 W System  : ClassLoader referenced unknown path: 
10-29 14:08:59.514 20060 20060 I dex2oat : /system/bin/dex2oat --dex-file=/data/local/tmp/AVSUiAutomatorAppExplorer.jar --oat-file=/data/local/tmp/dalvik-cache/arm/data@local@tmp@AVSUiAutomatorAppExplorer.jar@classes.dex
10-29 14:08:59.567   190   596 E NetlinkEvent: NetlinkEvent::FindParam(): Parameter 'UID' not found
10-29 14:09:00.290 20060 20060 I dex2oat : dex2oat took 777.008ms (threads: 4) arena alloc=2MB java alloc=601KB native alloc=5MB free=2MB
10-29 14:09:00.349 20036 20036 I Radio-JNI: register_android_hardware_Radio DONE
10-29 14:09:00.381 20036 20036 D AndroidRuntime: Calling main entry com.android.commands.uiautomator.Launcher
10-29 14:09:00.451 20036 20036 D MAS.AVS : Initializing R9ActivityThread
10-29 14:09:00.459 20080 20080 E asset   : setgid: Operation not permitted
10-29 14:09:01.479  2784  2784 W Binder_F: type=1400 audit(0.0:784): avc: denied { ioctl } for path="pipe:[188231]" dev="pipefs" ino=188231 ioctlcmd=7704 scontext=u:r:system_server:s0 tcontext=u:r:shell:s0 tclass=fifo_file permissive=0
10-29 14:09:01.479  2784  2784 W Binder_F: type=1400 audit(0.0:785): avc: denied { ioctl } for path="pipe:[188231]" dev="pipefs" ino=188231 ioctlcmd=7704 scontext=u:r:system_server:s0 tcontext=u:r:shell:s0 tclass=fifo_file permissive=0
10-29 14:09:01.479  2784  2784 W Binder_F: type=1400 audit(0.0:786): avc: denied { ioctl } for path="pipe:[188231]" dev="pipefs" ino=188231 ioctlcmd=7704 scontext=u:r:system_server:s0 tcontext=u:r:shell:s0 tclass=fifo_file permissive=0
10-29 14:09:01.504   978   978 W LstmExtension: no lmDescriptor could be found for en_US/20170411
10-29 14:09:01.505   978   978 W LstmExtension: no lmDescriptor could be found for en_US/20170411
10-29 14:09:01.505   978   978 I Conv2QueryExtension: isEnabled() : true
10-29 14:09:01.499  2784  2784 W Binder_F: type=1400 audit(0.0:787): avc: denied { ioctl } for path="pipe:[188231]" dev="pipefs" ino=188231 ioctlcmd=7704 scontext=u:r:system_server:s0 tcontext=u:r:shell:s0 tclass=fifo_file permissive=0
