10-29 13:59:52.543  2539  2539 W Binder_C: type=1400 audit(0.0:719): avc: denied { ioctl } for path="pipe:[174514]" dev="pipefs" ino=174514 ioctlcmd=7704 scontext=u:r:system_server:s0 tcontext=u:r:shell:s0 tclass=fifo_file permissive=0
10-29 13:59:56.747  2191  2191 W Binder_A: type=1400 audit(0.0:720): avc: denied { ioctl } for path="pipe:[173948]" dev="pipefs" ino=173948 ioctlcmd=7704 scontext=u:r:system_server:s0 tcontext=u:r:shell:s0 tclass=fifo_file permissive=0
10-29 13:59:56.757  2191  2191 W Binder_A: type=1400 audit(0.0:721): avc: denied { ioctl } for path="pipe:[173948]" dev="pipefs" ino=173948 ioctlcmd=7704 scontext=u:r:system_server:s0 tcontext=u:r:shell:s0 tclass=fifo_file permissive=0
10-29 13:59:56.757  2191  2191 W Binder_A: type=1400 audit(0.0:722): avc: denied { ioctl } for path="pipe:[173948]" dev="pipefs" ino=173948 ioctlcmd=7704 scontext=u:r:system_server:s0 tcontext=u:r:shell:s0 tclass=fifo_file permissive=0
10-29 13:59:56.776   978   978 W LstmExtension: no lmDescriptor could be found for en_US/20170411
10-29 13:59:56.776   978   978 W LstmExtension: no lmDescriptor could be found for en_US/20170411
10-29 13:59:56.777   978   978 I Conv2QueryExtension: isEnabled() : true
10-29 13:59:56.767  2191  2191 W Binder_A: type=1400 audit(0.0:723): avc: denied { ioctl } for path="pipe:[173948]" dev="pipefs" ino=173948 ioctlcmd=7704 scontext=u:r:system_server:s0 tcontext=u:r:shell:s0 tclass=fifo_file permissive=0
10-29 13:59:57.538  2157  2157 W Binder_9: type=1400 audit(0.0:724): avc: denied { ioctl } for path="pipe:[177191]" dev="pipefs" ino=177191 ioctlcmd=7704 scontext=u:r:system_server:s0 tcontext=u:r:shell:s0 tclass=fifo_file permissive=0
10-29 13:59:57.562   978   978 W LstmExtension: no lmDescriptor could be found for en_US/20170411
10-29 13:59:57.567   978   978 W LstmExtension: no lmDescriptor could be found for en_US/20170411
10-29 13:59:57.538  2157  2157 W Binder_9: type=1400 audit(0.0:725): avc: denied { ioctl } for path="pipe:[177191]" dev="pipefs" ino=177191 ioctlcmd=7704 scontext=u:r:system_server:s0 tcontext=u:r:shell:s0 tclass=fifo_file permissive=0
10-29 13:59:57.538  2157  2157 W Binder_9: type=1400 audit(0.0:726): avc: denied { ioctl } for path="pipe:[177191]" dev="pipefs" ino=177191 ioctlcmd=7704 scontext=u:r:system_server:s0 tcontext=u:r:shell:s0 tclass=fifo_file permissive=0
10-29 13:59:57.581   978   978 I Conv2QueryExtension: isEnabled() : true
10-29 13:59:57.568  2157  2157 W Binder_9: type=1400 audit(0.0:727): avc: denied { ioctl } for path="pipe:[177191]" dev="pipefs" ino=177191 ioctlcmd=7704 scontext=u:r:system_server:s0 tcontext=u:r:shell:s0 tclass=fifo_file permissive=0
10-29 13:59:58.267   608  1211 D NetlinkSocketObserver: NeighborEvent{elapsedMs=3561010, 192.168.192.1, [00000C07AC01], RTM_NEWNEIGH, NUD_STALE}
10-29 14:00:01.712  2783  2783 W Binder_E: type=1400 audit(0.0:728): avc: denied { ioctl } for path="pipe:[177435]" dev="pipefs" ino=177435 ioctlcmd=7704 scontext=u:r:system_server:s0 tcontext=u:r:shell:s0 tclass=fifo_file permissive=0
10-29 14:00:01.712  2783  2783 W Binder_E: type=1400 audit(0.0:729): avc: denied { ioctl } for path="pipe:[177435]" dev="pipefs" ino=177435 ioctlcmd=7704 scontext=u:r:system_server:s0 tcontext=u:r:shell:s0 tclass=fifo_file permissive=0
10-29 14:00:01.712  2783  2783 W Binder_E: type=1400 audit(0.0:730): avc: denied { ioctl } for path="pipe:[177435]" dev="pipefs" ino=177435 ioctlcmd=7704 scontext=u:r:system_server:s0 tcontext=u:r:shell:s0 tclass=fifo_file permissive=0
10-29 14:00:01.749   978   978 W LstmExtension: no lmDescriptor could be found for en_US/20170411
10-29 14:00:01.750   978   978 W LstmExtension: no lmDescriptor could be found for en_US/20170411
10-29 14:00:01.751   978   978 I Conv2QueryExtension: isEnabled() : true
10-29 14:00:01.742  2783  2783 W Binder_E: type=1400 audit(0.0:731): avc: denied { ioctl } for path="pipe:[177435]" dev="pipefs" ino=177435 ioctlcmd=7704 scontext=u:r:system_server:s0 tcontext=u:r:shell:s0 tclass=fifo_file permissive=0
10-29 14:00:02.087   190   596 E NetlinkEvent: NetlinkEvent::FindParam(): Parameter 'UID' not found
10-29 14:00:02.503  2783  2783 W Binder_E: type=1400 audit(0.0:732): avc: denied { ioctl } for path="pipe:[177597]" dev="pipefs" ino=177597 ioctlcmd=7704 scontext=u:r:system_server:s0 tcontext=u:r:shell:s0 tclass=fifo_file permissive=0
10-29 14:00:02.503  2783  2783 W Binder_E: type=1400 audit(0.0:733): avc: denied { ioctl } for path="pipe:[177597]" dev="pipefs" ino=177597 ioctlcmd=7704 scontext=u:r:system_server:s0 tcontext=u:r:shell:s0 tclass=fifo_file permissive=0
10-29 14:00:02.503  2783  2783 W Binder_E: type=1400 audit(0.0:734): avc: denied { ioctl } for path="pipe:[177597]" dev="pipefs" ino=177597 ioctlcmd=7704 scontext=u:r:system_server:s0 tcontext=u:r:shell:s0 tclass=fifo_file permissive=0
10-29 14:00:02.523   978   978 W LstmExtension: no lmDescriptor could be found for en_US/20170411
10-29 14:00:02.523   978   978 W LstmExtension: no lmDescriptor could be found for en_US/20170411
10-29 14:00:02.524   978   978 I Conv2QueryExtension: isEnabled() : true
10-29 14:00:02.523  2783  2783 W Binder_E: type=1400 audit(0.0:735): avc: denied { ioctl } for path="pipe:[177597]" dev="pipefs" ino=177597 ioctlcmd=7704 scontext=u:r:system_server:s0 tcontext=u:r:shell:s0 tclass=fifo_file permissive=0
10-29 14:00:03.063  1173 17006 E Auth    : [GoogleAccountDataServiceImpl] getToken() -> BAD_AUTHENTICATION. Account: <ELLIDED:-1050400687>, App: com.google.android.gms, Service: oauth2:https://www.googleapis.com/auth/contextcontroller
10-29 14:00:03.063  1173 17006 E Auth    : ech: Long live credential not available.
10-29 14:00:03.063  1173 17006 E Auth    : 	at eci.b(:com.google.android.gms:0)
10-29 14:00:03.063  1173 17006 E Auth    : 	at eci.a(:com.google.android.gms:16)
10-29 14:00:03.063  1173 17006 E Auth    : 	at eav.a(:com.google.android.gms:61)
10-29 14:00:03.063  1173 17006 E Auth    : 	at fjb.a(:com.google.android.gms:7)
10-29 14:00:03.063  1173 17006 E Auth    : 	at fjb.a(:com.google.android.gms:3)
10-29 14:00:03.063  1173 17006 E Auth    : 	at fic.a(:com.google.android.gms:1)
10-29 14:00:03.063  1173 17006 E Auth    : 	at fia.a(:com.google.android.gms:16)
10-29 14:00:03.063  1173 17006 E Auth    : 	at fia.a(:com.google.android.gms:5)
10-29 14:00:03.063  1173 17006 E Auth    : 	at bsc.a(:com.google.android.gms:188)
10-29 14:00:03.063  1173 17006 E Auth    : 	at bsc.a(:com.google.android.gms:63)
10-29 14:00:03.063  1173 17006 E Auth    : 	at dxu.a(:com.google.android.gms:5)
10-29 14:00:03.063  1173 17006 E Auth    : 	at dxt.a(:com.google.android.gms:1)
10-29 14:00:03.063  1173 17006 E Auth    : 	at dxt.e(:com.google.android.gms:5)
10-29 14:00:03.063  1173 17006 E Auth    : 	at dxt.d(:com.google.android.gms:0)
10-29 14:00:03.063  1173 17006 E Auth    : 	at dxr.b(:com.google.android.gms:0)
10-29 14:00:03.063  1173 17006 E Auth    : 	at mbe.a(:com.google.android.gms:0)
10-29 14:00:03.063  1173 17006 E Auth    : 	at lzv.a(:com.google.android.gms:2)
10-29 14:00:03.063  1173 17006 E Auth    : 	at cij.a(:com.google.android.gms:58)
10-29 14:00:03.063  1173 17006 E Auth    : 	at cdn.run(:com.google.android.gms:1)
10-29 14:00:03.063  1173 17006 E Auth    : 	at cdl.handleMessage(:com.google.android.gms:2)
10-29 14:00:03.063  1173 17006 E Auth    : 	at mfu.run(:com.google.android.gms:5)
10-29 14:00:03.063  1173 17006 E Auth    : 	at mge.run(:com.google.android.gms:24)
10-29 14:00:03.063  1173 17006 E Auth    : 	at java.util.concurrent.ThreadPoolExecutor.runWorker(ThreadPoolExecutor.java:1113)
10-29 14:00:03.063  1173 17006 E Auth    : 	at java.util.concurrent.ThreadPoolExecutor$Worker.run(ThreadPoolExecutor.java:588)
10-29 14:00:03.063  1173 17006 E Auth    : 	at mlf.run(:com.google.android.gms:0)
10-29 14:00:03.063  1173 17006 E Auth    : 	at java.lang.Thread.run(Thread.java:818)
10-29 14:00:03.064  1173 17006 W Auth    : [GetToken] GetToken failed with status code: BadAuthentication
10-29 14:00:03.104  1173 17006 W Auth    : [GoogleAuthUtil] GoogleAuthUtil
10-29 14:00:03.105  1173 17006 W AuthSessionAuthenticato: Auth related exception is being ignored: BadAuthentication
10-29 14:00:03.119  1173 17006 E ctxmgr  : [BaseServerTask]Server task (FetchAclSet) got error statusCode=-1.
10-29 14:00:03.119  1173 17006 E ctxmgr  : com.android.volley.VolleyError: Unable to obtain auth token - is the device online?
10-29 14:00:03.119  1173 17006 E ctxmgr  : 	at cij.a(:com.google.android.gms:66)
10-29 14:00:03.119  1173 17006 E ctxmgr  : 	at cdn.run(:com.google.android.gms:1)
10-29 14:00:03.119  1173 17006 E ctxmgr  : 	at cdl.handleMessage(:com.google.android.gms:2)
10-29 14:00:03.119  1173 17006 E ctxmgr  : 	at mfu.run(:com.google.android.gms:5)
10-29 14:00:03.119  1173 17006 E ctxmgr  : 	at mge.run(:com.google.android.gms:24)
10-29 14:00:03.119  1173 17006 E ctxmgr  : 	at java.util.concurrent.ThreadPoolExecutor.runWorker(ThreadPoolExecutor.java:1113)
10-29 14:00:03.119  1173 17006 E ctxmgr  : 	at java.util.concurrent.ThreadPoolExecutor$Worker.run(ThreadPoolExecutor.java:588)
10-29 14:00:03.119  1173 17006 E ctxmgr  : 	at mlf.run(:com.google.android.gms:0)
10-29 14:00:03.119  1173 17006 E ctxmgr  : 	at java.lang.Thread.run(Thread.java:818)
10-29 14:00:03.124  1173 17006 E ctxmgr  : [AccountAclCallback]Failed Acl fetch: network status=-1
10-29 14:00:03.140  1454 12922 W Herrevad: [691] tgq.b: Invalid mccmnc 
10-29 14:00:03.142  1454 12922 W Herrevad: [691] tgq.b: Invalid mccmnc 
10-29 14:00:04.044 15833 15833 I chatty  : uid=2000(shell) expire 331 lines
10-29 14:00:05.277   194   638 D AudioFlinger: mixer(0xb3e00000) throttle end: throttle time(4)
10-29 14:00:06.667  2191  2191 W Binder_A: type=1400 audit(0.0:736): avc: denied { ioctl } for path="pipe:[177776]" dev="pipefs" ino=177776 ioctlcmd=7704 scontext=u:r:system_server:s0 tcontext=u:r:shell:s0 tclass=fifo_file permissive=0
10-29 14:00:06.687   978   978 W LstmExtension: no lmDescriptor could be found for en_US/20170411
10-29 14:00:06.687   978   978 W LstmExtension: no lmDescriptor could be found for en_US/20170411
10-29 14:00:06.688   978   978 I Conv2QueryExtension: isEnabled() : true
10-29 14:00:06.667  2191  2191 W Binder_A: type=1400 audit(0.0:737): avc: denied { ioctl } for path="pipe:[177776]" dev="pipefs" ino=177776 ioctlcmd=7704 scontext=u:r:system_server:s0 tcontext=u:r:shell:s0 tclass=fifo_file permissive=0
10-29 14:00:06.667  2191  2191 W Binder_A: type=1400 audit(0.0:738): avc: denied { ioctl } for path="pipe:[177776]" dev="pipefs" ino=177776 ioctlcmd=7704 scontext=u:r:system_server:s0 tcontext=u:r:shell:s0 tclass=fifo_file permissive=0
10-29 14:00:06.677  2191  2191 W Binder_A: type=1400 audit(0.0:739): avc: denied { ioctl } for path="pipe:[177776]" dev="pipefs" ino=177776 ioctlcmd=7704 scontext=u:r:system_server:s0 tcontext=u:r:shell:s0 tclass=fifo_file permissive=0
10-29 14:00:07.468  1243  1243 W Binder_7: type=1400 audit(0.0:740): avc: denied { ioctl } for path="pipe:[177023]" dev="pipefs" ino=177023 ioctlcmd=7704 scontext=u:r:system_server:s0 tcontext=u:r:shell:s0 tclass=fifo_file permissive=0
10-29 14:00:07.468  1243  1243 W Binder_7: type=1400 audit(0.0:741): avc: denied { ioctl } for path="pipe:[177023]" dev="pipefs" ino=177023 ioctlcmd=7704 scontext=u:r:system_server:s0 tcontext=u:r:shell:s0 tclass=fifo_file permissive=0
10-29 14:00:07.493   978   978 W LstmExtension: no lmDescriptor could be found for en_US/20170411
10-29 14:00:07.494   978   978 W LstmExtension: no lmDescriptor could be found for en_US/20170411
10-29 14:00:07.494   978   978 I Conv2QueryExtension: isEnabled() : true
10-29 14:00:07.468  1243  1243 W Binder_7: type=1400 audit(0.0:742): avc: denied { ioctl } for path="pipe:[177023]" dev="pipefs" ino=177023 ioctlcmd=7704 scontext=u:r:system_server:s0 tcontext=u:r:shell:s0 tclass=fifo_file permissive=0
10-29 14:00:07.478  1243  1243 W Binder_7: type=1400 audit(0.0:743): avc: denied { ioctl } for path="pipe:[177023]" dev="pipefs" ino=177023 ioctlcmd=7704 scontext=u:r:system_server:s0 tcontext=u:r:shell:s0 tclass=fifo_file permissive=0
10-29 14:00:07.732 16001 16001 I Ads     : Ad is not visible. Not refreshing ad.
10-29 14:00:07.732 16001 16001 I Ads     : Scheduling ad refresh 60000 milliseconds from now.
10-29 14:00:09.142   194   637 D audio_hw_primary: out_set_parameters: enter: usecase(1: low-latency-playback) kvpairs: routing=2
10-29 14:00:09.153   194   637 D audio_hw_primary: select_devices: out_snd_device(2: speaker) in_snd_device(0: none)
10-29 14:00:09.153   194   637 D ACDB-LOADER: ACDB -> send_afe_cal
10-29 14:00:09.153   194   637 D audio_hw_primary: enable_audio_route: apply and update mixer path: low-latency-playback
10-29 14:00:11.672   619   619 W Binder_2: type=1400 audit(0.0:744): avc: denied { ioctl } for path="pipe:[178253]" dev="pipefs" ino=178253 ioctlcmd=7704 scontext=u:r:system_server:s0 tcontext=u:r:shell:s0 tclass=fifo_file permissive=0
10-29 14:00:11.672   619   619 W Binder_2: type=1400 audit(0.0:745): avc: denied { ioctl } for path="pipe:[178253]" dev="pipefs" ino=178253 ioctlcmd=7704 scontext=u:r:system_server:s0 tcontext=u:r:shell:s0 tclass=fifo_file permissive=0
10-29 14:00:11.672   619   619 W Binder_2: type=1400 audit(0.0:746): avc: denied { ioctl } for path="pipe:[178253]" dev="pipefs" ino=178253 ioctlcmd=7704 scontext=u:r:system_server:s0 tcontext=u:r:shell:s0 tclass=fifo_file permissive=0
10-29 14:00:11.689   978   978 W LstmExtension: no lmDescriptor could be found for en_US/20170411
10-29 14:00:11.690   978   978 W LstmExtension: no lmDescriptor could be found for en_US/20170411
10-29 14:00:11.691   978   978 I Conv2QueryExtension: isEnabled() : true
10-29 14:00:11.682   619   619 W Binder_2: type=1400 audit(0.0:747): avc: denied { ioctl } for path="pipe:[178253]" dev="pipefs" ino=178253 ioctlcmd=7704 scontext=u:r:system_server:s0 tcontext=u:r:shell:s0 tclass=fifo_file permissive=0
10-29 14:00:12.393  2783  2783 W Binder_E: type=1400 audit(0.0:748): avc: denied { ioctl } for path="pipe:[180241]" dev="pipefs" ino=180241 ioctlcmd=7704 scontext=u:r:system_server:s0 tcontext=u:r:shell:s0 tclass=fifo_file permissive=0
10-29 14:00:12.393  2783  2783 W Binder_E: type=1400 audit(0.0:749): avc: denied { ioctl } for path="pipe:[180241]" dev="pipefs" ino=180241 ioctlcmd=7704 scontext=u:r:system_server:s0 tcontext=u:r:shell:s0 tclass=fifo_file permissive=0
10-29 14:00:12.393  2783  2783 W Binder_E: type=1400 audit(0.0:750): avc: denied { ioctl } for path="pipe:[180241]" dev="pipefs" ino=180241 ioctlcmd=7704 scontext=u:r:system_server:s0 tcontext=u:r:shell:s0 tclass=fifo_file permissive=0
10-29 14:00:12.412   978   978 W LstmExtension: no lmDescriptor could be found for en_US/20170411
10-29 14:00:12.413   978   978 W LstmExtension: no lmDescriptor could be found for en_US/20170411
10-29 14:00:12.414   978   978 I Conv2QueryExtension: isEnabled() : true
10-29 14:00:12.403  2783  2783 W Binder_E: type=1400 audit(0.0:751): avc: denied { ioctl } for path="pipe:[180241]" dev="pipefs" ino=180241 ioctlcmd=7704 scontext=u:r:system_server:s0 tcontext=u:r:shell:s0 tclass=fifo_file permissive=0
10-29 14:00:14.049 16001 16025 W AudioTrack: AUDIO_OUTPUT_FLAG_FAST denied by client; transfer 4, track 22050 Hz, output 48000 Hz
10-29 14:00:15.613   190   596 E NetlinkEvent: NetlinkEvent::FindParam(): Parameter 'UID' not found
10-29 14:00:15.906   194 16664 I NuPlayerDecoder: [audio] saw output EOS
10-29 14:00:15.964 16001 16025 W AudioTrack: AUDIO_OUTPUT_FLAG_FAST denied by client; transfer 4, track 22050 Hz, output 48000 Hz
10-29 14:00:16.032 15833 15833 I chatty  : uid=2000(shell) expire 334 lines
10-29 14:00:16.466   194 16660 D NuPlayerDriver: notifyListener_l(0xb5fd7f20), (2, 0, 0)
10-29 14:00:16.547  1243  1243 W Binder_7: type=1400 audit(0.0:752): avc: denied { ioctl } for path="pipe:[181505]" dev="pipefs" ino=181505 ioctlcmd=7704 scontext=u:r:system_server:s0 tcontext=u:r:shell:s0 tclass=fifo_file permissive=0
10-29 14:00:16.557  1243  1243 W Binder_7: type=1400 audit(0.0:753): avc: denied { ioctl } for path="pipe:[181505]" dev="pipefs" ino=181505 ioctlcmd=7704 scontext=u:r:system_server:s0 tcontext=u:r:shell:s0 tclass=fifo_file permissive=0
10-29 14:00:16.557  1243  1243 W Binder_7: type=1400 audit(0.0:754): avc: denied { ioctl } for path="pipe:[181505]" dev="pipefs" ino=181505 ioctlcmd=7704 scontext=u:r:system_server:s0 tcontext=u:r:shell:s0 tclass=fifo_file permissive=0
10-29 14:00:16.566   978   978 W LstmExtension: no lmDescriptor could be found for en_US/20170411
10-29 14:00:16.567   978   978 W LstmExtension: no lmDescriptor could be found for en_US/20170411
10-29 14:00:16.568   978   978 I Conv2QueryExtension: isEnabled() : true
10-29 14:00:16.567  1243  1243 W Binder_7: type=1400 audit(0.0:755): avc: denied { ioctl } for path="pipe:[181505]" dev="pipefs" ino=181505 ioctlcmd=7704 scontext=u:r:system_server:s0 tcontext=u:r:shell:s0 tclass=fifo_file permissive=0
10-29 14:00:16.783   194   637 D audio_hw_primary: out_set_parameters: enter: usecase(1: low-latency-playback) kvpairs: routing=2
10-29 14:00:16.788   194   638 D audio_hw_primary: out_set_parameters: enter: usecase(0: deep-buffer-playback) kvpairs: routing=2
10-29 14:00:16.795   194 16660 D NuPlayerDriver: notifyListener_l(0xb5fd7f20), (6, 0, 0)
10-29 14:00:17.317  2191  2191 W Binder_A: type=1400 audit(0.0:756): avc: denied { ioctl } for path="pipe:[179639]" dev="pipefs" ino=179639 ioctlcmd=7704 scontext=u:r:system_server:s0 tcontext=u:r:shell:s0 tclass=fifo_file permissive=0
10-29 14:00:17.317  2191  2191 W Binder_A: type=1400 audit(0.0:757): avc: denied { ioctl } for path="pipe:[179639]" dev="pipefs" ino=179639 ioctlcmd=7704 scontext=u:r:system_server:s0 tcontext=u:r:shell:s0 tclass=fifo_file permissive=0
10-29 14:00:17.317  2191  2191 W Binder_A: type=1400 audit(0.0:758): avc: denied { ioctl } for path="pipe:[179639]" dev="pipefs" ino=179639 ioctlcmd=7704 scontext=u:r:system_server:s0 tcontext=u:r:shell:s0 tclass=fifo_file permissive=0
10-29 14:00:17.345   978   978 W LstmExtension: no lmDescriptor could be found for en_US/20170411
10-29 14:00:17.337  2191  2191 W Binder_A: type=1400 audit(0.0:759): avc: denied { ioctl } for path="pipe:[179639]" dev="pipefs" ino=179639 ioctlcmd=7704 scontext=u:r:system_server:s0 tcontext=u:r:shell:s0 tclass=fifo_file permissive=0
10-29 14:00:17.345   978   978 W LstmExtension: no lmDescriptor could be found for en_US/20170411
10-29 14:00:17.346   978   978 I Conv2QueryExtension: isEnabled() : true
10-29 14:00:18.708 16001 16025 W AudioTrack: AUDIO_OUTPUT_FLAG_FAST denied by client; transfer 4, track 22050 Hz, output 48000 Hz
10-29 14:00:20.657   608  1211 D NetlinkSocketObserver: NeighborEvent{elapsedMs=3583400, 192.168.192.1, [00000C07AC01], RTM_NEWNEIGH, NUD_PROBE}
10-29 14:00:21.163 16001 16025 W AudioTrack: AUDIO_OUTPUT_FLAG_FAST denied by client; transfer 4, track 22050 Hz, output 48000 Hz
10-29 14:00:21.481  1243  1243 W Binder_7: type=1400 audit(0.0:760): avc: denied { ioctl } for path="pipe:[180640]" dev="pipefs" ino=180640 ioctlcmd=7704 scontext=u:r:system_server:s0 tcontext=u:r:shell:s0 tclass=fifo_file permissive=0
10-29 14:00:21.481  1243  1243 W Binder_7: type=1400 audit(0.0:761): avc: denied { ioctl } for path="pipe:[180640]" dev="pipefs" ino=180640 ioctlcmd=7704 scontext=u:r:system_server:s0 tcontext=u:r:shell:s0 tclass=fifo_file permissive=0
10-29 14:00:21.481  1243  1243 W Binder_7: type=1400 audit(0.0:762): avc: denied { ioctl } for path="pipe:[180640]" dev="pipefs" ino=180640 ioctlcmd=7704 scontext=u:r:system_server:s0 tcontext=u:r:shell:s0 tclass=fifo_file permissive=0
10-29 14:00:21.503   978   978 W LstmExtension: no lmDescriptor could be found for en_US/20170411
10-29 14:00:21.503   978   978 W LstmExtension: no lmDescriptor could be found for en_US/20170411
10-29 14:00:21.504   978   978 I Conv2QueryExtension: isEnabled() : true
10-29 14:00:21.491  1243  1243 W Binder_7: type=1400 audit(0.0:763): avc: denied { ioctl } for path="pipe:[180640]" dev="pipefs" ino=180640 ioctlcmd=7704 scontext=u:r:system_server:s0 tcontext=u:r:shell:s0 tclass=fifo_file permissive=0
10-29 14:00:22.242   618   618 W Binder_1: type=1400 audit(0.0:764): avc: denied { ioctl } for path="pipe:[180760]" dev="pipefs" ino=180760 ioctlcmd=7704 scontext=u:r:system_server:s0 tcontext=u:r:shell:s0 tclass=fifo_file permissive=0
10-29 14:00:22.242   618   618 W Binder_1: type=1400 audit(0.0:765): avc: denied { ioctl } for path="pipe:[180760]" dev="pipefs" ino=180760 ioctlcmd=7704 scontext=u:r:system_server:s0 tcontext=u:r:shell:s0 tclass=fifo_file permissive=0
10-29 14:00:22.242   618   618 W Binder_1: type=1400 audit(0.0:766): avc: denied { ioctl } for path="pipe:[180760]" dev="pipefs" ino=180760 ioctlcmd=7704 scontext=u:r:system_server:s0 tcontext=u:r:shell:s0 tclass=fifo_file permissive=0
10-29 14:00:22.260   978   978 W LstmExtension: no lmDescriptor could be found for en_US/20170411
10-29 14:00:22.260   978   978 W LstmExtension: no lmDescriptor could be found for en_US/20170411
10-29 14:00:22.261   978   978 I Conv2QueryExtension: isEnabled() : true
10-29 14:00:22.252   618   618 W Binder_1: type=1400 audit(0.0:767): avc: denied { ioctl } for path="pipe:[180760]" dev="pipefs" ino=180760 ioctlcmd=7704 scontext=u:r:system_server:s0 tcontext=u:r:shell:s0 tclass=fifo_file permissive=0
10-29 14:00:22.894 16001 16023 W AudioTrack: AUDIO_OUTPUT_FLAG_FAST denied by client; transfer 4, track 22050 Hz, output 48000 Hz
10-29 14:00:24.150 16001 16023 W AudioTrack: AUDIO_OUTPUT_FLAG_FAST denied by client; transfer 4, track 22050 Hz, output 48000 Hz
10-29 14:00:26.416  2157  2157 W Binder_9: type=1400 audit(0.0:768): avc: denied { ioctl } for path="pipe:[180837]" dev="pipefs" ino=180837 ioctlcmd=7704 scontext=u:r:system_server:s0 tcontext=u:r:shell:s0 tclass=fifo_file permissive=0
10-29 14:00:26.416  2157  2157 W Binder_9: type=1400 audit(0.0:769): avc: denied { ioctl } for path="pipe:[180837]" dev="pipefs" ino=180837 ioctlcmd=7704 scontext=u:r:system_server:s0 tcontext=u:r:shell:s0 tclass=fifo_file permissive=0
10-29 14:00:26.416  2157  2157 W Binder_9: type=1400 audit(0.0:770): avc: denied { ioctl } for path="pipe:[180837]" dev="pipefs" ino=180837 ioctlcmd=7704 scontext=u:r:system_server:s0 tcontext=u:r:shell:s0 tclass=fifo_file permissive=0
10-29 14:00:26.426   978   978 W LstmExtension: no lmDescriptor could be found for en_US/20170411
10-29 14:00:26.427   978   978 W LstmExtension: no lmDescriptor could be found for en_US/20170411
10-29 14:00:26.428   978   978 I Conv2QueryExtension: isEnabled() : true
10-29 14:00:26.426  2157  2157 W Binder_9: type=1400 audit(0.0:771): avc: denied { ioctl } for path="pipe:[180837]" dev="pipefs" ino=180837 ioctlcmd=7704 scontext=u:r:system_server:s0 tcontext=u:r:shell:s0 tclass=fifo_file permissive=0
10-29 14:00:26.442 15833 15833 W AccessibilityNodeInfoDumper: Fetch time: 1ms
10-29 14:00:27.167   619   619 W Binder_2: type=1400 audit(0.0:772): avc: denied { ioctl } for path="pipe:[179021]" dev="pipefs" ino=179021 ioctlcmd=7704 scontext=u:r:system_server:s0 tcontext=u:r:shell:s0 tclass=fifo_file permissive=0
10-29 14:00:27.167   619   619 W Binder_2: type=1400 audit(0.0:773): avc: denied { ioctl } for path="pipe:[179021]" dev="pipefs" ino=179021 ioctlcmd=7704 scontext=u:r:system_server:s0 tcontext=u:r:shell:s0 tclass=fifo_file permissive=0
10-29 14:00:27.167   619   619 W Binder_2: type=1400 audit(0.0:774): avc: denied { ioctl } for path="pipe:[179021]" dev="pipefs" ino=179021 ioctlcmd=7704 scontext=u:r:system_server:s0 tcontext=u:r:shell:s0 tclass=fifo_file permissive=0
10-29 14:00:27.195   978   978 W LstmExtension: no lmDescriptor could be found for en_US/20170411
10-29 14:00:27.196   978   978 W LstmExtension: no lmDescriptor could be found for en_US/20170411
10-29 14:00:27.196   978   978 I Conv2QueryExtension: isEnabled() : true
10-29 14:00:27.187   619   619 W Binder_2: type=1400 audit(0.0:775): avc: denied { ioctl } for path="pipe:[179021]" dev="pipefs" ino=179021 ioctlcmd=7704 scontext=u:r:system_server:s0 tcontext=u:r:shell:s0 tclass=fifo_file permissive=0
10-29 14:00:27.209 15833 15833 W AccessibilityNodeInfoDumper: Fetch time: 2ms
10-29 14:00:27.580 15833 15833 I QueryController: Matched selector: UiSelector[CLASS=android.view.View, INSTANCE=0, PACKAGE NAME=angry.scream.ana] <<==>> [android.view.accessibility.AccessibilityNodeInfo@80008ed7; boundsInParent: Rect(0, 0 - 1920, 1104); boundsInScreen: Rect(0, 0 - 1920, 1104); packageName: angry.scream.ana; className: android.view.View; text: null; error: null; maxTextLength: -1; contentDescription: null; viewIdResName: angry.scream.ana:id/gameScreen; checkable: false; checked: false; focusable: false; focused: false; selected: false; clickable: false; longClickable: false; contextClickable: false; enabled: true; password: false; scrollable: false; actions: [AccessibilityAction: ACTION_SELECT - null, AccessibilityAction: ACTION_CLEAR_SELECTION - null, AccessibilityAction: ACTION_ACCESSIBILITY_FOCUS - null, AccessibilityAction: ACTION_UNKNOWN - null]]
10-29 14:00:28.693 15833 15833 D InteractionController: clickNoSync (244, 1076)
10-29 14:00:31.341   766   766 W Binder_5: type=1400 audit(0.0:776): avc: denied { ioctl } for path="pipe:[180204]" dev="pipefs" ino=180204 ioctlcmd=7704 scontext=u:r:system_server:s0 tcontext=u:r:shell:s0 tclass=fifo_file permissive=0
10-29 14:00:31.341   766   766 W Binder_5: type=1400 audit(0.0:777): avc: denied { ioctl } for path="pipe:[180204]" dev="pipefs" ino=180204 ioctlcmd=7704 scontext=u:r:system_server:s0 tcontext=u:r:shell:s0 tclass=fifo_file permissive=0
10-29 14:00:31.341   766   766 W Binder_5: type=1400 audit(0.0:778): avc: denied { ioctl } for path="pipe:[180204]" dev="pipefs" ino=180204 ioctlcmd=7704 scontext=u:r:system_server:s0 tcontext=u:r:shell:s0 tclass=fifo_file permissive=0
10-29 14:00:31.361   978   978 W LstmExtension: no lmDescriptor could be found for en_US/20170411
10-29 14:00:31.362   978   978 W LstmExtension: no lmDescriptor could be found for en_US/20170411
10-29 14:00:31.363   978   978 I Conv2QueryExtension: isEnabled() : true
10-29 14:00:31.351   766   766 W Binder_5: type=1400 audit(0.0:779): avc: denied { ioctl } for path="pipe:[180204]" dev="pipefs" ino=180204 ioctlcmd=7704 scontext=u:r:system_server:s0 tcontext=u:r:shell:s0 tclass=fifo_file permissive=0
10-29 14:00:31.382 15833 15833 W AccessibilityNodeInfoDumper: Fetch time: 7ms
10-29 14:00:31.607   190   596 E NetlinkEvent: NetlinkEvent::FindParam(): Parameter 'UID' not found
10-29 14:00:31.887   608  1211 D NetlinkSocketObserver: NeighborEvent{elapsedMs=3594630, 192.168.192.1, [00000C07AC01], RTM_NEWNEIGH, NUD_STALE}
10-29 14:00:31.951   608   617 I art     : Background sticky concurrent mark sweep GC freed 41167(8MB) AllocSpace objects, 47(940KB) LOS objects, 29% free, 24MB/34MB, paused 6.378ms total 39.062ms
10-29 14:00:32.112  2192  2192 W Binder_B: type=1400 audit(0.0:780): avc: denied { ioctl } for path="pipe:[182227]" dev="pipefs" ino=182227 ioctlcmd=7704 scontext=u:r:system_server:s0 tcontext=u:r:shell:s0 tclass=fifo_file permissive=0
10-29 14:00:32.112  2192  2192 W Binder_B: type=1400 audit(0.0:781): avc: denied { ioctl } for path="pipe:[182227]" dev="pipefs" ino=182227 ioctlcmd=7704 scontext=u:r:system_server:s0 tcontext=u:r:shell:s0 tclass=fifo_file permissive=0
10-29 14:00:32.112  2192  2192 W Binder_B: type=1400 audit(0.0:782): avc: denied { ioctl } for path="pipe:[182227]" dev="pipefs" ino=182227 ioctlcmd=7704 scontext=u:r:system_server:s0 tcontext=u:r:shell:s0 tclass=fifo_file permissive=0
10-29 14:00:32.132   978   978 W LstmExtension: no lmDescriptor could be found for en_US/20170411
10-29 14:00:32.132   978   978 W LstmExtension: no lmDescriptor could be found for en_US/20170411
10-29 14:00:32.133   978   978 I Conv2QueryExtension: isEnabled() : true
10-29 14:00:32.122  2192  2192 W Binder_B: type=1400 audit(0.0:783): avc: denied { ioctl } for path="pipe:[182227]" dev="pipefs" ino=182227 ioctlcmd=7704 scontext=u:r:system_server:s0 tcontext=u:r:shell:s0 tclass=fifo_file permissive=0
10-29 14:00:32.150 15833 15833 W AccessibilityNodeInfoDumper: Fetch time: 1ms
10-29 14:00:32.514 15833 15833 I QueryController: Matched selector: UiSelector[CLASS=android.view.View, INSTANCE=0, PACKAGE NAME=angry.scream.ana] <<==>> [android.view.accessibility.AccessibilityNodeInfo@80008ed7; boundsInParent: Rect(0, 0 - 1920, 1104); boundsInScreen: Rect(0, 0 - 1920, 1104); packageName: angry.scream.ana; className: android.view.View; text: null; error: null; maxTextLength: -1; contentDescription: null; viewIdResName: angry.scream.ana:id/gameScreen; checkable: false; checked: false; focusable: false; focused: false; selected: false; clickable: false; longClickable: false; contextClickable: false; enabled: true; password: false; scrollable: false; actions: [AccessibilityAction: ACTION_SELECT - null, AccessibilityAction: ACTION_CLEAR_SELECTION - null, AccessibilityAction: ACTION_ACCESSIBILITY_FOCUS - null, AccessibilityAction: ACTION_UNKNOWN - null]]
10-29 14:00:33.623 15833 15833 D InteractionController: clickNoSync (1776, 108)
10-29 14:00:36.620 18411 18411 D AndroidRuntime: >>>>>> START com.android.internal.os.RuntimeInit uid 2000 <<<<<<
10-29 14:00:36.625 18411 18411 D AndroidRuntime: CheckJNI is OFF
10-29 14:00:36.684 18411 18411 D ICU     : No timezone override file found: /data/local/tmp/misc/zoneinfo/current/icu/icu_tzdata.dat
10-29 14:00:36.746 18411 18411 I Radio-JNI: register_android_hardware_Radio DONE
10-29 14:00:36.778 18411 18411 D AndroidRuntime: Calling main entry com.android.commands.am.Am
10-29 14:00:36.780   608  2192 I ActivityManager: Force stopping angry.scream.ana appid=11182 user=0: from pid 18411
10-29 14:00:36.780   608  2192 I ActivityManager: Killing 16001:angry.scream.ana/u0a1182 (adj 0): stop angry.scream.ana
10-29 14:00:36.818   608   761 D ConnectivityService: ConnectivityService NetworkRequestInfo binderDied(NetworkRequest [ id=44, legacyType=-1, [ Capabilities: INTERNET&NOT_RESTRICTED&TRUSTED] ], android.os.BinderProxy@9b02c29)
10-29 14:00:36.818   608  2157 I WindowState: WIN DEATH: Window{e492b82 u0 angry.scream.ana/com.innovativegames.knockdown.GameActivity}
10-29 14:00:36.818   608  2783 D GraphicsStats: Buffer count: 5
10-29 14:00:36.818   194  1021 D NuPlayerDriver: reset(0xb5fd7f20)
10-29 14:00:36.818   194  1021 D NuPlayerDriver: notifyListener_l(0xb5fd7f20), (8, 0, 0)
10-29 14:00:36.819   608   661 D ConnectivityService: releasing NetworkRequest NetworkRequest [ id=44, legacyType=-1, [ Capabilities: INTERNET&NOT_RESTRICTED&TRUSTED] ]
10-29 14:00:36.820   608   661 E ConnectivityService: RemoteException caught trying to send a callback msg for NetworkRequest [ id=44, legacyType=-1, [ Capabilities: INTERNET&NOT_RESTRICTED&TRUSTED] ]
10-29 14:00:36.820   608   766 D ConnectivityService: ConnectivityService NetworkRequestInfo binderDied(NetworkRequest [ id=45, legacyType=-1, [ Capabilities: INTERNET&NOT_RESTRICTED&TRUSTED] ], android.os.BinderProxy@e2d7bae)
10-29 14:00:36.820   608   661 D ConnectivityService: releasing NetworkRequest NetworkRequest [ id=45, legacyType=-1, [ Capabilities: INTERNET&NOT_RESTRICTED&TRUSTED] ]
10-29 14:00:36.820   608  2157 W WindowManager: Force-removing child win Window{30d4308 u0 SurfaceView} from container Window{e492b82 u0 angry.scream.ana/com.innovativegames.knockdown.GameActivity}
10-29 14:00:36.821   608   661 E ConnectivityService: RemoteException caught trying to send a callback msg for NetworkRequest [ id=45, legacyType=-1, [ Capabilities: INTERNET&NOT_RESTRICTED&TRUSTED] ]
10-29 14:00:36.824   194 16660 W AMessage: failed to post message as target looper for handler 0 is gone.
10-29 14:00:36.825   194 16660 D NuPlayerDriver: notifyResetComplete(0xb5fd7f20)
10-29 14:00:36.825   194  1021 W AudioFlinger: session id 89 not found for pid 16001
10-29 14:00:36.839   190   596 E NetlinkEvent: NetlinkEvent::FindParam(): Parameter 'UID' not found
10-29 14:00:36.845   608   761 W WindowManager: Failed looking up window
10-29 14:00:36.845   608   761 W WindowManager: java.lang.IllegalArgumentException: Requested window android.os.BinderProxy@8f55293 does not exist
10-29 14:00:36.845   608   761 W WindowManager: 	at com.android.server.wm.WindowManagerService.windowForClientLocked(WindowManagerService.java:8736)
10-29 14:00:36.845   608   761 W WindowManager: 	at com.android.server.wm.WindowManagerService.windowForClientLocked(WindowManagerService.java:8727)
10-29 14:00:36.845   608   761 W WindowManager: 	at com.android.server.wm.WindowState$DeathRecipient.binderDied(WindowState.java:1209)
10-29 14:00:36.845   608   761 W WindowManager: 	at android.os.BinderProxy.sendDeathNotice(Binder.java:558)
10-29 14:00:36.845   608   761 I WindowState: WIN DEATH: null
10-29 14:00:36.967   608  2192 W ActivityManager: Force removing ActivityRecord{9af6728 u0 angry.scream.ana/com.innovativegames.knockdown.GameActivity t4064}: app died, no saved state
10-29 14:00:36.978 18411 18411 D AndroidRuntime: Shutting down VM
10-29 14:00:36.982   608  2633 W ActivityManager: Spurious death for ProcessRecord{e9a7159 0:angry.scream.ana/u0a1182}, curProc for 16001: null
10-29 14:00:37.017   194   638 D audio_hw_primary: out_set_parameters: enter: usecase(0: deep-buffer-playback) kvpairs: routing=2
10-29 14:00:37.245   608  2633 I ActivityManager: Config changes=480 {1.0 404mcc?mnc en_US ldltr sw600dp w600dp h888dp 320dpi lrg port finger -keyb/v/h -nav/h s.15}
10-29 14:00:37.247   608   651 I InputReader: Reconfiguring input devices.  changes=0x00000004
10-29 14:00:37.247   608   651 I InputReader: Device reconfigured: id=6, name='elan-touchscreen', size 1200x1920, orientation 0, mode 1, display id 0
10-29 14:00:37.271   608   621 W BroadcastQueue: Skipping deliver [foreground] BroadcastRecord{1d9a4ba u-1 android.intent.action.CONFIGURATION_CHANGED} to ReceiverList{574360c 6740 com.android.chrome/10034/u0 remote:799fd3f}: process crashing
10-29 14:00:37.434  1077  1126 W Launcher.Model: LoaderTask running with no launcher (onlyBindAllApps)
10-29 14:00:37.447   608   622 I ActivityManager: Config changes=480 {1.0 404mcc?mnc en_US ldltr sw600dp w960dp h528dp 320dpi lrg land finger -keyb/v/h -nav/h s.16}
10-29 14:00:37.448   608   651 I InputReader: Reconfiguring input devices.  changes=0x00000004
10-29 14:00:37.448   608   651 I InputReader: Device reconfigured: id=6, name='elan-touchscreen', size 1200x1920, orientation 1, mode 1, display id 0
10-29 14:00:37.466   608   621 W BroadcastQueue: Skipping deliver [foreground] BroadcastRecord{b3c1112 u-1 android.intent.action.CONFIGURATION_CHANGED} to ReceiverList{574360c 6740 com.android.chrome/10034/u0 remote:799fd3f}: process crashing
10-29 14:00:37.655  1077  1077 D Launcher.Model: DbDebug    Modify item (Play Music) in db, id: 4 (2, 0, 0, 0) --> (2, 0, 0, 0)
10-29 14:00:37.657  1077  1077 D Launcher.Model: DbDebug    Modify item (Play Books) in db, id: 6 (2, 0, 1, 0) --> (2, 0, 1, 0)
10-29 14:00:37.658  1077  1077 D Launcher.Model: DbDebug    Modify item (Play Movies & TV) in db, id: 8 (2, 0, 2, 0) --> (2, 0, 2, 0)
10-29 14:00:37.658  1077  1077 D Launcher.Model: DbDebug    Modify item (Play Games) in db, id: 10 (2, 0, 3, 0) --> (2, 0, 3, 0)
10-29 14:00:37.659  1077  1077 D Launcher.Model: DbDebug    Modify item (Play Newsstand) in db, id: 12 (2, 0, 0, 1) --> (2, 0, 0, 1)
10-29 14:00:37.659  1077  1077 D Launcher.Model: DbDebug    Modify item (Google+) in db, id: 14 (2, 0, 1, 1) --> (2, 0, 1, 1)
10-29 14:00:37.660  1077  1077 D Launcher.Model: DbDebug    Modify item (Keep) in db, id: 16 (2, 0, 2, 1) --> (2, 0, 2, 1)
10-29 14:00:37.660  1077  1077 D Launcher.Model: DbDebug    Modify item (Drive) in db, id: 18 (2, 0, 3, 1) --> (2, 0, 3, 1)
10-29 14:00:37.661  1077  1077 D Launcher.Model: DbDebug    Modify item (Calendar) in db, id: 20 (2, 0, 0, 2) --> (2, 0, 0, 2)
10-29 14:00:37.661  1077  1077 D Launcher.Model: DbDebug    Modify item (Photos) in db, id: 22 (2, 0, 1, 2) --> (2, 0, 1, 2)
10-29 14:00:37.661  1077  1077 D Launcher.Model: DbDebug    Modify item (Earth) in db, id: 24 (2, 0, 2, 2) --> (2, 0, 2, 2)
10-29 14:00:37.914  1077  1077 D Launcher.Model: DbDebug    Modify item (Play Music) in db, id: 4 (2, 0, 0, 0) --> (2, 0, 0, 0)
10-29 14:00:37.915  1077  1077 D Launcher.Model: DbDebug    Modify item (Play Books) in db, id: 6 (2, 0, 1, 0) --> (2, 0, 1, 0)
10-29 14:00:37.915  1077  1077 D Launcher.Model: DbDebug    Modify item (Play Movies & TV) in db, id: 8 (2, 0, 2, 0) --> (2, 0, 2, 0)
10-29 14:00:37.916  1077  1077 D Launcher.Model: DbDebug    Modify item (Play Games) in db, id: 10 (2, 0, 3, 0) --> (2, 0, 3, 0)
10-29 14:00:37.916  1077  1077 D Launcher.Model: DbDebug    Modify item (Play Newsstand) in db, id: 12 (2, 0, 0, 1) --> (2, 0, 0, 1)
10-29 14:00:37.917  1077  1077 D Launcher.Model: DbDebug    Modify item (Google+) in db, id: 14 (2, 0, 1, 1) --> (2, 0, 1, 1)
10-29 14:00:37.918  1077  1077 D Launcher.Model: DbDebug    Modify item (Keep) in db, id: 16 (2, 0, 2, 1) --> (2, 0, 2, 1)
10-29 14:00:37.918  1077  1077 D Launcher.Model: DbDebug    Modify item (Drive) in db, id: 18 (2, 0, 3, 1) --> (2, 0, 3, 1)
10-29 14:00:37.919  1077  1077 D Launcher.Model: DbDebug    Modify item (Calendar) in db, id: 20 (2, 0, 0, 2) --> (2, 0, 0, 2)
10-29 14:00:37.919  1077  1077 D Launcher.Model: DbDebug    Modify item (Photos) in db, id: 22 (2, 0, 1, 2) --> (2, 0, 1, 2)
10-29 14:00:37.920  1077  1077 D Launcher.Model: DbDebug    Modify item (Earth) in db, id: 24 (2, 0, 2, 2) --> (2, 0, 2, 2)
10-29 14:00:38.010   608   766 W InputMethodManagerService: Got RemoteException sending setActive(false) notification to pid 16001 uid 11182
10-29 14:00:38.038  1077  1077 I Launcher: Deferring update until onResume
10-29 14:00:38.863 18438 18438 D AndroidRuntime: >>>>>> START com.android.internal.os.RuntimeInit uid 2000 <<<<<<
10-29 14:00:38.869 18438 18438 D AndroidRuntime: CheckJNI is OFF
10-29 14:00:38.931 18438 18438 D ICU     : No timezone override file found: /data/local/tmp/misc/zoneinfo/current/icu/icu_tzdata.dat
10-29 14:00:39.002 18438 18438 I Radio-JNI: register_android_hardware_Radio DONE
10-29 14:00:39.033 18438 18438 D AndroidRuntime: Calling main entry com.android.commands.am.Am
10-29 14:00:39.036   608   619 I ActivityManager: Force stopping angry.scream.ana appid=11182 user=0: from pid 18438
10-29 14:00:39.041 18438 18438 D AndroidRuntime: Shutting down VM
10-29 14:00:39.245   608   626 W WindowManager: App freeze timeout expired.
10-29 14:00:39.275   608  2539 W WindowManager: Attempted to remove non-existing token: android.os.Binder@756912f
10-29 14:00:39.297 15833 15833 I art     : System.exit called, status: 0
10-29 14:00:39.297 15833 15833 I AndroidRuntime: VM exiting with result code 0.
10-29 14:00:39.301   608   622 I ActivityManager: Config changes=480 {1.0 404mcc?mnc en_US ldltr sw600dp w600dp h888dp 320dpi lrg port finger -keyb/v/h -nav/h s.17}
10-29 14:00:39.306   608   651 I InputReader: Reconfiguring input devices.  changes=0x00000004
10-29 14:00:39.306   608   651 I InputReader: Device reconfigured: id=6, name='elan-touchscreen', size 1200x1920, orientation 0, mode 1, display id 0
10-29 14:00:39.354   608   621 W BroadcastQueue: Skipping deliver [foreground] BroadcastRecord{b51d3d4 u-1 android.intent.action.CONFIGURATION_CHANGED} to ReceiverList{574360c 6740 com.android.chrome/10034/u0 remote:799fd3f}: process crashing
10-29 14:00:39.546  1077  1077 D Launcher.Model: DbDebug    Modify item (Play Music) in db, id: 4 (2, 0, 0, 0) --> (2, 0, 0, 0)
10-29 14:00:39.546  1077  1077 D Launcher.Model: DbDebug    Modify item (Play Books) in db, id: 6 (2, 0, 1, 0) --> (2, 0, 1, 0)
10-29 14:00:39.547  1077  1077 D Launcher.Model: DbDebug    Modify item (Play Movies & TV) in db, id: 8 (2, 0, 2, 0) --> (2, 0, 2, 0)
10-29 14:00:39.547  1077  1077 D Launcher.Model: DbDebug    Modify item (Play Games) in db, id: 10 (2, 0, 3, 0) --> (2, 0, 3, 0)
10-29 14:00:39.548  1077  1077 D Launcher.Model: DbDebug    Modify item (Play Newsstand) in db, id: 12 (2, 0, 0, 1) --> (2, 0, 0, 1)
10-29 14:00:39.548  1077  1077 D Launcher.Model: DbDebug    Modify item (Google+) in db, id: 14 (2, 0, 1, 1) --> (2, 0, 1, 1)
10-29 14:00:39.549  1077  1077 D Launcher.Model: DbDebug    Modify item (Keep) in db, id: 16 (2, 0, 2, 1) --> (2, 0, 2, 1)
10-29 14:00:39.549  1077  1077 D Launcher.Model: DbDebug    Modify item (Drive) in db, id: 18 (2, 0, 3, 1) --> (2, 0, 3, 1)
10-29 14:00:39.550  1077  1077 D Launcher.Model: DbDebug    Modify item (Calendar) in db, id: 20 (2, 0, 0, 2) --> (2, 0, 0, 2)
10-29 14:00:39.550  1077  1077 D Launcher.Model: DbDebug    Modify item (Photos) in db, id: 22 (2, 0, 1, 2) --> (2, 0, 1, 2)
10-29 14:00:39.552  1077  1077 D Launcher.Model: DbDebug    Modify item (Earth) in db, id: 24 (2, 0, 2, 2) --> (2, 0, 2, 2)
10-29 14:00:39.659  1077  1077 I Launcher: Deferring update until onResume
10-29 14:00:40.061   194   638 D audio_hw_primary: disable_audio_route: reset and update mixer path: deep-buffer-playback
10-29 14:00:40.112   194   637 D audio_hw_primary: disable_audio_route: reset and update mixer path: low-latency-playback
10-29 14:00:40.112   194   637 D audio_hw_primary: disable_snd_device: snd_device(2: speaker)
10-29 14:00:41.317   608   626 W WindowManager: App freeze timeout expired.
10-29 14:00:41.848   608  1211 D NetlinkSocketObserver: NeighborEvent{elapsedMs=3604590, 192.168.192.1, [00000C07AC01], RTM_NEWNEIGH, NUD_REACHABLE}
10-29 14:00:41.973   608   626 I WindowManager: Screen frozen for +4s766ms due to Window{5d8421f u0 com.android.launcher/com.android.launcher2.Launcher}
10-29 14:00:44.002   608   626 I art     : Starting a blocking GC Explicit
10-29 14:00:44.204   608   626 I art     : Explicit concurrent mark sweep GC freed 94792(5MB) AllocSpace objects, 28(1840KB) LOS objects, 33% free, 23MB/35MB, paused 2.410ms total 181.182ms
10-29 14:00:48.408   608  1211 D NetlinkSocketObserver: NeighborEvent{elapsedMs=3611150, 192.168.192.1, [00000C07AC01], RTM_NEWNEIGH, NUD_STALE}
10-29 14:01:00.047   608   621 I ProcessStatsService: Prepared write state in 35ms
10-29 14:01:00.071   608   621 I ProcessStatsService: Prepared write state in 6ms
10-29 14:01:00.247   190   596 E NetlinkEvent: NetlinkEvent::FindParam(): Parameter 'UID' not found
10-29 14:01:03.226  1173 16098 E Auth    : [GoogleAccountDataServiceImpl] getToken() -> BAD_AUTHENTICATION. Account: <ELLIDED:-1050400687>, App: com.google.android.gms, Service: oauth2:https://www.googleapis.com/auth/contextcontroller
10-29 14:01:03.226  1173 16098 E Auth    : ech: Long live credential not available.
10-29 14:01:03.226  1173 16098 E Auth    : 	at eci.b(:com.google.android.gms:0)
10-29 14:01:03.226  1173 16098 E Auth    : 	at eci.a(:com.google.android.gms:16)
10-29 14:01:03.226  1173 16098 E Auth    : 	at eav.a(:com.google.android.gms:61)
10-29 14:01:03.226  1173 16098 E Auth    : 	at fjb.a(:com.google.android.gms:7)
10-29 14:01:03.226  1173 16098 E Auth    : 	at fjb.a(:com.google.android.gms:3)
10-29 14:01:03.226  1173 16098 E Auth    : 	at fic.a(:com.google.android.gms:1)
10-29 14:01:03.226  1173 16098 E Auth    : 	at fia.a(:com.google.android.gms:16)
10-29 14:01:03.226  1173 16098 E Auth    : 	at fia.a(:com.google.android.gms:5)
10-29 14:01:03.226  1173 16098 E Auth    : 	at bsc.a(:com.google.android.gms:188)
10-29 14:01:03.226  1173 16098 E Auth    : 	at bsc.a(:com.google.android.gms:63)
10-29 14:01:03.226  1173 16098 E Auth    : 	at dxu.a(:com.google.android.gms:5)
10-29 14:01:03.226  1173 16098 E Auth    : 	at dxt.a(:com.google.android.gms:1)
10-29 14:01:03.226  1173 16098 E Auth    : 	at dxt.e(:com.google.android.gms:5)
10-29 14:01:03.226  1173 16098 E Auth    : 	at dxt.d(:com.google.android.gms:0)
10-29 14:01:03.226  1173 16098 E Auth    : 	at dxr.b(:com.google.android.gms:0)
10-29 14:01:03.226  1173 16098 E Auth    : 	at mbe.a(:com.google.android.gms:0)
10-29 14:01:03.226  1173 16098 E Auth    : 	at lzv.a(:com.google.android.gms:2)
10-29 14:01:03.226  1173 16098 E Auth    : 	at cij.a(:com.google.android.gms:58)
10-29 14:01:03.226  1173 16098 E Auth    : 	at cdn.run(:com.google.android.gms:1)
10-29 14:01:03.226  1173 16098 E Auth    : 	at cdl.handleMessage(:com.google.android.gms:2)
10-29 14:01:03.226  1173 16098 E Auth    : 	at mfu.run(:com.google.android.gms:5)
10-29 14:01:03.226  1173 16098 E Auth    : 	at mge.run(:com.google.android.gms:24)
10-29 14:01:03.226  1173 16098 E Auth    : 	at java.util.concurrent.ThreadPoolExecutor.runWorker(ThreadPoolExecutor.java:1113)
10-29 14:01:03.226  1173 16098 E Auth    : 	at java.util.concurrent.ThreadPoolExecutor$Worker.run(ThreadPoolExecutor.java:588)
10-29 14:01:03.226  1173 16098 E Auth    : 	at mlf.run(:com.google.android.gms:0)
10-29 14:01:03.226  1173 16098 E Auth    : 	at java.lang.Thread.run(Thread.java:818)
10-29 14:01:03.227  1173 16098 W Auth    : [GetToken] GetToken failed with status code: BadAuthentication
10-29 14:01:03.243  1173 16098 W Auth    : [GoogleAuthUtil] GoogleAuthUtil
10-29 14:01:03.243  1173 16098 W AuthSessionAuthenticato: Auth related exception is being ignored: BadAuthentication
10-29 14:01:03.254  1173 16098 E ctxmgr  : [BaseServerTask]Server task (FetchAclSet) got error statusCode=-1.
10-29 14:01:03.254  1173 16098 E ctxmgr  : com.android.volley.VolleyError: Unable to obtain auth token - is the device online?
10-29 14:01:03.254  1173 16098 E ctxmgr  : 	at cij.a(:com.google.android.gms:66)
10-29 14:01:03.254  1173 16098 E ctxmgr  : 	at cdn.run(:com.google.android.gms:1)
10-29 14:01:03.254  1173 16098 E ctxmgr  : 	at cdl.handleMessage(:com.google.android.gms:2)
10-29 14:01:03.254  1173 16098 E ctxmgr  : 	at mfu.run(:com.google.android.gms:5)
10-29 14:01:03.254  1173 16098 E ctxmgr  : 	at mge.run(:com.google.android.gms:24)
10-29 14:01:03.254  1173 16098 E ctxmgr  : 	at java.util.concurrent.ThreadPoolExecutor.runWorker(ThreadPoolExecutor.java:1113)
10-29 14:01:03.254  1173 16098 E ctxmgr  : 	at java.util.concurrent.ThreadPoolExecutor$Worker.run(ThreadPoolExecutor.java:588)
10-29 14:01:03.254  1173 16098 E ctxmgr  : 	at mlf.run(:com.google.android.gms:0)
10-29 14:01:03.254  1173 16098 E ctxmgr  : 	at java.lang.Thread.run(Thread.java:818)
10-29 14:01:03.256  1173 16098 E ctxmgr  : [AccountAclCallback]Failed Acl fetch: network status=-1
10-29 14:01:04.545  8438  8438 E         : invalid crash request of size 4 (from pid=17925 uid=0)
10-29 14:01:04.757   608   644 W qcom_sensors_hal: hal_sensor1_data_cb: SENSOR1_MSG_TYPE_BROKEN_PIPE
10-29 14:01:04.792 18627 18627 E Diag_Lib:  Diag_LSM_Init: Failed to open handle to diag driver, error = 2
10-29 14:01:04.793 18627 18627 E Sensors : sns_fsa_la.c(386):fsa: fflush failed, 9
10-29 14:01:04.793 18627 18627 E Sensors : sns_fsa_la.c(386):fsa: fflush failed, 9
10-29 14:01:04.819 18627 18629 W Sensors : sns_smr_la.c(446):smr_la: smr_apps_la_thread_main is starting, fd=11, sns_smr.en_rx_msg_ptr=b6fe4a08
10-29 14:01:04.840 18627 18631 W Sensors : sns_sam_app.c(6827):sns_sam_reg_algo: Registering algo service 16, err 0
10-29 14:01:04.853 18627 18633 E Sensors : sns_debug_main.c(565):Debug Config File missing in EFS!
10-29 14:01:04.978 18625 18625 D AndroidRuntime: >>>>>> START com.android.internal.os.RuntimeInit uid 2000 <<<<<<
10-29 14:01:04.985 18625 18625 D AndroidRuntime: CheckJNI is OFF
10-29 14:01:05.050 18625 18625 D ICU     : No timezone override file found: /data/misc/zoneinfo/current/icu/icu_tzdata.dat
10-29 14:01:05.118 18625 18625 I Radio-JNI: register_android_hardware_Radio DONE
10-29 14:01:05.153 18625 18625 D AndroidRuntime: Calling main entry com.android.commands.pm.Pm
10-29 14:01:05.159   608   621 I ActivityManager: Force stopping angry.scream.ana appid=11182 user=-1: uninstall pkg
10-29 14:01:05.336   608   632 I art     : Starting a blocking GC Explicit
10-29 14:01:05.422   608   632 I art     : Explicit concurrent mark sweep GC freed 30292(1638KB) AllocSpace objects, 4(120KB) LOS objects, 33% free, 23MB/34MB, paused 1.342ms total 86.517ms
10-29 14:01:05.434   608   632 W PackageManager: Couldn't remove dex file for package:  at location /data/app/angry.scream.ana-1/base.apk, retcode=-1
10-29 14:01:05.437 18625 18625 I art     : System.exit called, status: 0
10-29 14:01:05.437 18625 18625 I AndroidRuntime: VM exiting with result code 0.
10-29 14:01:05.441   608   632 I ActivityManager: Force stopping angry.scream.ana appid=11182 user=0: pkg removed
10-29 14:01:05.472   608   651 I InputReader: Reconfiguring input devices.  changes=0x00000010
10-29 14:01:05.473  1061  1061 D CarrierServiceBindHelper: Receive action: android.intent.action.PACKAGE_REMOVED
10-29 14:01:05.500  3652  3652 I ...onInformationQueryer: Package just removed from the device: angry.scream.ana
10-29 14:01:05.511  5423  5459 D Documents: Update found 8 roots in 10ms
10-29 14:01:05.554  3400 18651 D VoicemailCleanupService: Cleaning up data for package: angry.scream.ana
10-29 14:01:05.582  5396  5396 W ContextImpl: Calling a method in the system process without a qualified user: android.app.ContextImpl.startService:1221 android.content.ContextWrapper.startService:581 android.content.ContextWrapper.startService:581 com.android.keychain.KeyChainBroadcastReceiver.onReceive:12 android.app.ActivityThread.handleReceiver:2725 
10-29 14:01:05.660   608   608 D JobSchedulerService: Receieved: android.intent.action.PACKAGE_REMOVED
10-29 14:01:05.672  2495  2626 W WearSignatureVerifier: No package com.google.android.wearable.app.cn
10-29 14:01:05.673  2495  2495 I Finsky  : [1] com.google.android.finsky.bl.o.a(41): com.awesummly not available [restriction=9].
10-29 14:01:05.673  2495  2495 I Finsky  : [1] com.google.android.finsky.bs.a.a(6): Item is not available. Reason: 9
10-29 14:01:05.685  2495  2626 W WearSignatureVerifier: No package com.google.android.wearable.app.cn
10-29 14:01:05.686  2495  2626 W WearSignatureVerifier: No package com.google.android.wearable.app.cn
10-29 14:01:05.687  2495  2626 W WearSignatureVerifier: No package com.google.android.wearable.app.cn
