10-29 13:57:58.692  2633  2633 W Binder_D: type=1400 audit(0.0:601): avc: denied { ioctl } for path="pipe:[156527]" dev="pipefs" ino=156527 ioctlcmd=7704 scontext=u:r:system_server:s0 tcontext=u:r:shell:s0 tclass=fifo_file permissive=0
10-29 13:57:58.692  2633  2633 W Binder_D: type=1400 audit(0.0:602): avc: denied { ioctl } for path="pipe:[156527]" dev="pipefs" ino=156527 ioctlcmd=7704 scontext=u:r:system_server:s0 tcontext=u:r:shell:s0 tclass=fifo_file permissive=0
10-29 13:57:58.712   978   978 W LstmExtension: no lmDescriptor could be found for en_US/20170411
10-29 13:57:58.713   978   978 W LstmExtension: no lmDescriptor could be found for en_US/20170411
10-29 13:57:58.713   978   978 I Conv2QueryExtension: isEnabled() : true
10-29 13:57:58.702  2633  2633 W Binder_D: type=1400 audit(0.0:603): avc: denied { ioctl } for path="pipe:[156527]" dev="pipefs" ino=156527 ioctlcmd=7704 scontext=u:r:system_server:s0 tcontext=u:r:shell:s0 tclass=fifo_file permissive=0
10-29 13:57:59.328 15833 15882 I chatty  : uid=2000(shell) expire 2 lines
10-29 13:57:59.417  8438  8438 E         : invalid crash request of size 4 (from pid=16395 uid=0)
10-29 13:57:59.677   608   644 W qcom_sensors_hal: hal_sensor1_data_cb: SENSOR1_MSG_TYPE_BROKEN_PIPE
10-29 13:57:59.708 17166 17166 E Diag_Lib:  Diag_LSM_Init: Failed to open handle to diag driver, error = 2
10-29 13:57:59.709 17166 17166 E Sensors : sns_fsa_la.c(386):fsa: fflush failed, 9
10-29 13:57:59.709 17166 17166 E Sensors : sns_fsa_la.c(386):fsa: fflush failed, 9
10-29 13:57:59.740 17166 17168 W Sensors : sns_smr_la.c(446):smr_la: smr_apps_la_thread_main is starting, fd=11, sns_smr.en_rx_msg_ptr=b6f7fa08
10-29 13:57:59.768 17166 17170 W Sensors : sns_sam_app.c(6827):sns_sam_reg_algo: Registering algo service 16, err 0
10-29 13:57:59.789 17166 17172 E Sensors : sns_debug_main.c(565):Debug Config File missing in EFS!
10-29 13:58:01.860   608  1211 D NetlinkSocketObserver: NeighborEvent{elapsedMs=3444601, 192.168.192.1, [00000C07AC01], RTM_NEWNEIGH, NUD_REACHABLE}
10-29 13:58:03.036  2191  2191 W Binder_A: type=1400 audit(0.0:604): avc: denied { ioctl } for path="pipe:[155508]" dev="pipefs" ino=155508 ioctlcmd=7704 scontext=u:r:system_server:s0 tcontext=u:r:shell:s0 tclass=fifo_file permissive=0
10-29 13:58:03.036  2191  2191 W Binder_A: type=1400 audit(0.0:605): avc: denied { ioctl } for path="pipe:[155508]" dev="pipefs" ino=155508 ioctlcmd=7704 scontext=u:r:system_server:s0 tcontext=u:r:shell:s0 tclass=fifo_file permissive=0
10-29 13:58:03.036  2191  2191 W Binder_A: type=1400 audit(0.0:606): avc: denied { ioctl } for path="pipe:[155508]" dev="pipefs" ino=155508 ioctlcmd=7704 scontext=u:r:system_server:s0 tcontext=u:r:shell:s0 tclass=fifo_file permissive=0
10-29 13:58:03.050   978   978 W LstmExtension: no lmDescriptor could be found for en_US/20170411
10-29 13:58:03.051   978   978 W LstmExtension: no lmDescriptor could be found for en_US/20170411
10-29 13:58:03.052   978   978 I Conv2QueryExtension: isEnabled() : true
10-29 13:58:03.046  2191  2191 W Binder_A: type=1400 audit(0.0:607): avc: denied { ioctl } for path="pipe:[155508]" dev="pipefs" ino=155508 ioctlcmd=7704 scontext=u:r:system_server:s0 tcontext=u:r:shell:s0 tclass=fifo_file permissive=0
10-29 13:58:03.491 15833 15833 I chatty  : uid=2000(shell) expire 463 lines
10-29 13:58:05.299   194   638 D AudioFlinger: mixer(0xb3e00000) throttle end: throttle time(11)
10-29 13:58:05.527   194 16664 I NuPlayerDecoder: [audio] saw output EOS
10-29 13:58:06.288   194 16660 D NuPlayerDriver: notifyListener_l(0xb5fd7f20), (2, 0, 0)
10-29 13:58:06.289   194   638 D audio_hw_primary: out_set_parameters: enter: usecase(0: deep-buffer-playback) kvpairs: routing=2
10-29 13:58:06.298   194 16660 D NuPlayerDriver: notifyListener_l(0xb5fd7f20), (6, 0, 0)
10-29 13:58:07.190  1244  1244 W Binder_8: type=1400 audit(0.0:608): avc: denied { ioctl } for path="pipe:[158651]" dev="pipefs" ino=158651 ioctlcmd=7704 scontext=u:r:system_server:s0 tcontext=u:r:shell:s0 tclass=fifo_file permissive=0
10-29 13:58:07.190  1244  1244 W Binder_8: type=1400 audit(0.0:609): avc: denied { ioctl } for path="pipe:[158651]" dev="pipefs" ino=158651 ioctlcmd=7704 scontext=u:r:system_server:s0 tcontext=u:r:shell:s0 tclass=fifo_file permissive=0
10-29 13:58:07.190  1244  1244 W Binder_8: type=1400 audit(0.0:610): avc: denied { ioctl } for path="pipe:[158651]" dev="pipefs" ino=158651 ioctlcmd=7704 scontext=u:r:system_server:s0 tcontext=u:r:shell:s0 tclass=fifo_file permissive=0
10-29 13:58:07.216   978   978 W LstmExtension: no lmDescriptor could be found for en_US/20170411
10-29 13:58:07.218   978   978 W LstmExtension: no lmDescriptor could be found for en_US/20170411
10-29 13:58:07.218   978   978 I Conv2QueryExtension: isEnabled() : true
10-29 13:58:07.210  1244  1244 W Binder_8: type=1400 audit(0.0:611): avc: denied { ioctl } for path="pipe:[158651]" dev="pipefs" ino=158651 ioctlcmd=7704 scontext=u:r:system_server:s0 tcontext=u:r:shell:s0 tclass=fifo_file permissive=0
10-29 13:58:08.894 16001 16025 I AndroidLoggerFactory: Logger name 'org.jbox2d.pooling.normal.MutableStack' exceeds maximum length of 23 characters, using 'o*.j*.p*.n*.MutableSta*' instead.
10-29 13:58:08.897 16001 16025 I AndroidLoggerFactory: Logger name 'org.jbox2d.pooling.normal.OrderedStack' exceeds maximum length of 23 characters, using 'o*.j*.p*.n*.OrderedSta*' instead.
10-29 13:58:08.917 16001 16025 D SoundManager: SOUND_GROUP_PLAY
10-29 13:58:08.983 16001 17261 I OMXClient: Using client-side OMX mux.
10-29 13:58:09.011 16001 17261 E OMXMaster: A component of name 'OMX.qcom.audio.decoder.aac' already exists, ignoring this one.
10-29 13:58:09.918 16001 17268 I OMXClient: Using client-side OMX mux.
10-29 13:58:09.941 16001 17268 E OMXMaster: A component of name 'OMX.qcom.audio.decoder.aac' already exists, ignoring this one.
10-29 13:58:10.447   608  1211 D NetlinkSocketObserver: NeighborEvent{elapsedMs=3453190, 192.168.192.1, [00000C07AC01], RTM_NEWNEIGH, NUD_STALE}
10-29 13:58:11.003 16001 17274 I OMXClient: Using client-side OMX mux.
10-29 13:58:11.019 16001 17274 E OMXMaster: A component of name 'OMX.qcom.audio.decoder.aac' already exists, ignoring this one.
10-29 13:58:11.435   758   758 W Binder_3: type=1400 audit(0.0:612): avc: denied { ioctl } for path="pipe:[157611]" dev="pipefs" ino=157611 ioctlcmd=7704 scontext=u:r:system_server:s0 tcontext=u:r:shell:s0 tclass=fifo_file permissive=0
10-29 13:58:11.435   758   758 W Binder_3: type=1400 audit(0.0:613): avc: denied { ioctl } for path="pipe:[157611]" dev="pipefs" ino=157611 ioctlcmd=7704 scontext=u:r:system_server:s0 tcontext=u:r:shell:s0 tclass=fifo_file permissive=0
10-29 13:58:11.435   758   758 W Binder_3: type=1400 audit(0.0:614): avc: denied { ioctl } for path="pipe:[157611]" dev="pipefs" ino=157611 ioctlcmd=7704 scontext=u:r:system_server:s0 tcontext=u:r:shell:s0 tclass=fifo_file permissive=0
10-29 13:58:11.466   978   978 W LstmExtension: no lmDescriptor could be found for en_US/20170411
10-29 13:58:11.470   978   978 W LstmExtension: no lmDescriptor could be found for en_US/20170411
10-29 13:58:11.471   978   978 I Conv2QueryExtension: isEnabled() : true
10-29 13:58:11.465   758   758 W Binder_3: type=1400 audit(0.0:615): avc: denied { ioctl } for path="pipe:[157611]" dev="pipefs" ino=157611 ioctlcmd=7704 scontext=u:r:system_server:s0 tcontext=u:r:shell:s0 tclass=fifo_file permissive=0
10-29 13:58:12.390 16001 17283 I OMXClient: Using client-side OMX mux.
10-29 13:58:12.405 16001 17283 E OMXMaster: A component of name 'OMX.qcom.audio.decoder.aac' already exists, ignoring this one.
10-29 13:58:13.476 16001 17286 I OMXClient: Using client-side OMX mux.
10-29 13:58:13.494 16001 17286 E OMXMaster: A component of name 'OMX.qcom.audio.decoder.aac' already exists, ignoring this one.
10-29 13:58:14.287   190   596 E NetlinkEvent: NetlinkEvent::FindParam(): Parameter 'UID' not found
10-29 13:58:14.459 16001 17289 I OMXClient: Using client-side OMX mux.
10-29 13:58:14.480 16001 17289 E OMXMaster: A component of name 'OMX.qcom.audio.decoder.aac' already exists, ignoring this one.
10-29 13:58:15.429 16001 17292 I OMXClient: Using client-side OMX mux.
10-29 13:58:15.446 16001 17292 E OMXMaster: A component of name 'OMX.qcom.audio.decoder.aac' already exists, ignoring this one.
10-29 13:58:16.600  2157  2157 W Binder_9: type=1400 audit(0.0:616): avc: denied { ioctl } for path="pipe:[159420]" dev="pipefs" ino=159420 ioctlcmd=7704 scontext=u:r:system_server:s0 tcontext=u:r:shell:s0 tclass=fifo_file permissive=0
10-29 13:58:16.600  2157  2157 W Binder_9: type=1400 audit(0.0:617): avc: denied { ioctl } for path="pipe:[159420]" dev="pipefs" ino=159420 ioctlcmd=7704 scontext=u:r:system_server:s0 tcontext=u:r:shell:s0 tclass=fifo_file permissive=0
10-29 13:58:16.600  2157  2157 W Binder_9: type=1400 audit(0.0:618): avc: denied { ioctl } for path="pipe:[159420]" dev="pipefs" ino=159420 ioctlcmd=7704 scontext=u:r:system_server:s0 tcontext=u:r:shell:s0 tclass=fifo_file permissive=0
10-29 13:58:16.618   978   978 W LstmExtension: no lmDescriptor could be found for en_US/20170411
10-29 13:58:16.619   978   978 W LstmExtension: no lmDescriptor could be found for en_US/20170411
10-29 13:58:16.619   978   978 I Conv2QueryExtension: isEnabled() : true
10-29 13:58:16.610  2157  2157 W Binder_9: type=1400 audit(0.0:619): avc: denied { ioctl } for path="pipe:[159420]" dev="pipefs" ino=159420 ioctlcmd=7704 scontext=u:r:system_server:s0 tcontext=u:r:shell:s0 tclass=fifo_file permissive=0
10-29 13:58:20.834   619   619 W Binder_2: type=1400 audit(0.0:620): avc: denied { ioctl } for path="pipe:[160144]" dev="pipefs" ino=160144 ioctlcmd=7704 scontext=u:r:system_server:s0 tcontext=u:r:shell:s0 tclass=fifo_file permissive=0
10-29 13:58:20.834   619   619 W Binder_2: type=1400 audit(0.0:621): avc: denied { ioctl } for path="pipe:[160144]" dev="pipefs" ino=160144 ioctlcmd=7704 scontext=u:r:system_server:s0 tcontext=u:r:shell:s0 tclass=fifo_file permissive=0
10-29 13:58:20.834   619   619 W Binder_2: type=1400 audit(0.0:622): avc: denied { ioctl } for path="pipe:[160144]" dev="pipefs" ino=160144 ioctlcmd=7704 scontext=u:r:system_server:s0 tcontext=u:r:shell:s0 tclass=fifo_file permissive=0
10-29 13:58:20.853   978   978 W LstmExtension: no lmDescriptor could be found for en_US/20170411
10-29 13:58:20.853   978   978 W LstmExtension: no lmDescriptor could be found for en_US/20170411
10-29 13:58:20.854   978   978 I Conv2QueryExtension: isEnabled() : true
10-29 13:58:20.844   619   619 W Binder_2: type=1400 audit(0.0:623): avc: denied { ioctl } for path="pipe:[160144]" dev="pipefs" ino=160144 ioctlcmd=7704 scontext=u:r:system_server:s0 tcontext=u:r:shell:s0 tclass=fifo_file permissive=0
10-29 13:58:25.078   618   618 W Binder_1: type=1400 audit(0.0:624): avc: denied { ioctl } for path="pipe:[161289]" dev="pipefs" ino=161289 ioctlcmd=7704 scontext=u:r:system_server:s0 tcontext=u:r:shell:s0 tclass=fifo_file permissive=0
10-29 13:58:25.078   618   618 W Binder_1: type=1400 audit(0.0:625): avc: denied { ioctl } for path="pipe:[161289]" dev="pipefs" ino=161289 ioctlcmd=7704 scontext=u:r:system_server:s0 tcontext=u:r:shell:s0 tclass=fifo_file permissive=0
10-29 13:58:25.102   978   978 W LstmExtension: no lmDescriptor could be found for en_US/20170411
10-29 13:58:25.102   978   978 W LstmExtension: no lmDescriptor could be found for en_US/20170411
10-29 13:58:25.103   978   978 I Conv2QueryExtension: isEnabled() : true
10-29 13:58:25.105 15833 15833 I chatty  : uid=2000(shell) expire 306 lines
10-29 13:58:25.078   618   618 W Binder_1: type=1400 audit(0.0:626): avc: denied { ioctl } for path="pipe:[161289]" dev="pipefs" ino=161289 ioctlcmd=7704 scontext=u:r:system_server:s0 tcontext=u:r:shell:s0 tclass=fifo_file permissive=0
10-29 13:58:25.088   618   618 W Binder_1: type=1400 audit(0.0:627): avc: denied { ioctl } for path="pipe:[161289]" dev="pipefs" ino=161289 ioctlcmd=7704 scontext=u:r:system_server:s0 tcontext=u:r:shell:s0 tclass=fifo_file permissive=0
10-29 13:58:29.352  2539  2539 W Binder_C: type=1400 audit(0.0:628): avc: denied { ioctl } for path="pipe:[162062]" dev="pipefs" ino=162062 ioctlcmd=7704 scontext=u:r:system_server:s0 tcontext=u:r:shell:s0 tclass=fifo_file permissive=0
10-29 13:58:29.352  2539  2539 W Binder_C: type=1400 audit(0.0:629): avc: denied { ioctl } for path="pipe:[162062]" dev="pipefs" ino=162062 ioctlcmd=7704 scontext=u:r:system_server:s0 tcontext=u:r:shell:s0 tclass=fifo_file permissive=0
10-29 13:58:29.352  2539  2539 W Binder_C: type=1400 audit(0.0:630): avc: denied { ioctl } for path="pipe:[162062]" dev="pipefs" ino=162062 ioctlcmd=7704 scontext=u:r:system_server:s0 tcontext=u:r:shell:s0 tclass=fifo_file permissive=0
10-29 13:58:29.372   978   978 W LstmExtension: no lmDescriptor could be found for en_US/20170411
10-29 13:58:29.373   978   978 W LstmExtension: no lmDescriptor could be found for en_US/20170411
10-29 13:58:29.373   978   978 I Conv2QueryExtension: isEnabled() : true
10-29 13:58:29.362  2539  2539 W Binder_C: type=1400 audit(0.0:631): avc: denied { ioctl } for path="pipe:[162062]" dev="pipefs" ino=162062 ioctlcmd=7704 scontext=u:r:system_server:s0 tcontext=u:r:shell:s0 tclass=fifo_file permissive=0
10-29 13:58:32.841  2495  2540 I PlayCommon: [205] com.google.android.play.a.h.e(248): Preparing logs for uploading
10-29 13:58:32.895  2495  2540 I PlayCommon: [205] com.google.android.play.a.h.a(470): Connecting to server: https://play.googleapis.com/play/log?format=raw&proto_v2=true
10-29 13:58:32.911   190   596 E NetlinkEvent: NetlinkEvent::FindParam(): Parameter 'UID' not found
10-29 13:58:33.009  2495  2540 I PlayCommon: [205] com.google.android.play.a.h.a(527): Successfully uploaded logs.
10-29 13:58:33.556  2191  2191 W Binder_A: type=1400 audit(0.0:632): avc: denied { ioctl } for path="pipe:[160636]" dev="pipefs" ino=160636 ioctlcmd=7704 scontext=u:r:system_server:s0 tcontext=u:r:shell:s0 tclass=fifo_file permissive=0
10-29 13:58:33.556  2191  2191 W Binder_A: type=1400 audit(0.0:633): avc: denied { ioctl } for path="pipe:[160636]" dev="pipefs" ino=160636 ioctlcmd=7704 scontext=u:r:system_server:s0 tcontext=u:r:shell:s0 tclass=fifo_file permissive=0
10-29 13:58:33.556  2191  2191 W Binder_A: type=1400 audit(0.0:634): avc: denied { ioctl } for path="pipe:[160636]" dev="pipefs" ino=160636 ioctlcmd=7704 scontext=u:r:system_server:s0 tcontext=u:r:shell:s0 tclass=fifo_file permissive=0
10-29 13:58:33.576   978   978 W LstmExtension: no lmDescriptor could be found for en_US/20170411
10-29 13:58:33.578   978   978 W LstmExtension: no lmDescriptor could be found for en_US/20170411
10-29 13:58:33.579   978   978 I Conv2QueryExtension: isEnabled() : true
10-29 13:58:33.576  2191  2191 W Binder_A: type=1400 audit(0.0:635): avc: denied { ioctl } for path="pipe:[160636]" dev="pipefs" ino=160636 ioctlcmd=7704 scontext=u:r:system_server:s0 tcontext=u:r:shell:s0 tclass=fifo_file permissive=0
10-29 13:58:37.820  1244  1244 W Binder_8: type=1400 audit(0.0:636): avc: denied { ioctl } for path="pipe:[164089]" dev="pipefs" ino=164089 ioctlcmd=7704 scontext=u:r:system_server:s0 tcontext=u:r:shell:s0 tclass=fifo_file permissive=0
10-29 13:58:37.830  1244  1244 W Binder_8: type=1400 audit(0.0:637): avc: denied { ioctl } for path="pipe:[164089]" dev="pipefs" ino=164089 ioctlcmd=7704 scontext=u:r:system_server:s0 tcontext=u:r:shell:s0 tclass=fifo_file permissive=0
10-29 13:58:37.830  1244  1244 W Binder_8: type=1400 audit(0.0:638): avc: denied { ioctl } for path="pipe:[164089]" dev="pipefs" ino=164089 ioctlcmd=7704 scontext=u:r:system_server:s0 tcontext=u:r:shell:s0 tclass=fifo_file permissive=0
10-29 13:58:37.851   978   978 W LstmExtension: no lmDescriptor could be found for en_US/20170411
10-29 13:58:37.852   978   978 W LstmExtension: no lmDescriptor could be found for en_US/20170411
10-29 13:58:37.853   978   978 I Conv2QueryExtension: isEnabled() : true
10-29 13:58:37.840  1244  1244 W Binder_8: type=1400 audit(0.0:639): avc: denied { ioctl } for path="pipe:[164089]" dev="pipefs" ino=164089 ioctlcmd=7704 scontext=u:r:system_server:s0 tcontext=u:r:shell:s0 tclass=fifo_file permissive=0
10-29 13:58:37.855 15833 15833 I chatty  : uid=2000(shell) expire 306 lines
10-29 13:58:37.918   608  1211 D NetlinkSocketObserver: NeighborEvent{elapsedMs=3480660, 192.168.192.1, [00000C07AC01], RTM_NEWNEIGH, NUD_REACHABLE}
10-29 13:58:38.218   194 16664 I NuPlayerDecoder: [audio] saw output EOS
10-29 13:58:38.827   194 16660 D NuPlayerDriver: notifyListener_l(0xb5fd7f20), (2, 0, 0)
10-29 13:58:38.829   194   638 D audio_hw_primary: out_set_parameters: enter: usecase(0: deep-buffer-playback) kvpairs: routing=2
10-29 13:58:38.839   194 16660 D NuPlayerDriver: notifyListener_l(0xb5fd7f20), (6, 0, 0)
10-29 13:58:42.074   618   618 W Binder_1: type=1400 audit(0.0:640): avc: denied { ioctl } for path="pipe:[163510]" dev="pipefs" ino=163510 ioctlcmd=7704 scontext=u:r:system_server:s0 tcontext=u:r:shell:s0 tclass=fifo_file permissive=0
10-29 13:58:42.074   618   618 W Binder_1: type=1400 audit(0.0:641): avc: denied { ioctl } for path="pipe:[163510]" dev="pipefs" ino=163510 ioctlcmd=7704 scontext=u:r:system_server:s0 tcontext=u:r:shell:s0 tclass=fifo_file permissive=0
10-29 13:58:42.074   618   618 W Binder_1: type=1400 audit(0.0:642): avc: denied { ioctl } for path="pipe:[163510]" dev="pipefs" ino=163510 ioctlcmd=7704 scontext=u:r:system_server:s0 tcontext=u:r:shell:s0 tclass=fifo_file permissive=0
10-29 13:58:42.087   978   978 W LstmExtension: no lmDescriptor could be found for en_US/20170411
10-29 13:58:42.087   978   978 W LstmExtension: no lmDescriptor could be found for en_US/20170411
10-29 13:58:42.088   978   978 I Conv2QueryExtension: isEnabled() : true
10-29 13:58:42.085   618   618 W Binder_1: type=1400 audit(0.0:643): avc: denied { ioctl } for path="pipe:[163510]" dev="pipefs" ino=163510 ioctlcmd=7704 scontext=u:r:system_server:s0 tcontext=u:r:shell:s0 tclass=fifo_file permissive=0
10-29 13:58:44.207   608  1211 D NetlinkSocketObserver: NeighborEvent{elapsedMs=3486949, 192.168.192.1, [00000C07AC01], RTM_NEWNEIGH, NUD_STALE}
10-29 13:58:46.309  2192  2192 W Binder_B: type=1400 audit(0.0:644): avc: denied { ioctl } for path="pipe:[163601]" dev="pipefs" ino=163601 ioctlcmd=7704 scontext=u:r:system_server:s0 tcontext=u:r:shell:s0 tclass=fifo_file permissive=0
10-29 13:58:46.309  2192  2192 W Binder_B: type=1400 audit(0.0:645): avc: denied { ioctl } for path="pipe:[163601]" dev="pipefs" ino=163601 ioctlcmd=7704 scontext=u:r:system_server:s0 tcontext=u:r:shell:s0 tclass=fifo_file permissive=0
10-29 13:58:46.309  2192  2192 W Binder_B: type=1400 audit(0.0:646): avc: denied { ioctl } for path="pipe:[163601]" dev="pipefs" ino=163601 ioctlcmd=7704 scontext=u:r:system_server:s0 tcontext=u:r:shell:s0 tclass=fifo_file permissive=0
10-29 13:58:46.329   978   978 W LstmExtension: no lmDescriptor could be found for en_US/20170411
10-29 13:58:46.330   978   978 W LstmExtension: no lmDescriptor could be found for en_US/20170411
10-29 13:58:46.331   978   978 I Conv2QueryExtension: isEnabled() : true
10-29 13:58:46.319  2192  2192 W Binder_B: type=1400 audit(0.0:647): avc: denied { ioctl } for path="pipe:[163601]" dev="pipefs" ino=163601 ioctlcmd=7704 scontext=u:r:system_server:s0 tcontext=u:r:shell:s0 tclass=fifo_file permissive=0
10-29 13:58:48.087   190   596 E NetlinkEvent: NetlinkEvent::FindParam(): Parameter 'UID' not found
10-29 13:58:50.513  2791  2791 W Binder_10: type=1400 audit(0.0:648): avc: denied { ioctl } for path="pipe:[164659]" dev="pipefs" ino=164659 ioctlcmd=7704 scontext=u:r:system_server:s0 tcontext=u:r:shell:s0 tclass=fifo_file permissive=0
10-29 13:58:50.513  2791  2791 W Binder_10: type=1400 audit(0.0:649): avc: denied { ioctl } for path="pipe:[164659]" dev="pipefs" ino=164659 ioctlcmd=7704 scontext=u:r:system_server:s0 tcontext=u:r:shell:s0 tclass=fifo_file permissive=0
10-29 13:58:50.513  2791  2791 W Binder_10: type=1400 audit(0.0:650): avc: denied { ioctl } for path="pipe:[164659]" dev="pipefs" ino=164659 ioctlcmd=7704 scontext=u:r:system_server:s0 tcontext=u:r:shell:s0 tclass=fifo_file permissive=0
10-29 13:58:50.537   978   978 W LstmExtension: no lmDescriptor could be found for en_US/20170411
10-29 13:58:50.538   978   978 W LstmExtension: no lmDescriptor could be found for en_US/20170411
10-29 13:58:50.539   978   978 I Conv2QueryExtension: isEnabled() : true
10-29 13:58:50.533  2791  2791 W Binder_10: type=1400 audit(0.0:651): avc: denied { ioctl } for path="pipe:[164659]" dev="pipefs" ino=164659 ioctlcmd=7704 scontext=u:r:system_server:s0 tcontext=u:r:shell:s0 tclass=fifo_file permissive=0
10-29 13:58:50.543 15833 15833 I chatty  : uid=2000(shell) expire 300 lines
10-29 13:58:55.418  2191  2191 W Binder_A: type=1400 audit(0.0:652): avc: denied { ioctl } for path="pipe:[165327]" dev="pipefs" ino=165327 ioctlcmd=7704 scontext=u:r:system_server:s0 tcontext=u:r:shell:s0 tclass=fifo_file permissive=0
10-29 13:58:55.428  2191  2191 W Binder_A: type=1400 audit(0.0:653): avc: denied { ioctl } for path="pipe:[165327]" dev="pipefs" ino=165327 ioctlcmd=7704 scontext=u:r:system_server:s0 tcontext=u:r:shell:s0 tclass=fifo_file permissive=0
10-29 13:58:55.428  2191  2191 W Binder_A: type=1400 audit(0.0:654): avc: denied { ioctl } for path="pipe:[165327]" dev="pipefs" ino=165327 ioctlcmd=7704 scontext=u:r:system_server:s0 tcontext=u:r:shell:s0 tclass=fifo_file permissive=0
10-29 13:58:55.451   978   978 W LstmExtension: no lmDescriptor could be found for en_US/20170411
10-29 13:58:55.451   978   978 W LstmExtension: no lmDescriptor could be found for en_US/20170411
10-29 13:58:55.452   978   978 I Conv2QueryExtension: isEnabled() : true
10-29 13:58:55.438  2191  2191 W Binder_A: type=1400 audit(0.0:655): avc: denied { ioctl } for path="pipe:[165327]" dev="pipefs" ino=165327 ioctlcmd=7704 scontext=u:r:system_server:s0 tcontext=u:r:shell:s0 tclass=fifo_file permissive=0
10-29 13:58:59.572  2791  2791 W Binder_10: type=1400 audit(0.0:656): avc: denied { ioctl } for path="pipe:[165478]" dev="pipefs" ino=165478 ioctlcmd=7704 scontext=u:r:system_server:s0 tcontext=u:r:shell:s0 tclass=fifo_file permissive=0
10-29 13:58:59.572  2791  2791 W Binder_10: type=1400 audit(0.0:657): avc: denied { ioctl } for path="pipe:[165478]" dev="pipefs" ino=165478 ioctlcmd=7704 scontext=u:r:system_server:s0 tcontext=u:r:shell:s0 tclass=fifo_file permissive=0
10-29 13:58:59.572  2791  2791 W Binder_10: type=1400 audit(0.0:658): avc: denied { ioctl } for path="pipe:[165478]" dev="pipefs" ino=165478 ioctlcmd=7704 scontext=u:r:system_server:s0 tcontext=u:r:shell:s0 tclass=fifo_file permissive=0
10-29 13:58:59.609   978   978 W LstmExtension: no lmDescriptor could be found for en_US/20170411
10-29 13:58:59.617   978   978 W LstmExtension: no lmDescriptor could be found for en_US/20170411
10-29 13:58:59.623   978   978 I Conv2QueryExtension: isEnabled() : true
10-29 13:58:59.612  2791  2791 W Binder_10: type=1400 audit(0.0:659): avc: denied { ioctl } for path="pipe:[165478]" dev="pipefs" ino=165478 ioctlcmd=7704 scontext=u:r:system_server:s0 tcontext=u:r:shell:s0 tclass=fifo_file permissive=0
10-29 13:59:02.689   608   761 W BroadcastQueue: Permission Denial: broadcasting Intent { act=com.amazon.venezia.notification.FLUSH_NOTIFICATION_CACHE flg=0x14 (has extras) } from com.amazon.mShop.android (pid=-1, uid=10083) is not exported from uid 10095 due to receiver com.amazon.venezia/.notification.NotificationEventReceiver
10-29 13:59:02.689   608   621 W BroadcastQueue: Permission Denial: broadcasting Intent { act=com.amazon.venezia.notification.FLUSH_NOTIFICATION_CACHE flg=0x14 (has extras) } from com.amazon.venezia (pid=-1, uid=10095) is not exported from uid 10083 due to receiver com.amazon.mShop.android/com.amazon.venezia.notification.NotificationEventReceiver
10-29 13:59:02.777  1173 17006 I chatty  : uid=10008 com.google.android.gms.persistent expire 2 lines
10-29 13:59:02.839  1173 17006 W Auth    : [GoogleAuthUtil] GoogleAuthUtil
10-29 13:59:02.839  1173 17006 W AuthSessionAuthenticato: Auth related exception is being ignored: BadAuthentication
10-29 13:59:02.850  1173 17006 E ctxmgr  : [BaseServerTask]Server task (FetchAclSet) got error statusCode=-1.
10-29 13:59:02.850  1173 17006 E ctxmgr  : com.android.volley.VolleyError: Unable to obtain auth token - is the device online?
10-29 13:59:02.850  1173 17006 E ctxmgr  : 	at cij.a(:com.google.android.gms:66)
10-29 13:59:02.850  1173 17006 E ctxmgr  : 	at cdn.run(:com.google.android.gms:1)
10-29 13:59:02.850  1173 17006 E ctxmgr  : 	at cdl.handleMessage(:com.google.android.gms:2)
10-29 13:59:02.850  1173 17006 E ctxmgr  : 	at mfu.run(:com.google.android.gms:5)
10-29 13:59:02.850  1173 17006 E ctxmgr  : 	at mge.run(:com.google.android.gms:24)
10-29 13:59:02.850  1173 17006 E ctxmgr  : 	at java.util.concurrent.ThreadPoolExecutor.runWorker(ThreadPoolExecutor.java:1113)
10-29 13:59:02.850  1173 17006 E ctxmgr  : 	at java.util.concurrent.ThreadPoolExecutor$Worker.run(ThreadPoolExecutor.java:588)
10-29 13:59:02.850  1173 17006 E ctxmgr  : 	at mlf.run(:com.google.android.gms:0)
10-29 13:59:02.850  1173 17006 E ctxmgr  : 	at java.lang.Thread.run(Thread.java:818)
10-29 13:59:02.853  1173 17006 E ctxmgr  : [AccountAclCallback]Failed Acl fetch: network status=-1
10-29 13:59:02.923  1454 17181 W Herrevad: [779] tgq.b: Invalid mccmnc 
10-29 13:59:02.925  1454 17181 W Herrevad: [779] tgq.b: Invalid mccmnc 
10-29 13:59:02.944  1173  2607 E Auth    : [GoogleAccountDataServiceImpl] getToken() -> BAD_AUTHENTICATION. Account: <ELLIDED:-1050400687>, App: com.google.android.apps.gcs, Service: oauth2:https://www.googleapis.com/auth/nova
10-29 13:59:02.944  1173  2607 E Auth    : ech: Long live credential not available.
10-29 13:59:02.944  1173  2607 E Auth    : 	at eci.b(:com.google.android.gms:0)
10-29 13:59:02.944  1173  2607 E Auth    : 	at eci.a(:com.google.android.gms:16)
10-29 13:59:02.944  1173  2607 E Auth    : 	at eav.a(:com.google.android.gms:61)
10-29 13:59:02.944  1173  2607 E Auth    : 	at fjb.a(:com.google.android.gms:7)
10-29 13:59:02.944  1173  2607 E Auth    : 	at fjb.a(:com.google.android.gms:3)
10-29 13:59:02.944  1173  2607 E Auth    : 	at fic.a(:com.google.android.gms:1)
10-29 13:59:02.944  1173  2607 E Auth    : 	at fia.a(:com.google.android.gms:16)
10-29 13:59:02.944  1173  2607 E Auth    : 	at fia.a(:com.google.android.gms:5)
10-29 13:59:02.944  1173  2607 E Auth    : 	at bsc.a(:com.google.android.gms:188)
10-29 13:59:02.944  1173  2607 E Auth    : 	at bsc.a(:com.google.android.gms:63)
10-29 13:59:02.944  1173  2607 E Auth    : 	at bsc.onTransact(:com.google.android.gms:5)
10-29 13:59:02.944  1173  2607 E Auth    : 	at android.os.Binder.transact(Binder.java:387)
10-29 13:59:02.944  1173  2607 E Auth    : 	at bui.onTransact(:com.google.android.gms:2)
10-29 13:59:02.944  1173  2607 E Auth    : 	at android.os.Binder.execTransact(Binder.java:453)
10-29 13:59:02.945  1173  2607 W Auth    : [GetToken] GetToken failed with status code: BadAuthentication
10-29 13:59:02.960 14549 17690 E Gcs.NfeApertureClient: [480] g.a: Failed to get WFA elibility.
10-29 13:59:02.960 14549 17690 E Gcs.NfeApertureClient: java.util.concurrent.ExecutionException: com.a.a.a: User needs to (re)enter credentials.
10-29 13:59:02.960 14549 17690 E Gcs.NfeApertureClient: 	at com.a.a.a.g.a(SourceFile:117)
10-29 13:59:02.960 14549 17690 E Gcs.NfeApertureClient: 	at com.a.a.a.g.get(SourceFile:97)
10-29 13:59:02.960 14549 17690 E Gcs.NfeApertureClient: 	at com.google.android.apps.gcs.chell.a.a.a(SourceFile:40)
10-29 13:59:02.960 14549 17690 E Gcs.NfeApertureClient: 	at com.google.android.apps.gcs.service.WfaEligibilityRefreshingGcmTaskService.a(SourceFile:69)
10-29 13:59:02.960 14549 17690 E Gcs.NfeApertureClient: 	at com.google.android.gms.gcm.b$a.run(Unknown Source)
10-29 13:59:02.960 14549 17690 E Gcs.NfeApertureClient: Caused by: com.a.a.a: User needs to (re)enter credentials.
10-29 13:59:02.960 14549 17690 E Gcs.NfeApertureClient: 	at com.google.android.flib.a.a.a(SourceFile:170)
10-29 13:59:02.960 14549 17690 E Gcs.NfeApertureClient: 	at com.a.a.a.d.a(SourceFile:79)
10-29 13:59:02.960 14549 17690 E Gcs.NfeApertureClient: 	at com.a.a.a.a.a(SourceFile:97)
10-29 13:59:02.960 14549 17690 E Gcs.NfeApertureClient: 	at com.a.a.h.run(SourceFile:112)
10-29 13:59:02.961 14549 17690 W Gcs.WfaEliRefreshTask: [480] g.c: NULL eligibility response.
10-29 13:59:03.252 15833 15833 I chatty  : uid=2000(shell) expire 337 lines
10-29 13:59:03.796   766   766 W Binder_5: type=1400 audit(0.0:660): avc: denied { ioctl } for path="pipe:[162809]" dev="pipefs" ino=162809 ioctlcmd=7704 scontext=u:r:system_server:s0 tcontext=u:r:shell:s0 tclass=fifo_file permissive=0
10-29 13:59:03.796   766   766 W Binder_5: type=1400 audit(0.0:661): avc: denied { ioctl } for path="pipe:[162809]" dev="pipefs" ino=162809 ioctlcmd=7704 scontext=u:r:system_server:s0 tcontext=u:r:shell:s0 tclass=fifo_file permissive=0
10-29 13:59:03.796   766   766 W Binder_5: type=1400 audit(0.0:662): avc: denied { ioctl } for path="pipe:[162809]" dev="pipefs" ino=162809 ioctlcmd=7704 scontext=u:r:system_server:s0 tcontext=u:r:shell:s0 tclass=fifo_file permissive=0
10-29 13:59:03.808   978   978 W LstmExtension: no lmDescriptor could be found for en_US/20170411
10-29 13:59:03.809   978   978 W LstmExtension: no lmDescriptor could be found for en_US/20170411
10-29 13:59:03.810   978   978 I Conv2QueryExtension: isEnabled() : true
10-29 13:59:03.806   766   766 W Binder_5: type=1400 audit(0.0:663): avc: denied { ioctl } for path="pipe:[162809]" dev="pipefs" ino=162809 ioctlcmd=7704 scontext=u:r:system_server:s0 tcontext=u:r:shell:s0 tclass=fifo_file permissive=0
10-29 13:59:04.858   194   638 D AudioFlinger: mixer(0xb3e00000) throttle end: throttle time(1)
10-29 13:59:07.732 16001 16001 I Ads     : Ad is not visible. Not refreshing ad.
10-29 13:59:07.732 16001 16001 I Ads     : Scheduling ad refresh 60000 milliseconds from now.
10-29 13:59:07.970  2157  2157 W Binder_9: type=1400 audit(0.0:664): avc: denied { ioctl } for path="pipe:[167510]" dev="pipefs" ino=167510 ioctlcmd=7704 scontext=u:r:system_server:s0 tcontext=u:r:shell:s0 tclass=fifo_file permissive=0
10-29 13:59:07.970  2157  2157 W Binder_9: type=1400 audit(0.0:665): avc: denied { ioctl } for path="pipe:[167510]" dev="pipefs" ino=167510 ioctlcmd=7704 scontext=u:r:system_server:s0 tcontext=u:r:shell:s0 tclass=fifo_file permissive=0
10-29 13:59:07.970  2157  2157 W Binder_9: type=1400 audit(0.0:666): avc: denied { ioctl } for path="pipe:[167510]" dev="pipefs" ino=167510 ioctlcmd=7704 scontext=u:r:system_server:s0 tcontext=u:r:shell:s0 tclass=fifo_file permissive=0
10-29 13:59:08.002   978   978 W LstmExtension: no lmDescriptor could be found for en_US/20170411
10-29 13:59:08.002   978   978 W LstmExtension: no lmDescriptor could be found for en_US/20170411
10-29 13:59:08.003   978   978 I Conv2QueryExtension: isEnabled() : true
10-29 13:59:07.990  2157  2157 W Binder_9: type=1400 audit(0.0:667): avc: denied { ioctl } for path="pipe:[167510]" dev="pipefs" ino=167510 ioctlcmd=7704 scontext=u:r:system_server:s0 tcontext=u:r:shell:s0 tclass=fifo_file permissive=0
10-29 13:59:10.814   194 16664 I NuPlayerDecoder: [audio] saw output EOS
10-29 13:59:11.384   194 16660 D NuPlayerDriver: notifyListener_l(0xb5fd7f20), (2, 0, 0)
10-29 13:59:11.388   194   638 D audio_hw_primary: out_set_parameters: enter: usecase(0: deep-buffer-playback) kvpairs: routing=2
10-29 13:59:11.398   194 16660 D NuPlayerDriver: notifyListener_l(0xb5fd7f20), (6, 0, 0)
10-29 13:59:12.174  1104  1104 W Binder_6: type=1400 audit(0.0:668): avc: denied { ioctl } for path="pipe:[169079]" dev="pipefs" ino=169079 ioctlcmd=7704 scontext=u:r:system_server:s0 tcontext=u:r:shell:s0 tclass=fifo_file permissive=0
10-29 13:59:12.184  1104  1104 W Binder_6: type=1400 audit(0.0:669): avc: denied { ioctl } for path="pipe:[169079]" dev="pipefs" ino=169079 ioctlcmd=7704 scontext=u:r:system_server:s0 tcontext=u:r:shell:s0 tclass=fifo_file permissive=0
10-29 13:59:12.184  1104  1104 W Binder_6: type=1400 audit(0.0:670): avc: denied { ioctl } for path="pipe:[169079]" dev="pipefs" ino=169079 ioctlcmd=7704 scontext=u:r:system_server:s0 tcontext=u:r:shell:s0 tclass=fifo_file permissive=0
10-29 13:59:12.200   978   978 W LstmExtension: no lmDescriptor could be found for en_US/20170411
10-29 13:59:12.201   978   978 W LstmExtension: no lmDescriptor could be found for en_US/20170411
10-29 13:59:12.201   978   978 I Conv2QueryExtension: isEnabled() : true
10-29 13:59:12.194  1104  1104 W Binder_6: type=1400 audit(0.0:671): avc: denied { ioctl } for path="pipe:[169079]" dev="pipefs" ino=169079 ioctlcmd=7704 scontext=u:r:system_server:s0 tcontext=u:r:shell:s0 tclass=fifo_file permissive=0
10-29 13:59:16.298   758   758 W Binder_3: type=1400 audit(0.0:672): avc: denied { ioctl } for path="pipe:[168243]" dev="pipefs" ino=168243 ioctlcmd=7704 scontext=u:r:system_server:s0 tcontext=u:r:shell:s0 tclass=fifo_file permissive=0
10-29 13:59:16.298   758   758 W Binder_3: type=1400 audit(0.0:673): avc: denied { ioctl } for path="pipe:[168243]" dev="pipefs" ino=168243 ioctlcmd=7704 scontext=u:r:system_server:s0 tcontext=u:r:shell:s0 tclass=fifo_file permissive=0
10-29 13:59:16.298   758   758 W Binder_3: type=1400 audit(0.0:674): avc: denied { ioctl } for path="pipe:[168243]" dev="pipefs" ino=168243 ioctlcmd=7704 scontext=u:r:system_server:s0 tcontext=u:r:shell:s0 tclass=fifo_file permissive=0
10-29 13:59:16.323   978   978 W LstmExtension: no lmDescriptor could be found for en_US/20170411
10-29 13:59:16.325   978   978 W LstmExtension: no lmDescriptor could be found for en_US/20170411
10-29 13:59:16.326   978   978 I Conv2QueryExtension: isEnabled() : true
10-29 13:59:16.308   758   758 W Binder_3: type=1400 audit(0.0:675): avc: denied { ioctl } for path="pipe:[168243]" dev="pipefs" ino=168243 ioctlcmd=7704 scontext=u:r:system_server:s0 tcontext=u:r:shell:s0 tclass=fifo_file permissive=0
10-29 13:59:16.330 15833 15833 I chatty  : uid=2000(shell) expire 318 lines
10-29 13:59:17.936 16001 16025 W AudioTrack: AUDIO_OUTPUT_FLAG_FAST denied by client; transfer 4, track 22050 Hz, output 48000 Hz
10-29 13:59:17.939   194   637 D audio_hw_primary: out_set_parameters: enter: usecase(1: low-latency-playback) kvpairs: routing=2
10-29 13:59:17.949   194   637 D audio_hw_primary: select_devices: out_snd_device(2: speaker) in_snd_device(0: none)
10-29 13:59:17.949   194   637 D ACDB-LOADER: ACDB -> send_afe_cal
10-29 13:59:17.949   194   637 D audio_hw_primary: enable_audio_route: apply and update mixer path: low-latency-playback
10-29 13:59:20.412  2784  2784 W Binder_F: type=1400 audit(0.0:676): avc: denied { ioctl } for path="pipe:[170200]" dev="pipefs" ino=170200 ioctlcmd=7704 scontext=u:r:system_server:s0 tcontext=u:r:shell:s0 tclass=fifo_file permissive=0
10-29 13:59:20.412  2784  2784 W Binder_F: type=1400 audit(0.0:677): avc: denied { ioctl } for path="pipe:[170200]" dev="pipefs" ino=170200 ioctlcmd=7704 scontext=u:r:system_server:s0 tcontext=u:r:shell:s0 tclass=fifo_file permissive=0
10-29 13:59:20.412  2784  2784 W Binder_F: type=1400 audit(0.0:678): avc: denied { ioctl } for path="pipe:[170200]" dev="pipefs" ino=170200 ioctlcmd=7704 scontext=u:r:system_server:s0 tcontext=u:r:shell:s0 tclass=fifo_file permissive=0
10-29 13:59:20.429   978   978 W LstmExtension: no lmDescriptor could be found for en_US/20170411
10-29 13:59:20.430   978   978 W LstmExtension: no lmDescriptor could be found for en_US/20170411
10-29 13:59:20.431   978   978 I Conv2QueryExtension: isEnabled() : true
10-29 13:59:20.422  2784  2784 W Binder_F: type=1400 audit(0.0:679): avc: denied { ioctl } for path="pipe:[170200]" dev="pipefs" ino=170200 ioctlcmd=7704 scontext=u:r:system_server:s0 tcontext=u:r:shell:s0 tclass=fifo_file permissive=0
10-29 13:59:24.556   761   761 W Binder_4: type=1400 audit(0.0:680): avc: denied { ioctl } for path="pipe:[170481]" dev="pipefs" ino=170481 ioctlcmd=7704 scontext=u:r:system_server:s0 tcontext=u:r:shell:s0 tclass=fifo_file permissive=0
10-29 13:59:24.566   761   761 W Binder_4: type=1400 audit(0.0:681): avc: denied { ioctl } for path="pipe:[170481]" dev="pipefs" ino=170481 ioctlcmd=7704 scontext=u:r:system_server:s0 tcontext=u:r:shell:s0 tclass=fifo_file permissive=0
10-29 13:59:24.566   761   761 W Binder_4: type=1400 audit(0.0:682): avc: denied { ioctl } for path="pipe:[170481]" dev="pipefs" ino=170481 ioctlcmd=7704 scontext=u:r:system_server:s0 tcontext=u:r:shell:s0 tclass=fifo_file permissive=0
10-29 13:59:24.579   978   978 W LstmExtension: no lmDescriptor could be found for en_US/20170411
10-29 13:59:24.580   978   978 W LstmExtension: no lmDescriptor could be found for en_US/20170411
10-29 13:59:24.580   978   978 I Conv2QueryExtension: isEnabled() : true
10-29 13:59:24.576   761   761 W Binder_4: type=1400 audit(0.0:683): avc: denied { ioctl } for path="pipe:[170481]" dev="pipefs" ino=170481 ioctlcmd=7704 scontext=u:r:system_server:s0 tcontext=u:r:shell:s0 tclass=fifo_file permissive=0
10-29 13:59:28.710   766   766 W Binder_5: type=1400 audit(0.0:684): avc: denied { ioctl } for path="pipe:[168604]" dev="pipefs" ino=168604 ioctlcmd=7704 scontext=u:r:system_server:s0 tcontext=u:r:shell:s0 tclass=fifo_file permissive=0
10-29 13:59:28.710   766   766 W Binder_5: type=1400 audit(0.0:685): avc: denied { ioctl } for path="pipe:[168604]" dev="pipefs" ino=168604 ioctlcmd=7704 scontext=u:r:system_server:s0 tcontext=u:r:shell:s0 tclass=fifo_file permissive=0
10-29 13:59:28.710   766   766 W Binder_5: type=1400 audit(0.0:686): avc: denied { ioctl } for path="pipe:[168604]" dev="pipefs" ino=168604 ioctlcmd=7704 scontext=u:r:system_server:s0 tcontext=u:r:shell:s0 tclass=fifo_file permissive=0
10-29 13:59:28.734   978   978 W LstmExtension: no lmDescriptor could be found for en_US/20170411
10-29 13:59:28.735   978   978 W LstmExtension: no lmDescriptor could be found for en_US/20170411
10-29 13:59:28.735   978   978 I Conv2QueryExtension: isEnabled() : true
10-29 13:59:28.720   766   766 W Binder_5: type=1400 audit(0.0:687): avc: denied { ioctl } for path="pipe:[168604]" dev="pipefs" ino=168604 ioctlcmd=7704 scontext=u:r:system_server:s0 tcontext=u:r:shell:s0 tclass=fifo_file permissive=0
10-29 13:59:28.739 15833 15833 I chatty  : uid=2000(shell) expire 360 lines
10-29 13:59:32.060  8438  8438 E         : invalid crash request of size 4 (from pid=17166 uid=0)
10-29 13:59:32.207   608   644 W qcom_sensors_hal: hal_sensor1_data_cb: SENSOR1_MSG_TYPE_BROKEN_PIPE
10-29 13:59:32.226 17925 17925 E Diag_Lib:  Diag_LSM_Init: Failed to open handle to diag driver, error = 2
10-29 13:59:32.226 17925 17925 E Sensors : sns_fsa_la.c(386):fsa: fflush failed, 9
10-29 13:59:32.226 17925 17925 E Sensors : sns_fsa_la.c(386):fsa: fflush failed, 9
10-29 13:59:32.249 17925 17927 W Sensors : sns_smr_la.c(446):smr_la: smr_apps_la_thread_main is starting, fd=11, sns_smr.en_rx_msg_ptr=b6f8aa08
10-29 13:59:32.276 17925 17929 W Sensors : sns_sam_app.c(6827):sns_sam_reg_algo: Registering algo service 16, err 0
10-29 13:59:32.286 17925 17931 E Sensors : sns_debug_main.c(565):Debug Config File missing in EFS!
10-29 13:59:32.438   194   638 D AudioFlinger: mixer(0xb3e00000) throttle end: throttle time(4)
10-29 13:59:32.874  2192  2192 W Binder_B: type=1400 audit(0.0:688): avc: denied { ioctl } for path="pipe:[168745]" dev="pipefs" ino=168745 ioctlcmd=7704 scontext=u:r:system_server:s0 tcontext=u:r:shell:s0 tclass=fifo_file permissive=0
10-29 13:59:32.884  2192  2192 W Binder_B: type=1400 audit(0.0:689): avc: denied { ioctl } for path="pipe:[168745]" dev="pipefs" ino=168745 ioctlcmd=7704 scontext=u:r:system_server:s0 tcontext=u:r:shell:s0 tclass=fifo_file permissive=0
10-29 13:59:32.884  2192  2192 W Binder_B: type=1400 audit(0.0:690): avc: denied { ioctl } for path="pipe:[168745]" dev="pipefs" ino=168745 ioctlcmd=7704 scontext=u:r:system_server:s0 tcontext=u:r:shell:s0 tclass=fifo_file permissive=0
10-29 13:59:32.899   978   978 W LstmExtension: no lmDescriptor could be found for en_US/20170411
10-29 13:59:32.900   978   978 W LstmExtension: no lmDescriptor could be found for en_US/20170411
10-29 13:59:32.901   978   978 I Conv2QueryExtension: isEnabled() : true
10-29 13:59:32.894  2192  2192 W Binder_B: type=1400 audit(0.0:691): avc: denied { ioctl } for path="pipe:[168745]" dev="pipefs" ino=168745 ioctlcmd=7704 scontext=u:r:system_server:s0 tcontext=u:r:shell:s0 tclass=fifo_file permissive=0
10-29 13:59:36.955   194   637 D AudioFlinger: mixer(0xb4140000) throttle end: throttle time(2)
10-29 13:59:37.028  2191  2191 W Binder_A: type=1400 audit(0.0:692): avc: denied { ioctl } for path="pipe:[168816]" dev="pipefs" ino=168816 ioctlcmd=7704 scontext=u:r:system_server:s0 tcontext=u:r:shell:s0 tclass=fifo_file permissive=0
10-29 13:59:37.028  2191  2191 W Binder_A: type=1400 audit(0.0:693): avc: denied { ioctl } for path="pipe:[168816]" dev="pipefs" ino=168816 ioctlcmd=7704 scontext=u:r:system_server:s0 tcontext=u:r:shell:s0 tclass=fifo_file permissive=0
10-29 13:59:37.028  2191  2191 W Binder_A: type=1400 audit(0.0:694): avc: denied { ioctl } for path="pipe:[168816]" dev="pipefs" ino=168816 ioctlcmd=7704 scontext=u:r:system_server:s0 tcontext=u:r:shell:s0 tclass=fifo_file permissive=0
10-29 13:59:37.051   978   978 W LstmExtension: no lmDescriptor could be found for en_US/20170411
10-29 13:59:37.052   978   978 W LstmExtension: no lmDescriptor could be found for en_US/20170411
10-29 13:59:37.055   978   978 I Conv2QueryExtension: isEnabled() : true
10-29 13:59:37.048  2191  2191 W Binder_A: type=1400 audit(0.0:695): avc: denied { ioctl } for path="pipe:[168816]" dev="pipefs" ino=168816 ioctlcmd=7704 scontext=u:r:system_server:s0 tcontext=u:r:shell:s0 tclass=fifo_file permissive=0
10-29 13:59:41.662 15833 15882 I chatty  : uid=2000(shell) expire 1 line
10-29 13:59:41.918   194   638 D audio_hw_primary: out_set_parameters: enter: usecase(0: deep-buffer-playback) kvpairs: routing=2
10-29 13:59:41.943   761   761 W Binder_4: type=1400 audit(0.0:696): avc: denied { ioctl } for path="pipe:[172397]" dev="pipefs" ino=172397 ioctlcmd=7704 scontext=u:r:system_server:s0 tcontext=u:r:shell:s0 tclass=fifo_file permissive=0
10-29 13:59:41.943   761   761 W Binder_4: type=1400 audit(0.0:697): avc: denied { ioctl } for path="pipe:[172397]" dev="pipefs" ino=172397 ioctlcmd=7704 scontext=u:r:system_server:s0 tcontext=u:r:shell:s0 tclass=fifo_file permissive=0
10-29 13:59:41.943   761   761 W Binder_4: type=1400 audit(0.0:698): avc: denied { ioctl } for path="pipe:[172397]" dev="pipefs" ino=172397 ioctlcmd=7704 scontext=u:r:system_server:s0 tcontext=u:r:shell:s0 tclass=fifo_file permissive=0
10-29 13:59:41.963   978   978 W LstmExtension: no lmDescriptor could be found for en_US/20170411
10-29 13:59:41.965   978   978 W LstmExtension: no lmDescriptor could be found for en_US/20170411
10-29 13:59:41.967   978   978 I Conv2QueryExtension: isEnabled() : true
10-29 13:59:41.972 15833 15833 I chatty  : uid=2000(shell) expire 421 lines
10-29 13:59:41.963   761   761 W Binder_4: type=1400 audit(0.0:699): avc: denied { ioctl } for path="pipe:[172397]" dev="pipefs" ino=172397 ioctlcmd=7704 scontext=u:r:system_server:s0 tcontext=u:r:shell:s0 tclass=fifo_file permissive=0
10-29 13:59:42.714  2191  2191 W Binder_A: type=1400 audit(0.0:700): avc: denied { ioctl } for path="pipe:[172526]" dev="pipefs" ino=172526 ioctlcmd=7704 scontext=u:r:system_server:s0 tcontext=u:r:shell:s0 tclass=fifo_file permissive=0
10-29 13:59:42.714  2191  2191 W Binder_A: type=1400 audit(0.0:701): avc: denied { ioctl } for path="pipe:[172526]" dev="pipefs" ino=172526 ioctlcmd=7704 scontext=u:r:system_server:s0 tcontext=u:r:shell:s0 tclass=fifo_file permissive=0
10-29 13:59:42.714  2191  2191 W Binder_A: type=1400 audit(0.0:702): avc: denied { ioctl } for path="pipe:[172526]" dev="pipefs" ino=172526 ioctlcmd=7704 scontext=u:r:system_server:s0 tcontext=u:r:shell:s0 tclass=fifo_file permissive=0
10-29 13:59:42.733   978   978 W LstmExtension: no lmDescriptor could be found for en_US/20170411
10-29 13:59:42.734   978   978 W LstmExtension: no lmDescriptor could be found for en_US/20170411
10-29 13:59:42.735   978   978 I Conv2QueryExtension: isEnabled() : true
10-29 13:59:42.734  2191  2191 W Binder_A: type=1400 audit(0.0:703): avc: denied { ioctl } for path="pipe:[172526]" dev="pipefs" ino=172526 ioctlcmd=7704 scontext=u:r:system_server:s0 tcontext=u:r:shell:s0 tclass=fifo_file permissive=0
10-29 13:59:43.147   194 16664 I NuPlayerDecoder: [audio] saw output EOS
10-29 13:59:43.926   194 16660 D NuPlayerDriver: notifyListener_l(0xb5fd7f20), (2, 0, 0)
10-29 13:59:43.928   194   638 D audio_hw_primary: out_set_parameters: enter: usecase(0: deep-buffer-playback) kvpairs: routing=2
10-29 13:59:43.937   194 16660 D NuPlayerDriver: notifyListener_l(0xb5fd7f20), (6, 0, 0)
10-29 13:59:44.767   194   637 D audio_hw_primary: disable_audio_route: reset and update mixer path: low-latency-playback
10-29 13:59:45.195   190   596 E NetlinkEvent: NetlinkEvent::FindParam(): Parameter 'UID' not found
10-29 13:59:46.838  2783  2783 W Binder_E: type=1400 audit(0.0:704): avc: denied { ioctl } for path="pipe:[173476]" dev="pipefs" ino=173476 ioctlcmd=7704 scontext=u:r:system_server:s0 tcontext=u:r:shell:s0 tclass=fifo_file permissive=0
10-29 13:59:46.838  2783  2783 W Binder_E: type=1400 audit(0.0:705): avc: denied { ioctl } for path="pipe:[173476]" dev="pipefs" ino=173476 ioctlcmd=7704 scontext=u:r:system_server:s0 tcontext=u:r:shell:s0 tclass=fifo_file permissive=0
10-29 13:59:46.838  2783  2783 W Binder_E: type=1400 audit(0.0:706): avc: denied { ioctl } for path="pipe:[173476]" dev="pipefs" ino=173476 ioctlcmd=7704 scontext=u:r:system_server:s0 tcontext=u:r:shell:s0 tclass=fifo_file permissive=0
10-29 13:59:46.848  2783  2783 W Binder_E: type=1400 audit(0.0:707): avc: denied { ioctl } for path="pipe:[173476]" dev="pipefs" ino=173476 ioctlcmd=7704 scontext=u:r:system_server:s0 tcontext=u:r:shell:s0 tclass=fifo_file permissive=0
10-29 13:59:46.860   978   978 W LstmExtension: no lmDescriptor could be found for en_US/20170411
10-29 13:59:46.861   978   978 W LstmExtension: no lmDescriptor could be found for en_US/20170411
10-29 13:59:46.861   978   978 I Conv2QueryExtension: isEnabled() : true
10-29 13:59:47.588   618   618 W Binder_1: type=1400 audit(0.0:708): avc: denied { ioctl } for path="pipe:[173658]" dev="pipefs" ino=173658 ioctlcmd=7704 scontext=u:r:system_server:s0 tcontext=u:r:shell:s0 tclass=fifo_file permissive=0
10-29 13:59:47.588   618   618 W Binder_1: type=1400 audit(0.0:709): avc: denied { ioctl } for path="pipe:[173658]" dev="pipefs" ino=173658 ioctlcmd=7704 scontext=u:r:system_server:s0 tcontext=u:r:shell:s0 tclass=fifo_file permissive=0
10-29 13:59:47.612   978   978 W LstmExtension: no lmDescriptor could be found for en_US/20170411
10-29 13:59:47.614   978   978 W LstmExtension: no lmDescriptor could be found for en_US/20170411
10-29 13:59:47.614   978   978 I Conv2QueryExtension: isEnabled() : true
10-29 13:59:47.588   618   618 W Binder_1: type=1400 audit(0.0:710): avc: denied { ioctl } for path="pipe:[173658]" dev="pipefs" ino=173658 ioctlcmd=7704 scontext=u:r:system_server:s0 tcontext=u:r:shell:s0 tclass=fifo_file permissive=0
10-29 13:59:47.608   618   618 W Binder_1: type=1400 audit(0.0:711): avc: denied { ioctl } for path="pipe:[173658]" dev="pipefs" ino=173658 ioctlcmd=7704 scontext=u:r:system_server:s0 tcontext=u:r:shell:s0 tclass=fifo_file permissive=0
10-29 13:59:50.237   608  1211 D NetlinkSocketObserver: NeighborEvent{elapsedMs=3552980, 192.168.192.1, [00000C07AC01], RTM_NEWNEIGH, NUD_REACHABLE}
10-29 13:59:51.752   618   618 W Binder_1: type=1400 audit(0.0:712): avc: denied { ioctl } for path="pipe:[174429]" dev="pipefs" ino=174429 ioctlcmd=7704 scontext=u:r:system_server:s0 tcontext=u:r:shell:s0 tclass=fifo_file permissive=0
10-29 13:59:51.752   618   618 W Binder_1: type=1400 audit(0.0:713): avc: denied { ioctl } for path="pipe:[174429]" dev="pipefs" ino=174429 ioctlcmd=7704 scontext=u:r:system_server:s0 tcontext=u:r:shell:s0 tclass=fifo_file permissive=0
10-29 13:59:51.752   618   618 W Binder_1: type=1400 audit(0.0:714): avc: denied { ioctl } for path="pipe:[174429]" dev="pipefs" ino=174429 ioctlcmd=7704 scontext=u:r:system_server:s0 tcontext=u:r:shell:s0 tclass=fifo_file permissive=0
10-29 13:59:51.768   978   978 W LstmExtension: no lmDescriptor could be found for en_US/20170411
10-29 13:59:51.769   978   978 W LstmExtension: no lmDescriptor could be found for en_US/20170411
10-29 13:59:51.770   978   978 I Conv2QueryExtension: isEnabled() : true
10-29 13:59:51.762   618   618 W Binder_1: type=1400 audit(0.0:715): avc: denied { ioctl } for path="pipe:[174429]" dev="pipefs" ino=174429 ioctlcmd=7704 scontext=u:r:system_server:s0 tcontext=u:r:shell:s0 tclass=fifo_file permissive=0
10-29 13:59:52.483  2539  2539 W Binder_C: type=1400 audit(0.0:716): avc: denied { ioctl } for path="pipe:[174514]" dev="pipefs" ino=174514 ioctlcmd=7704 scontext=u:r:system_server:s0 tcontext=u:r:shell:s0 tclass=fifo_file permissive=0
10-29 13:59:52.483  2539  2539 W Binder_C: type=1400 audit(0.0:717): avc: denied { ioctl } for path="pipe:[174514]" dev="pipefs" ino=174514 ioctlcmd=7704 scontext=u:r:system_server:s0 tcontext=u:r:shell:s0 tclass=fifo_file permissive=0
10-29 13:59:52.483  2539  2539 W Binder_C: type=1400 audit(0.0:718): avc: denied { ioctl } for path="pipe:[174514]" dev="pipefs" ino=174514 ioctlcmd=7704 scontext=u:r:system_server:s0 tcontext=u:r:shell:s0 tclass=fifo_file permissive=0
10-29 13:59:52.552   978   978 W LstmExtension: no lmDescriptor could be found for en_US/20170411
10-29 13:59:52.554   978   978 W LstmExtension: no lmDescriptor could be found for en_US/20170411
10-29 13:59:52.554   978   978 I Conv2QueryExtension: isEnabled() : true
10-29 13:59:52.557 15833 15833 I chatty  : uid=2000(shell) expire 382 lines
