10-29 14:06:49.411  1173 19305 E Auth    : [GoogleAccountDataServiceImpl] getToken() -> BAD_AUTHENTICATION. Account: <ELLIDED:-1050400687>, App: com.google.android.gms, Service: oauth2:https://www.googleapis.com/auth/contextcontroller
10-29 14:06:49.411  1173 19305 E Auth    : ech: Long live credential not available.
10-29 14:06:49.411  1173 19305 E Auth    : 	at eci.b(:com.google.android.gms:0)
10-29 14:06:49.411  1173 19305 E Auth    : 	at eci.a(:com.google.android.gms:16)
10-29 14:06:49.411  1173 19305 E Auth    : 	at eav.a(:com.google.android.gms:61)
10-29 14:06:49.411  1173 19305 E Auth    : 	at fjb.a(:com.google.android.gms:7)
10-29 14:06:49.411  1173 19305 E Auth    : 	at fjb.a(:com.google.android.gms:3)
10-29 14:06:49.411  1173 19305 E Auth    : 	at fic.a(:com.google.android.gms:1)
10-29 14:06:49.411  1173 19305 E Auth    : 	at fia.a(:com.google.android.gms:16)
10-29 14:06:49.411  1173 19305 E Auth    : 	at fia.a(:com.google.android.gms:5)
10-29 14:06:49.411  1173 19305 E Auth    : 	at bsc.a(:com.google.android.gms:188)
10-29 14:06:49.411  1173 19305 E Auth    : 	at bsc.a(:com.google.android.gms:63)
10-29 14:06:49.411  1173 19305 E Auth    : 	at dxu.a(:com.google.android.gms:5)
10-29 14:06:49.411  1173 19305 E Auth    : 	at dxt.a(:com.google.android.gms:1)
10-29 14:06:49.411  1173 19305 E Auth    : 	at dxt.e(:com.google.android.gms:5)
10-29 14:06:49.411  1173 19305 E Auth    : 	at dxt.d(:com.google.android.gms:0)
10-29 14:06:49.411  1173 19305 E Auth    : 	at dxr.b(:com.google.android.gms:0)
10-29 14:06:49.411  1173 19305 E Auth    : 	at mbe.a(:com.google.android.gms:0)
10-29 14:06:49.411  1173 19305 E Auth    : 	at lzv.a(:com.google.android.gms:2)
10-29 14:06:49.411  1173 19305 E Auth    : 	at cij.a(:com.google.android.gms:58)
10-29 14:06:49.411  1173 19305 E Auth    : 	at cdn.run(:com.google.android.gms:1)
10-29 14:06:49.411  1173 19305 E Auth    : 	at cdl.handleMessage(:com.google.android.gms:2)
10-29 14:06:49.411  1173 19305 E Auth    : 	at mfu.run(:com.google.android.gms:5)
10-29 14:06:49.411  1173 19305 E Auth    : 	at mge.run(:com.google.android.gms:24)
10-29 14:06:49.411  1173 19305 E Auth    : 	at java.util.concurrent.ThreadPoolExecutor.runWorker(ThreadPoolExecutor.java:1113)
10-29 14:06:49.411  1173 19305 E Auth    : 	at java.util.concurrent.ThreadPoolExecutor$Worker.run(ThreadPoolExecutor.java:588)
10-29 14:06:49.411  1173 19305 E Auth    : 	at mlf.run(:com.google.android.gms:0)
10-29 14:06:49.411  1173 19305 E Auth    : 	at java.lang.Thread.run(Thread.java:818)
10-29 14:06:49.411  1173 19305 W Auth    : [GetToken] GetToken failed with status code: BadAuthentication
10-29 14:06:49.423  1173 19305 W Auth    : [GoogleAuthUtil] GoogleAuthUtil
10-29 14:06:49.423  1173 19305 W AuthSessionAuthenticato: Auth related exception is being ignored: BadAuthentication
10-29 14:06:49.428  1173 19305 E ctxmgr  : [BaseServerTask]Server task (FetchAclSet) got error statusCode=-1.
10-29 14:06:49.428  1173 19305 E ctxmgr  : com.android.volley.VolleyError: Unable to obtain auth token - is the device online?
10-29 14:06:49.428  1173 19305 E ctxmgr  : 	at cij.a(:com.google.android.gms:66)
10-29 14:06:49.428  1173 19305 E ctxmgr  : 	at cdn.run(:com.google.android.gms:1)
10-29 14:06:49.428  1173 19305 E ctxmgr  : 	at cdl.handleMessage(:com.google.android.gms:2)
10-29 14:06:49.428  1173 19305 E ctxmgr  : 	at mfu.run(:com.google.android.gms:5)
10-29 14:06:49.428  1173 19305 E ctxmgr  : 	at mge.run(:com.google.android.gms:24)
10-29 14:06:49.428  1173 19305 E ctxmgr  : 	at java.util.concurrent.ThreadPoolExecutor.runWorker(ThreadPoolExecutor.java:1113)
10-29 14:06:49.428  1173 19305 E ctxmgr  : 	at java.util.concurrent.ThreadPoolExecutor$Worker.run(ThreadPoolExecutor.java:588)
10-29 14:06:49.428  1173 19305 E ctxmgr  : 	at mlf.run(:com.google.android.gms:0)
10-29 14:06:49.428  1173 19305 E ctxmgr  : 	at java.lang.Thread.run(Thread.java:818)
10-29 14:06:49.430  1173 19305 E ctxmgr  : [AccountAclCallback]Failed Acl fetch: network status=-1
10-29 14:06:49.445  1454 17181 W Herrevad: [779] tgq.b: Invalid mccmnc 
10-29 14:06:49.446  1454 17181 W Herrevad: [779] tgq.b: Invalid mccmnc 
10-29 14:06:52.847  2495  3536 I PlayCommon: [249] com.google.android.play.a.h.e(248): Preparing logs for uploading
10-29 14:06:52.848  2495  3536 I PlayCommon: [249] com.google.android.play.a.h.e(252): No file ready to send
10-29 14:07:05.418   190   596 E NetlinkEvent: NetlinkEvent::FindParam(): Parameter 'UID' not found
10-29 14:07:08.285 18839 18866 I PlayCommon: [489] PlayEventLogger.uploadEventsImpl: Preparing logs for uploading
10-29 14:07:08.388  1173  1185 I Auth    : [ReflectiveChannelBinder] Successfully bound channel!
10-29 14:07:08.391  1173  1185 E Auth    : [GoogleAccountDataServiceImpl] getToken() -> BAD_AUTHENTICATION. Account: <ELLIDED:-1050400687>, App: com.google.android.videos, Service: oauth2:https://www.googleapis.com/auth/android_video
10-29 14:07:08.391  1173  1185 E Auth    : ech: Long live credential not available.
10-29 14:07:08.391  1173  1185 E Auth    : 	at eci.b(:com.google.android.gms:0)
10-29 14:07:08.391  1173  1185 E Auth    : 	at eci.a(:com.google.android.gms:16)
10-29 14:07:08.391  1173  1185 E Auth    : 	at eav.a(:com.google.android.gms:61)
10-29 14:07:08.391  1173  1185 E Auth    : 	at fjb.a(:com.google.android.gms:7)
10-29 14:07:08.391  1173  1185 E Auth    : 	at fjb.a(:com.google.android.gms:3)
10-29 14:07:08.391  1173  1185 E Auth    : 	at fic.a(:com.google.android.gms:1)
10-29 14:07:08.391  1173  1185 E Auth    : 	at fia.a(:com.google.android.gms:16)
10-29 14:07:08.391  1173  1185 E Auth    : 	at fia.a(:com.google.android.gms:5)
10-29 14:07:08.391  1173  1185 E Auth    : 	at bsc.a(:com.google.android.gms:188)
10-29 14:07:08.391  1173  1185 E Auth    : 	at bsc.a(:com.google.android.gms:63)
10-29 14:07:08.391  1173  1185 E Auth    : 	at dxu.a(:com.google.android.gms:5)
10-29 14:07:08.391  1173  1185 E Auth    : 	at dxt.a(:com.google.android.gms:1)
10-29 14:07:08.391  1173  1185 E Auth    : 	at dxt.e(:com.google.android.gms:5)
10-29 14:07:08.391  1173  1185 E Auth    : 	at dxs.a(:com.google.android.gms:0)
10-29 14:07:08.391  1173  1185 E Auth    : 	at dzh.getAuthToken(:com.google.android.gms:6)
10-29 14:07:08.391  1173  1185 E Auth    : 	at android.accounts.AbstractAccountAuthenticator$Transport.getAuthToken(AbstractAccountAuthenticator.java:214)
10-29 14:07:08.391  1173  1185 E Auth    : 	at android.accounts.IAccountAuthenticator$Stub.onTransact(IAccountAuthenticator.java:113)
10-29 14:07:08.391  1173  1185 E Auth    : 	at android.os.Binder.transact(Binder.java:387)
10-29 14:07:08.391  1173  1185 E Auth    : 	at bui.onTransact(:com.google.android.gms:2)
10-29 14:07:08.391  1173  1185 E Auth    : 	at android.os.Binder.execTransact(Binder.java:453)
10-29 14:07:08.391  1173  1185 W Auth    : [GetToken] GetToken failed with status code: BadAuthentication
10-29 14:07:08.401  1173  1185 W Auth    : [GoogleAuthUtil] GoogleAuthUtil
10-29 14:07:08.402  1173  1185 W GLSActivity: dyf: BadAuthentication
10-29 14:07:08.402  1173  1185 W GLSActivity: 	at dxu.a(:com.google.android.gms:12)
10-29 14:07:08.402  1173  1185 W GLSActivity: 	at dxt.a(:com.google.android.gms:1)
10-29 14:07:08.402  1173  1185 W GLSActivity: 	at dxt.e(:com.google.android.gms:5)
10-29 14:07:08.402  1173  1185 W GLSActivity: 	at dxs.a(:com.google.android.gms:0)
10-29 14:07:08.402  1173  1185 W GLSActivity: 	at dzh.getAuthToken(:com.google.android.gms:6)
10-29 14:07:08.402  1173  1185 W GLSActivity: 	at android.accounts.AbstractAccountAuthenticator$Transport.getAuthToken(AbstractAccountAuthenticator.java:214)
10-29 14:07:08.402  1173  1185 W GLSActivity: 	at android.accounts.IAccountAuthenticator$Stub.onTransact(IAccountAuthenticator.java:113)
10-29 14:07:08.402  1173  1185 W GLSActivity: 	at android.os.Binder.transact(Binder.java:387)
10-29 14:07:08.402  1173  1185 W GLSActivity: 	at bui.onTransact(:com.google.android.gms:2)
10-29 14:07:08.402  1173  1185 W GLSActivity: 	at android.os.Binder.execTransact(Binder.java:453)
10-29 14:07:08.406 18839 18866 W PlayCommon: [489] PlayEventLogger.uploadLog: Deferring log upload because couldn't retrieve auth token
10-29 14:07:10.438   608  1211 D NetlinkSocketObserver: NeighborEvent{elapsedMs=3993180, 192.168.192.1, [00000C07AC01], RTM_NEWNEIGH, NUD_PROBE}
10-29 14:07:14.630  8438  8438 E         : invalid crash request of size 4 (from pid=19259 uid=0)
10-29 14:07:14.839   608   644 W qcom_sensors_hal: hal_sensor1_data_cb: SENSOR1_MSG_TYPE_BROKEN_PIPE
10-29 14:07:14.886 19351 19351 E Diag_Lib:  Diag_LSM_Init: Failed to open handle to diag driver, error = 2
10-29 14:07:14.887 19351 19351 E Sensors : sns_fsa_la.c(386):fsa: fflush failed, 9
10-29 14:07:14.888 19351 19351 E Sensors : sns_fsa_la.c(386):fsa: fflush failed, 9
10-29 14:07:14.923 19351 19353 W Sensors : sns_smr_la.c(446):smr_la: smr_apps_la_thread_main is starting, fd=11, sns_smr.en_rx_msg_ptr=b6f5da08
10-29 14:07:14.953 19351 19355 W Sensors : sns_sam_app.c(6827):sns_sam_reg_algo: Registering algo service 16, err 0
10-29 14:07:14.964 19351 19357 E Sensors : sns_debug_main.c(565):Debug Config File missing in EFS!
10-29 14:07:22.369   190   596 E NetlinkEvent: NetlinkEvent::FindParam(): Parameter 'UID' not found
10-29 14:07:24.728   608  1211 D NetlinkSocketObserver: NeighborEvent{elapsedMs=4007470, 192.168.192.1, [00000C07AC01], RTM_NEWNEIGH, NUD_STALE}
10-29 14:07:49.523   608   758 I ActivityManager: Start proc 19364:com.google.android.apps.gcs/u0a7 for service com.google.android.apps.gcs/.service.WfaEligibilityRefreshingGcmTaskService
10-29 14:07:49.573  1173 19363 E Auth    : [GoogleAccountDataServiceImpl] getToken() -> BAD_AUTHENTICATION. Account: <ELLIDED:-1050400687>, App: com.google.android.gms, Service: oauth2:https://www.googleapis.com/auth/contextcontroller
10-29 14:07:49.573  1173 19363 E Auth    : ech: Long live credential not available.
10-29 14:07:49.573  1173 19363 E Auth    : 	at eci.b(:com.google.android.gms:0)
10-29 14:07:49.573  1173 19363 E Auth    : 	at eci.a(:com.google.android.gms:16)
10-29 14:07:49.573  1173 19363 E Auth    : 	at eav.a(:com.google.android.gms:61)
10-29 14:07:49.573  1173 19363 E Auth    : 	at fjb.a(:com.google.android.gms:7)
10-29 14:07:49.573  1173 19363 E Auth    : 	at fjb.a(:com.google.android.gms:3)
10-29 14:07:49.573  1173 19363 E Auth    : 	at fic.a(:com.google.android.gms:1)
10-29 14:07:49.573  1173 19363 E Auth    : 	at fia.a(:com.google.android.gms:16)
10-29 14:07:49.573  1173 19363 E Auth    : 	at fia.a(:com.google.android.gms:5)
10-29 14:07:49.573  1173 19363 E Auth    : 	at bsc.a(:com.google.android.gms:188)
10-29 14:07:49.573  1173 19363 E Auth    : 	at bsc.a(:com.google.android.gms:63)
10-29 14:07:49.573  1173 19363 E Auth    : 	at dxu.a(:com.google.android.gms:5)
10-29 14:07:49.573  1173 19363 E Auth    : 	at dxt.a(:com.google.android.gms:1)
10-29 14:07:49.573  1173 19363 E Auth    : 	at dxt.e(:com.google.android.gms:5)
10-29 14:07:49.573  1173 19363 E Auth    : 	at dxt.d(:com.google.android.gms:0)
10-29 14:07:49.573  1173 19363 E Auth    : 	at dxr.b(:com.google.android.gms:0)
10-29 14:07:49.573  1173 19363 E Auth    : 	at mbe.a(:com.google.android.gms:0)
10-29 14:07:49.573  1173 19363 E Auth    : 	at lzv.a(:com.google.android.gms:2)
10-29 14:07:49.573  1173 19363 E Auth    : 	at cij.a(:com.google.android.gms:58)
10-29 14:07:49.573  1173 19363 E Auth    : 	at cdn.run(:com.google.android.gms:1)
10-29 14:07:49.573  1173 19363 E Auth    : 	at cdl.handleMessage(:com.google.android.gms:2)
10-29 14:07:49.573  1173 19363 E Auth    : 	at mfu.run(:com.google.android.gms:5)
10-29 14:07:49.573  1173 19363 E Auth    : 	at mge.run(:com.google.android.gms:24)
10-29 14:07:49.573  1173 19363 E Auth    : 	at java.util.concurrent.ThreadPoolExecutor.runWorker(ThreadPoolExecutor.java:1113)
10-29 14:07:49.573  1173 19363 E Auth    : 	at java.util.concurrent.ThreadPoolExecutor$Worker.run(ThreadPoolExecutor.java:588)
10-29 14:07:49.573  1173 19363 E Auth    : 	at mlf.run(:com.google.android.gms:0)
10-29 14:07:49.573  1173 19363 E Auth    : 	at java.lang.Thread.run(Thread.java:818)
10-29 14:07:49.574  1173 19363 W Auth    : [GetToken] GetToken failed with status code: BadAuthentication
10-29 14:07:49.582 19364 19364 W System  : ClassLoader referenced unknown path: /data/app/com.google.android.apps.gcs-1/lib/arm
10-29 14:07:49.594  1173 19363 W Auth    : [GoogleAuthUtil] GoogleAuthUtil
10-29 14:07:49.594  1173 19363 W AuthSessionAuthenticato: Auth related exception is being ignored: BadAuthentication
10-29 14:07:49.604  1173 19363 E ctxmgr  : [BaseServerTask]Server task (FetchAclSet) got error statusCode=-1.
10-29 14:07:49.604  1173 19363 E ctxmgr  : com.android.volley.VolleyError: Unable to obtain auth token - is the device online?
10-29 14:07:49.604  1173 19363 E ctxmgr  : 	at cij.a(:com.google.android.gms:66)
10-29 14:07:49.604  1173 19363 E ctxmgr  : 	at cdn.run(:com.google.android.gms:1)
10-29 14:07:49.604  1173 19363 E ctxmgr  : 	at cdl.handleMessage(:com.google.android.gms:2)
10-29 14:07:49.604  1173 19363 E ctxmgr  : 	at mfu.run(:com.google.android.gms:5)
10-29 14:07:49.604  1173 19363 E ctxmgr  : 	at mge.run(:com.google.android.gms:24)
10-29 14:07:49.604  1173 19363 E ctxmgr  : 	at java.util.concurrent.ThreadPoolExecutor.runWorker(ThreadPoolExecutor.java:1113)
10-29 14:07:49.604  1173 19363 E ctxmgr  : 	at java.util.concurrent.ThreadPoolExecutor$Worker.run(ThreadPoolExecutor.java:588)
10-29 14:07:49.604  1173 19363 E ctxmgr  : 	at mlf.run(:com.google.android.gms:0)
10-29 14:07:49.604  1173 19363 E ctxmgr  : 	at java.lang.Thread.run(Thread.java:818)
10-29 14:07:49.606  1173 19363 E ctxmgr  : [AccountAclCallback]Failed Acl fetch: network status=-1
10-29 14:07:49.659 19364 19364 W InstanceID/Rpc: Found 10008
10-29 14:07:49.669  1454 12922 W Herrevad: [691] tgq.b: Invalid mccmnc 
10-29 14:07:49.672  1454 12922 W Herrevad: [691] tgq.b: Invalid mccmnc 
10-29 14:07:49.673  1173  1517 E Auth    : [GoogleAccountDataServiceImpl] getToken() -> BAD_AUTHENTICATION. Account: <ELLIDED:-1050400687>, App: com.google.android.gms, Service: oauth2:https://www.googleapis.com/auth/gcm
10-29 14:07:49.673  1173  1517 E Auth    : ech: Long live credential not available.
10-29 14:07:49.673  1173  1517 E Auth    : 	at eci.b(:com.google.android.gms:0)
10-29 14:07:49.673  1173  1517 E Auth    : 	at eci.a(:com.google.android.gms:16)
10-29 14:07:49.673  1173  1517 E Auth    : 	at eav.a(:com.google.android.gms:61)
10-29 14:07:49.673  1173  1517 E Auth    : 	at fjb.a(:com.google.android.gms:7)
10-29 14:07:49.673  1173  1517 E Auth    : 	at fjb.a(:com.google.android.gms:3)
10-29 14:07:49.673  1173  1517 E Auth    : 	at fic.a(:com.google.android.gms:1)
10-29 14:07:49.673  1173  1517 E Auth    : 	at fia.a(:com.google.android.gms:16)
10-29 14:07:49.673  1173  1517 E Auth    : 	at fia.a(:com.google.android.gms:5)
10-29 14:07:49.673  1173  1517 E Auth    : 	at bsc.a(:com.google.android.gms:188)
10-29 14:07:49.673  1173  1517 E Auth    : 	at bsc.a(:com.google.android.gms:63)
10-29 14:07:49.673  1173  1517 E Auth    : 	at bsc.onTransact(:com.google.android.gms:5)
10-29 14:07:49.673  1173  1517 E Auth    : 	at android.os.Binder.transact(Binder.java:387)
10-29 14:07:49.673  1173  1517 E Auth    : 	at bui.onTransact(:com.google.android.gms:2)
10-29 14:07:49.673  1173  1517 E Auth    : 	at android.os.Binder.execTransact(Binder.java:453)
10-29 14:07:49.673  1173  1517 W Auth    : [GetToken] GetToken failed with status code: BadAuthentication
10-29 14:07:49.689  1454 19393 W Auth    : [GoogleAuthUtil] GoogleAuthUtil
10-29 14:07:49.690  1454 19393 I GCM-GMS : Failed to subscribe to group.
10-29 14:07:49.690  1454 19393 I GCM-GMS : dyf: BadAuthentication
10-29 14:07:49.690  1454 19393 I GCM-GMS : 	at dxu.a(:com.google.android.gms:12)
10-29 14:07:49.690  1454 19393 I GCM-GMS : 	at dxt.a(:com.google.android.gms:1)
10-29 14:07:49.690  1454 19393 I GCM-GMS : 	at dxt.e(:com.google.android.gms:5)
10-29 14:07:49.690  1454 19393 I GCM-GMS : 	at dxt.d(:com.google.android.gms:0)
10-29 14:07:49.690  1454 19393 I GCM-GMS : 	at dxt.b(:com.google.android.gms:0)
10-29 14:07:49.690  1454 19393 I GCM-GMS : 	at dxr.a(:com.google.android.gms:0)
10-29 14:07:49.690  1454 19393 I GCM-GMS : 	at slu.a(:com.google.android.gms:22)
10-29 14:07:49.690  1454 19393 I GCM-GMS : 	at slu.a(:com.google.android.gms:43)
10-29 14:07:49.690  1454 19393 I GCM-GMS : 	at slu.b(:com.google.android.gms:5)
10-29 14:07:49.690  1454 19393 I GCM-GMS : 	at com.google.android.gms.gcm.gmsproc.GcmInGmsTaskChimeraService.a(:com.google.android.gms:7)
10-29 14:07:49.690  1454 19393 I GCM-GMS : 	at ske.run(:com.google.android.gms:0)
10-29 14:07:49.690  1454 19393 I GCM-GMS : 	at java.util.concurrent.ThreadPoolExecutor.runWorker(ThreadPoolExecutor.java:1113)
10-29 14:07:49.690  1454 19393 I GCM-GMS : 	at java.util.concurrent.ThreadPoolExecutor$Worker.run(ThreadPoolExecutor.java:588)
10-29 14:07:49.690  1454 19393 I GCM-GMS : 	at java.lang.Thread.run(Thread.java:818)
10-29 14:07:49.694  1454 19393 I GCM-GMS : Groups upload failed
10-29 14:07:49.711   190   596 E NetlinkEvent: NetlinkEvent::FindParam(): Parameter 'UID' not found
10-29 14:07:49.715 19364 19364 I GAv4    : Google Analytics 8.4.87 is starting up. To enable debug logging on a device run:
10-29 14:07:49.715 19364 19364 I GAv4    :   adb shell setprop log.tag.GAv4 DEBUG
10-29 14:07:49.715 19364 19364 I GAv4    :   adb logcat -s GAv4
10-29 14:07:49.725 19364 19364 W GAv4    : AnalyticsReceiver is not registered or is disabled. Register the receiver for reliable dispatching on non-Google Play devices. See http://goo.gl/8Rd3yj for instructions.
10-29 14:07:49.731 19364 19364 W GAv4    : CampaignTrackingReceiver is not registered, not exported or is disabled. Installation campaign tracking is not possible. See http://goo.gl/8Rd3yj for instructions.
10-29 14:07:49.734 19364 19397 W GAv4    : AnalyticsService not registered in the app manifest. Hits might not be delivered reliably. See http://goo.gl/8Rd3yj for instructions.
10-29 14:07:49.763 19364 19398 D Primes  : Package metric disabled.
10-29 14:07:49.814  1173  2607 E Auth    : [GoogleAccountDataServiceImpl] getToken() -> BAD_AUTHENTICATION. Account: <ELLIDED:-1050400687>, App: com.google.android.apps.gcs, Service: oauth2:https://www.googleapis.com/auth/nova
10-29 14:07:49.814  1173  2607 E Auth    : ech: Long live credential not available.
10-29 14:07:49.814  1173  2607 E Auth    : 	at eci.b(:com.google.android.gms:0)
10-29 14:07:49.814  1173  2607 E Auth    : 	at eci.a(:com.google.android.gms:16)
10-29 14:07:49.814  1173  2607 E Auth    : 	at eav.a(:com.google.android.gms:61)
10-29 14:07:49.814  1173  2607 E Auth    : 	at fjb.a(:com.google.android.gms:7)
10-29 14:07:49.814  1173  2607 E Auth    : 	at fjb.a(:com.google.android.gms:3)
10-29 14:07:49.814  1173  2607 E Auth    : 	at fic.a(:com.google.android.gms:1)
10-29 14:07:49.814  1173  2607 E Auth    : 	at fia.a(:com.google.android.gms:16)
10-29 14:07:49.814  1173  2607 E Auth    : 	at fia.a(:com.google.android.gms:5)
10-29 14:07:49.814  1173  2607 E Auth    : 	at bsc.a(:com.google.android.gms:188)
10-29 14:07:49.814  1173  2607 E Auth    : 	at bsc.a(:com.google.android.gms:63)
10-29 14:07:49.814  1173  2607 E Auth    : 	at bsc.onTransact(:com.google.android.gms:5)
10-29 14:07:49.814  1173  2607 E Auth    : 	at android.os.Binder.transact(Binder.java:387)
10-29 14:07:49.814  1173  2607 E Auth    : 	at bui.onTransact(:com.google.android.gms:2)
10-29 14:07:49.814  1173  2607 E Auth    : 	at android.os.Binder.execTransact(Binder.java:453)
10-29 14:07:49.814  1173  2607 W Auth    : [GetToken] GetToken failed with status code: BadAuthentication
10-29 14:07:49.835  1173  1184 E Auth    : [GoogleAccountDataServiceImpl] getToken() -> BAD_AUTHENTICATION. Account: <ELLIDED:-1050400687>, App: com.google.android.apps.gcs, Service: oauth2:https://www.googleapis.com/auth/nova
10-29 14:07:49.835  1173  1184 E Auth    : ech: Long live credential not available.
10-29 14:07:49.835  1173  1184 E Auth    : 	at eci.b(:com.google.android.gms:0)
10-29 14:07:49.835  1173  1184 E Auth    : 	at eci.a(:com.google.android.gms:16)
10-29 14:07:49.835  1173  1184 E Auth    : 	at eav.a(:com.google.android.gms:61)
10-29 14:07:49.835  1173  1184 E Auth    : 	at fjb.a(:com.google.android.gms:7)
10-29 14:07:49.835  1173  1184 E Auth    : 	at fjb.a(:com.google.android.gms:3)
10-29 14:07:49.835  1173  1184 E Auth    : 	at fic.a(:com.google.android.gms:1)
10-29 14:07:49.835  1173  1184 E Auth    : 	at fia.a(:com.google.android.gms:16)
10-29 14:07:49.835  1173  1184 E Auth    : 	at fia.a(:com.google.android.gms:5)
10-29 14:07:49.835  1173  1184 E Auth    : 	at bsc.a(:com.google.android.gms:188)
10-29 14:07:49.835  1173  1184 E Auth    : 	at bsc.a(:com.google.android.gms:63)
10-29 14:07:49.835  1173  1184 E Auth    : 	at bsc.onTransact(:com.google.android.gms:5)
10-29 14:07:49.835  1173  1184 E Auth    : 	at android.os.Binder.transact(Binder.java:387)
10-29 14:07:49.835  1173  1184 E Auth    : 	at bui.onTransact(:com.google.android.gms:2)
10-29 14:07:49.835  1173  1184 E Auth    : 	at android.os.Binder.execTransact(Binder.java:453)
10-29 14:07:49.835  1173  1184 W Auth    : [GetToken] GetToken failed with status code: BadAuthentication
10-29 14:07:49.869 19364 19399 E Gcs.NfeApertureClient: [494] g.a: Failed to get WFA elibility.
10-29 14:07:49.869 19364 19399 E Gcs.NfeApertureClient: java.util.concurrent.ExecutionException: com.a.a.a: User needs to (re)enter credentials.
10-29 14:07:49.869 19364 19399 E Gcs.NfeApertureClient: 	at com.a.a.a.g.a(SourceFile:117)
10-29 14:07:49.869 19364 19399 E Gcs.NfeApertureClient: 	at com.a.a.a.g.get(SourceFile:97)
10-29 14:07:49.869 19364 19399 E Gcs.NfeApertureClient: 	at com.google.android.apps.gcs.chell.a.a.a(SourceFile:40)
10-29 14:07:49.869 19364 19399 E Gcs.NfeApertureClient: 	at com.google.android.apps.gcs.service.WfaEligibilityRefreshingGcmTaskService.a(SourceFile:69)
10-29 14:07:49.869 19364 19399 E Gcs.NfeApertureClient: 	at com.google.android.gms.gcm.b$a.run(Unknown Source)
10-29 14:07:49.869 19364 19399 E Gcs.NfeApertureClient: Caused by: com.a.a.a: User needs to (re)enter credentials.
10-29 14:07:49.869 19364 19399 E Gcs.NfeApertureClient: 	at com.google.android.flib.a.a.a(SourceFile:170)
10-29 14:07:49.869 19364 19399 E Gcs.NfeApertureClient: 	at com.a.a.a.d.a(SourceFile:79)
10-29 14:07:49.869 19364 19399 E Gcs.NfeApertureClient: 	at com.a.a.a.a.a(SourceFile:97)
10-29 14:07:49.869 19364 19399 E Gcs.NfeApertureClient: 	at com.a.a.h.run(SourceFile:112)
10-29 14:07:49.869 19364 19411 E Gcs.NfeApertureClient: [506] g.a: Failed to get WFA elibility.
10-29 14:07:49.869 19364 19411 E Gcs.NfeApertureClient: java.util.concurrent.ExecutionException: com.a.a.a: User needs to (re)enter credentials.
10-29 14:07:49.869 19364 19411 E Gcs.NfeApertureClient: 	at com.a.a.a.g.a(SourceFile:117)
10-29 14:07:49.869 19364 19411 E Gcs.NfeApertureClient: 	at com.a.a.a.g.get(SourceFile:97)
10-29 14:07:49.869 19364 19411 E Gcs.NfeApertureClient: 	at com.google.android.apps.gcs.chell.a.a.a(SourceFile:40)
10-29 14:07:49.869 19364 19411 E Gcs.NfeApertureClient: 	at com.google.android.apps.gcs.service.WfaEligibilityRefreshingGcmTaskService.a(SourceFile:69)
10-29 14:07:49.869 19364 19411 E Gcs.NfeApertureClient: 	at com.google.android.gms.gcm.b$a.run(Unknown Source)
10-29 14:07:49.869 19364 19411 E Gcs.NfeApertureClient: Caused by: com.a.a.a: User needs to (re)enter credentials.
10-29 14:07:49.869 19364 19411 E Gcs.NfeApertureClient: 	at com.google.android.flib.a.a.a(SourceFile:170)
10-29 14:07:49.869 19364 19411 E Gcs.NfeApertureClient: 	at com.a.a.a.d.a(SourceFile:79)
10-29 14:07:49.869 19364 19411 E Gcs.NfeApertureClient: 	at com.a.a.a.a.a(SourceFile:97)
10-29 14:07:49.869 19364 19411 E Gcs.NfeApertureClient: 	at com.a.a.h.run(SourceFile:112)
10-29 14:07:49.870 19364 19399 W Gcs.WfaEliRefreshTask: [494] g.c: NULL eligibility response.
10-29 14:07:49.870 19364 19411 W Gcs.WfaEliRefreshTask: [506] g.c: NULL eligibility response.
10-29 14:07:49.870  1173  1392 E NetworkScheduler.ATC: Received callback from client for task that is already complete. ComponentInfo{com.google.android.apps.gcs/com.google.android.apps.gcs.service.WfaEligibilityRefreshingGcmTaskService} WfaEliRefreshTask
10-29 14:07:49.914 19364 19413 I PhenotypeFlagCommitter: Experiment Configs successfully retrieved for com.google.android.apps.gcs
10-29 14:07:49.924 19364 19413 I PhenotypeExpCommitSvc: [508] PhenotypeExperimentCommitService.a: Successfully committed experiments for user [iKLEXvEZv3GLlwVTaRvINcXmkOE]
10-29 14:07:49.932   608   766 I ActivityManager: Killing 3652:com.amazon.mShop.android/u0a83 (adj 15): empty #17
10-29 14:07:49.956   608  2157 D ConnectivityService: ConnectivityService NetworkRequestInfo binderDied(NetworkRequest [ id=16, legacyType=-1, [ Capabilities: INTERNET&NOT_RESTRICTED&TRUSTED] ], android.os.BinderProxy@905864d)
10-29 14:07:49.956   608   660 D WifiService: Client connection lost with reason: 4
10-29 14:07:49.956   608   661 D ConnectivityService: releasing NetworkRequest NetworkRequest [ id=16, legacyType=-1, [ Capabilities: INTERNET&NOT_RESTRICTED&TRUSTED] ]
10-29 14:07:49.956   608  2784 D ConnectivityService: ConnectivityService NetworkRequestInfo binderDied(NetworkRequest [ id=17, legacyType=-1, [ Capabilities: INTERNET&NOT_RESTRICTED&TRUSTED] ], android.os.BinderProxy@2d3d502)
10-29 14:07:49.957   608   661 E ConnectivityService: RemoteException caught trying to send a callback msg for NetworkRequest [ id=16, legacyType=-1, [ Capabilities: INTERNET&NOT_RESTRICTED&TRUSTED] ]
10-29 14:07:49.957   608   661 D ConnectivityService: releasing NetworkRequest NetworkRequest [ id=17, legacyType=-1, [ Capabilities: INTERNET&NOT_RESTRICTED&TRUSTED] ]
10-29 14:07:49.958   608   661 E ConnectivityService: RemoteException caught trying to send a callback msg for NetworkRequest [ id=17, legacyType=-1, [ Capabilities: INTERNET&NOT_RESTRICTED&TRUSTED] ]
10-29 14:07:54.717   608  1211 D NetlinkSocketObserver: NeighborEvent{elapsedMs=4037459, 192.168.192.1, [00000C07AC01], RTM_NEWNEIGH, NUD_REACHABLE}
10-29 14:08:01.088   608  1211 D NetlinkSocketObserver: NeighborEvent{elapsedMs=4043830, 192.168.192.1, [00000C07AC01], RTM_NEWNEIGH, NUD_STALE}
10-29 14:08:04.769   190   596 E NetlinkEvent: NetlinkEvent::FindParam(): Parameter 'UID' not found
10-29 14:08:07.117   190   596 E NetlinkEvent: NetlinkEvent::FindParam(): Parameter 'UID' not found
10-29 14:08:08.081 19444 19444 D AndroidRuntime: >>>>>> START com.android.internal.os.RuntimeInit uid 2000 <<<<<<
10-29 14:08:08.088 19444 19444 D AndroidRuntime: CheckJNI is OFF
10-29 14:08:08.145 19444 19444 D ICU     : No timezone override file found: /data/misc/zoneinfo/current/icu/icu_tzdata.dat
10-29 14:08:08.201 19444 19444 I Radio-JNI: register_android_hardware_Radio DONE
10-29 14:08:08.232 19444 19444 D AndroidRuntime: Calling main entry com.android.commands.pm.Pm
10-29 14:08:08.278 19444 19444 I art     : System.exit called, status: 0
10-29 14:08:08.278 19444 19444 I AndroidRuntime: VM exiting with result code 0.
10-29 14:08:09.119 19454 19454 D AndroidRuntime: >>>>>> START com.android.internal.os.RuntimeInit uid 2000 <<<<<<
10-29 14:08:09.125 19454 19454 D AndroidRuntime: CheckJNI is OFF
10-29 14:08:09.181 19454 19454 D ICU     : No timezone override file found: /data/misc/zoneinfo/current/icu/icu_tzdata.dat
10-29 14:08:09.248 19454 19454 I Radio-JNI: register_android_hardware_Radio DONE
10-29 14:08:09.279 19454 19454 D AndroidRuntime: Calling main entry com.android.commands.pm.Pm
10-29 14:08:09.285   608   621 I ActivityManager: Force stopping com.amazon.appverification.wificontroller appid=11183 user=-1: uninstall pkg
10-29 14:08:09.285   608   621 I ActivityManager: Killing 15769:com.amazon.appverification.wificontroller/u0a1183 (adj 11): stop com.amazon.appverification.wificontroller
10-29 14:08:09.295   608   660 D WifiService: Client connection lost with reason: 4
10-29 14:08:09.409   608  1243 W ActivityManager: Spurious death for ProcessRecord{a47e13 0:com.amazon.appverification.wificontroller/u0a1183}, curProc for 15769: null
10-29 14:08:09.505   608   632 I art     : Starting a blocking GC Explicit
10-29 14:08:09.595   608   632 I art     : Explicit concurrent mark sweep GC freed 19568(1229KB) AllocSpace objects, 2(40KB) LOS objects, 33% free, 23MB/34MB, paused 1.647ms total 83.465ms
10-29 14:08:09.599   608   632 W PackageManager: Couldn't remove dex file for package:  at location /data/app/com.amazon.appverification.wificontroller-1/base.apk, retcode=-1
10-29 14:08:09.602 19454 19454 I art     : System.exit called, status: 0
10-29 14:08:09.602 19454 19454 I AndroidRuntime: VM exiting with result code 0.
10-29 14:08:09.608   608   632 I ActivityManager: Force stopping com.amazon.appverification.wificontroller appid=11183 user=0: pkg removed
10-29 14:08:09.634   608   651 I InputReader: Reconfiguring input devices.  changes=0x00000010
10-29 14:08:09.636  1061  1061 D CarrierServiceBindHelper: Receive action: android.intent.action.PACKAGE_REMOVED
10-29 14:08:09.671   608   621 I ActivityManager: Start proc 19470:com.amazon.mShop.android/u0a83 for broadcast com.amazon.mShop.android/com.amazon.mas.client.locker.LockerBroadcastReceiver
10-29 14:08:09.714  5423  6621 D Documents: Update found 8 roots in 59ms
10-29 14:08:09.816   608   608 D JobSchedulerService: Receieved: android.intent.action.PACKAGE_REMOVED
10-29 14:08:09.878  1077  1077 I Launcher: Deferring update until onResume
10-29 14:08:09.878  1077  1077 I Launcher: Deferring update until onResume
10-29 14:08:09.966 19470 19470 V ApplicationStateListener: Application is created at time: 1509300489965
10-29 14:08:10.185 19470 19470 E OftDaggerModule: initialize
10-29 14:08:10.239 19470 19470 D WeblabSharedPreferencesUtils: Triggering MOZART_MSHOP_MULTI_LANGUAGE_US_82812 with treatment C
10-29 14:08:10.239 19470 19470 D WeblabSharedPreferencesUtils: Triggering MOZART_MSHOP_MULTI_LANGUAGE_US_82812 with treatment C
10-29 14:08:10.245 19470 19470 D AbstractMetricsFactoryImpl: Setting non-anonymous customer ID and session ID to null, and anonymous tag to true as the metric entry was not recorded in non-anonymous queue.
10-29 14:08:10.251 19470 19470 I DPLogger: DPLogger - Name was too long. Truncating; original name: BaseMetricsServiceFactory, truncated name: BaseMetricsServiceFacto
10-29 14:08:10.252 19470 19470 I DPLogger: DPLogger - Name was too long. Truncating; original name: MetricsConfigurationParser, truncated name: MetricsConfigurationPar
10-29 14:08:10.254 19470 19470 I MetricsConfigurationPar: MetricsConfigurationParser - Picking configuration; Domain: prod, Build: user, isDebuggable: false
10-29 14:08:10.274 19470 19470 I DPLogger: DPLogger - Name was too long. Truncating; original name: TComm.HttpClientSrrManager, truncated name: TComm.HttpClientSrrMana
10-29 14:08:10.276 19470 19470 I DPLogger: DPLogger - Name was too long. Truncating; original name: AndroidDeviceInfoManager, truncated name: AndroidDeviceInfoManage
10-29 14:08:10.277 19470 19470 W BaseMetricsServiceFacto: createMetricsService - Skipping batch pipeline setup for Priority NORMAL and Channel LOCATION because no configuration is provided.;
10-29 14:08:10.278 19470 19470 I DPLogger: DPLogger - Name was too long. Truncating; original name: Metrics:BoundedByteArrayQueue, truncated name: Metrics:BoundedByteArra
10-29 14:08:10.278 19470 19470 I DPLogger: DPLogger - Name was too long. Truncating; original name: Metrics:NonVolatileBoundedByteArrayQueue, truncated name: Metrics:NonVolatileBoun
10-29 14:08:10.281 19470 19470 I DPLogger: DPLogger - Name was too long. Truncating; original name: OverridingDeviceInfoManager, truncated name: OverridingDeviceInfoMan
10-29 14:08:10.284 19470 19470 I OverridingDeviceInfoMan: getOrCreateCustomerIDSharedPref - Obtained CustomerID: 151053088;
10-29 14:08:10.286 19470 19470 I DPLogger: DPLogger - Name was too long. Truncating; original name: Metrics:BatchTransmitter, truncated name: Metrics:BatchTransmitte
10-29 14:08:10.286 19470 19470 I DPLogger: DPLogger - Name was too long. Truncating; original name: Metrics:ThreadPoolBatchTransmitter, truncated name: Metrics:ThreadPoolBatch
10-29 14:08:10.286 19470 19470 I DPLogger: DPLogger - Name was too long. Truncating; original name: PeriodicBatchTransmitter, truncated name: PeriodicBatchTransmitte
10-29 14:08:10.289 19470 19470 I OverridingDeviceInfoMan: getOrCreateCustomerIDSharedPref - Obtained CustomerID: 162900723;
10-29 14:08:10.290 19470 19470 W BaseMetricsServiceFacto: createMetricsService - Skipping batch pipeline setup for Priority HIGH and Channel LOCATION because no configuration is provided.;
10-29 14:08:10.291 19470 19470 I DPLogger: DPLogger - Name was too long. Truncating; original name: Metrics:VolatileBoundedByteArrayQueue, truncated name: Metrics:VolatileBounded
10-29 14:08:10.293 19470 19470 I OverridingDeviceInfoMan: getOrCreateCustomerIDSharedPref - Obtained CustomerID: 151053088;
10-29 14:08:10.294 19470 19470 I DPLogger: DPLogger - Name was too long. Truncating; original name: Metrics:UrgentBatchTransmitter, truncated name: Metrics:UrgentBatchTran
10-29 14:08:10.296 19470 19470 I OverridingDeviceInfoMan: getOrCreateCustomerIDSharedPref - Obtained CustomerID: 162900723;
10-29 14:08:10.298 19470 19470 W BaseMetricsServiceFacto: createMetricsService - Skipping batch pipeline setup for Priority RESERVED_FOR_LOCATION_SERVICE and Channel LOCATION because no configuration is provided.;
10-29 14:08:10.298 19470 19470 W BaseMetricsServiceFacto: createMetricsService - Skipping batch pipeline setup for Priority RESERVED_FOR_LOCATION_SERVICE and Channel ANONYMOUS because no configuration is provided.;
10-29 14:08:10.298 19470 19470 W BaseMetricsServiceFacto: createMetricsService - Skipping batch pipeline setup for Priority RESERVED_FOR_LOCATION_SERVICE and Channel NON_ANONYMOUS because no configuration is provided.;
10-29 14:08:10.298 19470 19470 W BaseMetricsServiceFacto: createMetricsService - Skipping batch pipeline setup for Priority RESERVED_FOR_NON_ANONYMOUS_METRICS and Channel LOCATION because no configuration is provided.;
10-29 14:08:10.298 19470 19470 W BaseMetricsServiceFacto: createMetricsService - Skipping batch pipeline setup for Priority RESERVED_FOR_NON_ANONYMOUS_METRICS and Channel ANONYMOUS because no configuration is provided.;
10-29 14:08:10.298 19470 19470 W BaseMetricsServiceFacto: createMetricsService - Skipping batch pipeline setup for Priority RESERVED_FOR_NON_ANONYMOUS_METRICS and Channel NON_ANONYMOUS because no configuration is provided.;
10-29 14:08:10.298 19470 19470 W BaseMetricsServiceFacto: createMetricsService - Skipping batch pipeline setup for Priority CRITICAL and Channel LOCATION because no configuration is provided.;
10-29 14:08:10.298 19470 19470 W BaseMetricsServiceFacto: createMetricsService - Skipping batch pipeline setup for Priority CRITICAL and Channel ANONYMOUS because no configuration is provided.;
10-29 14:08:10.298 19470 19470 W BaseMetricsServiceFacto: createMetricsService - Skipping batch pipeline setup for Priority CRITICAL and Channel NON_ANONYMOUS because no configuration is provided.;
10-29 14:08:10.301 19470 19516 I Metrics:BatchTransmitte: QueuePusher.sendBatches - Drained batch queue.; Number of NORMAL_ANONYMOUS queue batches sent: 0
10-29 14:08:10.302 19470 19517 I Metrics:BatchTransmitte: QueuePusher.sendBatches - Drained batch queue.; Number of NORMAL_NON_ANONYMOUS queue batches sent: 0
10-29 14:08:10.302 19470 19518 I Metrics:BatchTransmitte: QueuePusher.sendBatches - Drained batch queue.; Number of HIGH_ANONYMOUS queue batches sent: 0
10-29 14:08:10.303 19470 19470 I DPLogger: DPLogger - Name was too long. Truncating; original name: MetricsBroadcastReceiver, truncated name: MetricsBroadcastReceive
10-29 14:08:10.304 19470 19519 I Metrics:BatchTransmitte: QueuePusher.sendBatches - Drained batch queue.; Number of HIGH_NON_ANONYMOUS queue batches sent: 0
10-29 14:08:10.306 19470 19470 D LocaleManager: Initial Locale Is: en_US
10-29 14:08:10.307 19470 19470 D WeblabSharedPreferencesUtils: Triggering MOZART_MSHOP_MULTI_LANGUAGE_US_82812 with treatment C
10-29 14:08:10.310 19470 19470 I WebViewFactory: Loading com.google.android.webview version 59.0.3071.125 (code 307112500)
10-29 14:08:10.319 19470 19496 I OverridingDeviceInfoMan: getCustomerID - Inside get customer id for Overriding Device InfoManager;
10-29 14:08:10.319 19470 19496 I OverridingDeviceInfoMan: getCustomerId - Returning unique Customer id for non-anonymous metrics;
10-29 14:08:10.399 19470 19470 I art     : Rejecting re-init on previously-failed class java.lang.Class<com.android.webview.chromium.TokenBindingManagerAdapter>
10-29 14:08:10.400 19470 19470 I art     : Rejecting re-init on previously-failed class java.lang.Class<com.android.webview.chromium.TokenBindingManagerAdapter>
10-29 14:08:10.408 19470 19470 I art     : Rejecting re-init on previously-failed class java.lang.Class<com.android.webview.chromium.ServiceWorkerControllerAdapter>
10-29 14:08:10.409 19470 19470 I art     : Rejecting re-init on previously-failed class java.lang.Class<com.android.webview.chromium.ServiceWorkerControllerAdapter>
10-29 14:08:10.415 19470 19470 I cr_LibraryLoader: Time to load native libraries: 1 ms (timestamps 3167-3168)
10-29 14:08:10.439 19470 19470 I chromium: [INFO:library_loader_hooks.cc(144)] Chromium logging enabled: level = 0, default verbosity = 0
10-29 14:08:10.439 19470 19470 I cr_LibraryLoader: Expected native library version number "59.0.3071.125", actual native library version number "59.0.3071.125"
10-29 14:08:10.456 19470 19470 W LocaleManager: Default CookieHandler was null
10-29 14:08:10.595 19470 19470 D WeblabSharedPreferencesUtils: Triggering MOZART_MSHOP_JP_EN_US_101863 with treatment C
10-29 14:08:10.595 19470 19470 D WeblabSharedPreferencesUtils: Triggering MOZART_MSHOP_JP_ZH_CN_101864 with treatment C
10-29 14:08:10.596 19470 19470 D WeblabSharedPreferencesUtils: Triggering MOZART_MSHOP_DE_EN_GB_101860 with treatment C
10-29 14:08:10.596 19470 19470 D WeblabSharedPreferencesUtils: Triggering MOZART_MSHOP_DE_NL_NL_101859 with treatment C
10-29 14:08:10.596 19470 19470 D WeblabSharedPreferencesUtils: Triggering MOZART_MSHOP_DE_PL_PL_101861 with treatment C
10-29 14:08:10.596 19470 19470 D WeblabSharedPreferencesUtils: Triggering MOZART_MSHOP_DE_TR_TR_101862 with treatment C
10-29 14:08:10.596 19470 19470 D WeblabSharedPreferencesUtils: Triggering MOZART_MSHOP_MULTI_LANGUAGE_US_82812 with treatment C
10-29 14:08:10.602 19468 19468 D AndroidRuntime: >>>>>> START com.android.internal.os.RuntimeInit uid 2000 <<<<<<
10-29 14:08:10.609 19468 19468 D AndroidRuntime: CheckJNI is OFF
10-29 14:08:10.629 19470 19470 D AdsHelper: calling AmazonOOAdRegistration.setAppDefinedMarketplace with: us for marketplace: en_US
10-29 14:08:10.641 19470 19470 D WeblabSharedPreferencesUtils: Triggering MOZART_MSHOP_JP_EN_US_101863 with treatment C
10-29 14:08:10.643 19470 19470 D WeblabSharedPreferencesUtils: Triggering MOZART_MSHOP_JP_ZH_CN_101864 with treatment C
10-29 14:08:10.644 19470 19470 D WeblabSharedPreferencesUtils: Triggering MOZART_MSHOP_DE_EN_GB_101860 with treatment C
10-29 14:08:10.644 19470 19470 D WeblabSharedPreferencesUtils: Triggering MOZART_MSHOP_DE_NL_NL_101859 with treatment C
10-29 14:08:10.645 19470 19470 D WeblabSharedPreferencesUtils: Triggering MOZART_MSHOP_DE_PL_PL_101861 with treatment C
10-29 14:08:10.647 19470 19470 D WeblabSharedPreferencesUtils: Triggering MOZART_MSHOP_DE_TR_TR_101862 with treatment C
10-29 14:08:10.648 19470 19470 D WeblabSharedPreferencesUtils: Triggering MOZART_MSHOP_MULTI_LANGUAGE_US_82812 with treatment C
10-29 14:08:10.657 19470 19470 I WebViewSuspensionPolicy: Registering timer controller
10-29 14:08:10.665 19468 19468 D ICU     : No timezone override file found: /data/misc/zoneinfo/current/icu/icu_tzdata.dat
10-29 14:08:10.704 19470 19470 I cr_BrowserStartup: Initializing chromium process, singleProcess=true
10-29 14:08:10.718 19468 19468 I Radio-JNI: register_android_hardware_Radio DONE
10-29 14:08:10.736 19470 19470 I Adreno-EGL: <qeglDrvAPI_eglInitialize:379>: QUALCOMM Build: 10/21/15, 369a2ea, I96aee987eb
10-29 14:08:10.750 19468 19468 D AndroidRuntime: Calling main entry com.android.commands.input.Input
10-29 14:08:10.752 19468 19468 I Input   : injectKeyEvent: KeyEvent { action=ACTION_DOWN, keyCode=KEYCODE_MENU, scanCode=0, metaState=0, flags=0x0, repeatCount=0, eventTime=4053504, downTime=4053504, deviceId=-1, source=0x101 }
10-29 14:08:10.754 19468 19468 I Input   : injectKeyEvent: KeyEvent { action=ACTION_UP, keyCode=KEYCODE_MENU, scanCode=0, metaState=0, flags=0x0, repeatCount=0, eventTime=4053504, downTime=4053504, deviceId=-1, source=0x101 }
10-29 14:08:10.755 19468 19468 D AndroidRuntime: Shutting down VM
10-29 14:08:10.857 19470 19555 W cr_BindingManager: Cannot setInForeground() - never saw a connection for the pid: 19470
10-29 14:08:10.862   608  2539 D ConnectivityService: listenForNetwork for Listen from uid/pid:10083/19470 for NetworkRequest [ id=46, legacyType=-1, [ Capabilities: INTERNET&NOT_RESTRICTED&TRUSTED] ]
10-29 14:08:10.894 19470 19470 I CordovaLog: Changing log level to 6
10-29 14:08:10.899 19470 19470 V AmazonApplication: Unable to execute setConfigCallbackForViewRoot on Android Platform6.0.1
10-29 14:08:10.900 19470 19564 I ...h.device.api.MAPInit: Initializing MAP (130050002 / MAPAndroidLib-1.0.1481.31) for app com.amazon.mShop.android
10-29 14:08:10.904 19470 19564 I com.amazon.dcp.settings.BackgroundSynchronizer: Requesting sync with content provider.
10-29 14:08:10.904   608   660 D WifiService: New client listening to asynchronous messages
10-29 14:08:10.905 19470 19564 I com.amazon.dcp.settings.BackgroundSynchronizer: Waiting for initial sync...
10-29 14:08:10.906 19470 19566 E ActivityThread: Failed to find provider info for com.amazon.dcp.settings
10-29 14:08:10.906 19470 19566 E com.amazon.dcp.settings.SettingsCacheUpdater: Content provider for Device Settings not found, sync unable to start
10-29 14:08:10.906 19470 19564 I com.amazon.dcp.settings.BackgroundSynchronizer: Wait for initial sync complete.
10-29 14:08:10.909 19470 19470 I com.amazon.device.crashmanager.CrashDetectionHelper: Installing crash detector as default exception handler.
10-29 14:08:10.912 19470 19564 I ...ures.FeatureSetCache: Caching feature IsolateApplication as false
10-29 14:08:10.912 19470 19470 I StartupLatencyTracker: in context loading
10-29 14:08:10.914 19470 19568 I DPLogger: DPLogger - Name was too long. Truncating; original name: AbstractDetArtifactProcessor, truncated name: AbstractDetArtifactProc
10-29 14:08:10.914 19470 19568 I DPLogger: DPLogger - Name was too long. Truncating; original name: JavaCrashArtifactProcessor, truncated name: JavaCrashArtifactProces
10-29 14:08:10.919 19470 19569 D SecondDexEntry: Copying jar has error
10-29 14:08:10.919 19470 19569 D SecondDexEntry: java.io.FileNotFoundException: dependencies/jarlist.txt
10-29 14:08:10.919 19470 19569 D SecondDexEntry: 	at android.content.res.AssetManager.openAsset(Native Method)
10-29 14:08:10.919 19470 19569 D SecondDexEntry: 	at android.content.res.AssetManager.open(AssetManager.java:313)
10-29 14:08:10.919 19470 19569 D SecondDexEntry: 	at android.content.res.AssetManager.open(AssetManager.java:287)
10-29 14:08:10.919 19470 19569 D SecondDexEntry: 	at com.amazon.mShop.android.platform.dex.DexUtils.getDexFileListFromAssets(DexUtils.java:115)
10-29 14:08:10.919 19470 19569 D SecondDexEntry: 	at com.amazon.mShop.android.platform.dex.DexUtils.copyJarsToAppPrivateFolder(DexUtils.java:51)
10-29 14:08:10.919 19470 19569 D SecondDexEntry: 	at com.amazon.mShop.android.platform.dex.SecondDexEntry.extractDexAndLoad(SecondDexEntry.java:275)
10-29 14:08:10.919 19470 19569 D SecondDexEntry: 	at com.amazon.mShop.android.platform.dex.SecondDexEntry$ExtractAndFillClassLoader.run(SecondDexEntry.java:300)
10-29 14:08:10.919 19470 19569 D SecondDexEntry: 	at java.lang.Thread.run(Thread.java:818)
10-29 14:08:10.922 19470 19564 I ...tils.CentralApkUtils: Cannot find amazon authenticator. returning null
10-29 14:08:10.922 19470 19564 I ...tils.CentralApkUtils: No central apk detected. This should be a 3P device.
10-29 14:08:10.923 19470 19564 I ...taStorageFactoryImpl: Creating new DataStorageFactoryImpl
10-29 14:08:10.924 19470 19564 I ...taStorageFactoryImpl: Initializing new DataStorage
10-29 14:08:10.926 19470 19564 I ...DeviceAttributeCache: Setting device attribute CentralAPK to false
10-29 14:08:10.926 19470 19564 I ...taStorageFactoryImpl: Creating and using new DistributedDataStorage
10-29 14:08:10.931 19470 19568 I ArtifactUploader: uploadCrashEntries - Finished uploading artifacts. Uploaded 0 artifacts.;
10-29 14:08:10.939 19470 19574 I ...amework.MAPInitTasks: Get DataStorage instance for initialization
10-29 14:08:10.939 19470 19574 I ...amework.MAPInitTasks: Initialize DataStorage instance
10-29 14:08:10.945 19470 19574 I ...amework.MAPInitTasks: Setup DataStorage instance
10-29 14:08:11.257 19470 19571 I MShopAppstore.DaggerInitTask: Dagger graph creation complete: com.amazon.mShop.appstore.startup.DaggerApplicationComponent@36d1b44
10-29 14:08:11.287 19470 19571 I MShopAppstore.BasicBuildDetector: Load cached build type:RELEASE
10-29 14:08:11.291 19470 19470 I StartupLatencyTracker: Appstore initialized
10-29 14:08:11.294 19470 19470 W ExternalImplementationProvider: com.amazon.mShop.autorefresh.AutoAppRefresherImpl is not available in this build
10-29 14:08:11.294 19470 19470 W ExternalImplementationProvider: java.lang.ClassNotFoundException: com.amazon.mShop.autorefresh.AutoAppRefresherImpl
10-29 14:08:11.294 19470 19470 W ExternalImplementationProvider: 	at java.lang.Class.classForName(Native Method)
10-29 14:08:11.294 19470 19470 W ExternalImplementationProvider: 	at java.lang.Class.forName(Class.java:324)
10-29 14:08:11.294 19470 19470 W ExternalImplementationProvider: 	at com.amazon.mShop.autorefresh.utils.ExternalImplementationProvider.queryForImplementationInBuild(ExternalImplementationProvider.java:106)
10-29 14:08:11.294 19470 19470 W ExternalImplementationProvider: 	at com.amazon.mShop.autorefresh.utils.ExternalImplementationProvider.<init>(ExternalImplementationProvider.java:66)
10-29 14:08:11.294 19470 19470 W ExternalImplementationProvider: 	at com.amazon.mShop.autorefresh.utils.AutoAppRefreshProvider.<init>(AutoAppRefreshProvider.java:44)
10-29 14:08:11.294 19470 19470 W ExternalImplementationProvider: 	at com.amazon.mShop.autorefresh.utils.AutoAppRefreshProvider$AutoAppRefreshHolder.<clinit>(AutoAppRefreshProvider.java:36)
10-29 14:08:11.294 19470 19470 W ExternalImplementationProvider: 	at com.amazon.mShop.autorefresh.utils.AutoAppRefreshProvider.getInstance(AutoAppRefreshProvider.java:29)
10-29 14:08:11.294 19470 19470 W ExternalImplementationProvider: 	at com.amazon.mShop.autorefresh.utils.AutoAppRefreshProviderUtil.getOptionalAutoAppRefreshInstance(AutoAppRefreshProviderUtil.java:24)
10-29 14:08:11.294 19470 19470 W ExternalImplementationProvider: 	at com.amazon.mShop.AmazonApplication.onCreate(AmazonApplication.java:208)
10-29 14:08:11.294 19470 19470 W ExternalImplementationProvider: 	at com.amazon.mShop.MShopApplication.onCreate(MShopApplication.java:40)
10-29 14:08:11.294 19470 19470 W ExternalImplementationProvider: 	at android.app.Instrumentation.callApplicationOnCreate(Instrumentation.java:1013)
10-29 14:08:11.294 19470 19470 W ExternalImplementationProvider: 	at android.app.ActivityThread.handleBindApplication(ActivityThread.java:4707)
10-29 14:08:11.294 19470 19470 W ExternalImplementationProvider: 	at android.app.ActivityThread.-wrap1(ActivityThread.java)
10-29 14:08:11.294 19470 19470 W ExternalImplementationProvider: 	at android.app.ActivityThread$H.handleMessage(ActivityThread.java:1405)
10-29 14:08:11.294 19470 19470 W ExternalImplementationProvider: 	at android.os.Handler.dispatchMessage(Handler.java:102)
10-29 14:08:11.294 19470 19470 W ExternalImplementationProvider: 	at android.os.Looper.loop(Looper.java:148)
10-29 14:08:11.294 19470 19470 W ExternalImplementationProvider: 	at android.app.ActivityThread.main(ActivityThread.java:5417)
10-29 14:08:11.294 19470 19470 W ExternalImplementationProvider: 	at java.lang.reflect.Method.invoke(Native Method)
10-29 14:08:11.294 19470 19470 W ExternalImplementationProvider: 	at com.android.internal.os.ZygoteInit$MethodAndArgsCaller.run(ZygoteInit.java:726)
10-29 14:08:11.294 19470 19470 W ExternalImplementationProvider: 	at com.android.internal.os.ZygoteInit.main(ZygoteInit.java:616)
10-29 14:08:11.294 19470 19470 W ExternalImplementationProvider: Caused by: java.lang.ClassNotFoundException: Didn't find class "com.amazon.mShop.autorefresh.AutoAppRefresherImpl" on path: DexPathList[[zip file "/system/framework/com.google.android.maps.jar", zip file "/data/app/com.amazon.mShop.android-2/base.apk"],nativeLibraryDirectories=[/data/app/com.amazon.mShop.android-2/lib/arm, /data/app/com.amazon.mShop.android-2/base.apk!/lib/armeabi, /vendor/lib, /system/lib]]
10-29 14:08:11.294 19470 19470 W ExternalImplementationProvider: 	at dalvik.system.BaseDexClassLoader.findClass(BaseDexClassLoader.java:56)
10-29 14:08:11.294 19470 19470 W ExternalImplementationProvider: 	at java.lang.ClassLoader.loadClass(ClassLoader.java:511)
10-29 14:08:11.294 19470 19470 W ExternalImplementationProvider: 	at java.lang.ClassLoader.loadClass(ClassLoader.java:469)
10-29 14:08:11.294 19470 19470 W ExternalImplementationProvider: 	... 20 more
10-29 14:08:11.294 19470 19470 W ExternalImplementationProvider: 	Suppressed: java.lang.ClassNotFoundException: com.amazon.mShop.autorefresh.AutoAppRefresherImpl
10-29 14:08:11.294 19470 19470 W ExternalImplementationProvider: 		at java.lang.Class.classForName(Native Method)
10-29 14:08:11.294 19470 19470 W ExternalImplementationProvider: 		at java.lang.BootClassLoader.findClass(ClassLoader.java:781)
