--------- beginning of crash
10-29 13:27:02.321   191   191 F DEBUG   :     #11 pc 0034f0b3  /system/lib/libart.so (art::Thread::AssertNoPendingException() const (.part.170)+378)
10-29 13:27:02.321   191   191 F DEBUG   :     #12 pc 001be241  /system/lib/libart.so (art::gc::Heap::AllocateInternalWithGc(art::Thread*, art::gc::AllocatorType, unsigned int, unsigned int*, unsigned int*, unsigned int*, art::mirror::Class**)+88)
10-29 13:27:02.321   191   191 F DEBUG   :     #13 pc 003e7a69  /system/lib/libart.so (artAllocArrayFromCodeResolvedRosAlloc+816)
10-29 13:27:02.322   191   191 F DEBUG   :     #14 pc 000e7d11  /system/lib/libart.so (art_quick_alloc_array_resolved_rosalloc+32)
10-29 13:27:02.322   191   191 F DEBUG   :     #15 pc 72733703  /data/dalvik-cache/arm/system@framework@boot.oat (offset 0x1ec9000)
--------- beginning of system
10-29 13:27:04.262   608   624 I BootReceiver: Copying /data/tombstones/tombstone_00 to DropBox (SYSTEM_TOMBSTONE)
10-29 13:27:04.288   608   619 D ConnectivityService: listenForNetwork for Listen from uid/pid:11178/8348 for NetworkRequest [ id=26, legacyType=-1, [ Capabilities: INTERNET&NOT_RESTRICTED&TRUSTED] ]
10-29 13:27:04.404   608  2633 D ConnectivityService: listenForNetwork for Listen from uid/pid:11178/8348 for NetworkRequest [ id=27, legacyType=-1, [ Capabilities: INTERNET&NOT_RESTRICTED&TRUSTED] ]
10-29 13:27:29.146   608   766 I ActivityManager: Force stopping rob.info.giftcode appid=11178 user=0: from pid 8561
10-29 13:27:29.146   608   766 I ActivityManager: Killing 8348:rob.info.giftcode/u0a1178 (adj 0): stop rob.info.giftcode
10-29 13:27:29.195   608  2192 D ConnectivityService: ConnectivityService NetworkRequestInfo binderDied(NetworkRequest [ id=27, legacyType=-1, [ Capabilities: INTERNET&NOT_RESTRICTED&TRUSTED] ], android.os.BinderProxy@310c6a8)
10-29 13:27:29.195   608  2192 D ConnectivityService: ConnectivityService NetworkRequestInfo binderDied(NetworkRequest [ id=26, legacyType=-1, [ Capabilities: INTERNET&NOT_RESTRICTED&TRUSTED] ], android.os.BinderProxy@89bf5c1)
10-29 13:27:29.195   608   661 D ConnectivityService: releasing NetworkRequest NetworkRequest [ id=27, legacyType=-1, [ Capabilities: INTERNET&NOT_RESTRICTED&TRUSTED] ]
10-29 13:27:29.195   608   618 I WindowState: WIN DEATH: Window{4490f88 u0 rob.info.giftcode/psnrob.psn.MainActivitypsn}
10-29 13:27:29.196   608   661 E ConnectivityService: RemoteException caught trying to send a callback msg for NetworkRequest [ id=27, legacyType=-1, [ Capabilities: INTERNET&NOT_RESTRICTED&TRUSTED] ]
10-29 13:27:29.196   608   661 D ConnectivityService: releasing NetworkRequest NetworkRequest [ id=26, legacyType=-1, [ Capabilities: INTERNET&NOT_RESTRICTED&TRUSTED] ]
10-29 13:27:29.197   608   661 E ConnectivityService: RemoteException caught trying to send a callback msg for NetworkRequest [ id=26, legacyType=-1, [ Capabilities: INTERNET&NOT_RESTRICTED&TRUSTED] ]
10-29 13:27:29.300   608   766 W ActivityManager: Force removing ActivityRecord{25689a4 u0 rob.info.giftcode/psnrob.psn.MainActivitypsn t4052}: app died, no saved state
10-29 13:27:29.312   608  2192 W ActivityManager: Spurious death for ProcessRecord{130e058 0:rob.info.giftcode/u0a1178}, curProc for 8348: null
10-29 13:27:29.562   608  1244 I ActivityManager: START u0 {act=android.intent.action.MAIN cat=[android.intent.category.LAUNCHER] flg=0x10000000 cmp=rob.info.giftcode/psnrob.psn.MainActivitypsn} from uid 2000 on display 0
10-29 13:27:29.635   608  2783 I ActivityManager: Start proc 8577:rob.info.giftcode/u0a1178 for activity rob.info.giftcode/psnrob.psn.MainActivitypsn
10-29 13:27:31.199   608  2784 D ConnectivityService: listenForNetwork for Listen from uid/pid:11178/8577 for NetworkRequest [ id=28, legacyType=-1, [ Capabilities: INTERNET&NOT_RESTRICTED&TRUSTED] ]
10-29 13:27:31.369   608  2192 D ConnectivityService: listenForNetwork for Listen from uid/pid:11178/8577 for NetworkRequest [ id=29, legacyType=-1, [ Capabilities: INTERNET&NOT_RESTRICTED&TRUSTED] ]
10-29 13:27:57.305   608   761 I ActivityManager: Force stopping rob.info.giftcode appid=11178 user=0: from pid 8891
10-29 13:27:57.305   608   761 I ActivityManager: Killing 8577:rob.info.giftcode/u0a1178 (adj 0): stop rob.info.giftcode
10-29 13:27:57.351   608  2539 D ConnectivityService: ConnectivityService NetworkRequestInfo binderDied(NetworkRequest [ id=29, legacyType=-1, [ Capabilities: INTERNET&NOT_RESTRICTED&TRUSTED] ], android.os.BinderProxy@827e40e)
10-29 13:27:57.351   608   618 D ConnectivityService: ConnectivityService NetworkRequestInfo binderDied(NetworkRequest [ id=28, legacyType=-1, [ Capabilities: INTERNET&NOT_RESTRICTED&TRUSTED] ], android.os.BinderProxy@14c8e2f)
10-29 13:27:57.351   608  2539 I WindowState: WIN DEATH: Window{f2b9c5a u0 rob.info.giftcode/psnrob.psn.MainActivitypsn}
10-29 13:27:57.352   608   661 D ConnectivityService: releasing NetworkRequest NetworkRequest [ id=29, legacyType=-1, [ Capabilities: INTERNET&NOT_RESTRICTED&TRUSTED] ]
10-29 13:27:57.353   608   661 E ConnectivityService: RemoteException caught trying to send a callback msg for NetworkRequest [ id=29, legacyType=-1, [ Capabilities: INTERNET&NOT_RESTRICTED&TRUSTED] ]
10-29 13:27:57.353   608   661 D ConnectivityService: releasing NetworkRequest NetworkRequest [ id=28, legacyType=-1, [ Capabilities: INTERNET&NOT_RESTRICTED&TRUSTED] ]
10-29 13:27:57.353   608   661 E ConnectivityService: RemoteException caught trying to send a callback msg for NetworkRequest [ id=28, legacyType=-1, [ Capabilities: INTERNET&NOT_RESTRICTED&TRUSTED] ]
10-29 13:27:57.530   608   761 W ActivityManager: Force removing ActivityRecord{6d75d97 u0 rob.info.giftcode/psnrob.psn.MainActivitypsn t4053}: app died, no saved state
10-29 13:27:57.543   608  2192 W ActivityManager: Spurious death for ProcessRecord{628e89b 0:rob.info.giftcode/u0a1178}, curProc for 8577: null
10-29 13:27:57.791   608  2157 I ActivityManager: START u0 {act=android.intent.action.MAIN cat=[android.intent.category.LAUNCHER] flg=0x10000000 cmp=rob.info.giftcode/psnrob.psn.MainActivitypsn} from uid 2000 on display 0
10-29 13:27:57.861   608  2192 I ActivityManager: Start proc 8911:rob.info.giftcode/u0a1178 for activity rob.info.giftcode/psnrob.psn.MainActivitypsn
10-29 13:27:59.689   608   619 D ConnectivityService: listenForNetwork for Listen from uid/pid:11178/8911 for NetworkRequest [ id=30, legacyType=-1, [ Capabilities: INTERNET&NOT_RESTRICTED&TRUSTED] ]
10-29 13:27:59.960   608  2633 D ConnectivityService: listenForNetwork for Listen from uid/pid:11178/8911 for NetworkRequest [ id=31, legacyType=-1, [ Capabilities: INTERNET&NOT_RESTRICTED&TRUSTED] ]
10-29 13:28:04.355   608   621 W BroadcastQueue: Timeout of broadcast BroadcastRecord{346a278 u0 null} - receiver=android.os.BinderProxy@b63ed51, started 60001ms ago
10-29 13:28:04.355   608   621 W BroadcastQueue: Receiver during timeout: ResolveInfo{980e9b6 com.android.chrome/com.google.ipc.invalidation.ticl.android2.AndroidInternalScheduler$AlarmReceiver m=0x0}
10-29 13:28:04.375   608  1243 W BroadcastQueue: Permission Denial: receiving Intent { act=android.intent.action.DROPBOX_ENTRY_ADDED flg=0x10 (has extras) } to com.amazon.mShop.android/com.amazon.mcc.crashreporter.android.CrashReportBroadcastReceiver requires android.permission.READ_LOGS due to sender android (uid 1000)
10-29 13:28:04.398   608   621 I ActivityManager: Crashing app skipping ANR: ProcessRecord{4d5c236 6740:com.android.chrome/u0a34} Broadcast of Intent { flg=0x14 cmp=com.android.chrome/com.google.ipc.invalidation.ticl.android2.AndroidInternalScheduler$AlarmReceiver (has extras) }
10-29 13:28:04.408   608  1104 W BroadcastQueue: Permission Denial: receiving Intent { act=android.intent.action.DROPBOX_ENTRY_ADDED flg=0x10 (has extras) } to com.amazon.mShop.android/com.amazon.mcc.crashreporter.android.CrashReportBroadcastReceiver requires android.permission.READ_LOGS due to sender android (uid 1000)
10-29 13:28:04.414   608  2539 W BroadcastQueue: Permission Denial: receiving Intent { act=android.intent.action.DROPBOX_ENTRY_ADDED flg=0x10 (has extras) } to com.amazon.mShop.android/com.amazon.mcc.crashreporter.android.CrashReportBroadcastReceiver requires android.permission.READ_LOGS due to sender android (uid 1000)
10-29 13:28:04.423   608   758 W BroadcastQueue: Permission Denial: receiving Intent { act=android.intent.action.DROPBOX_ENTRY_ADDED flg=0x10 (has extras) } to com.amazon.mShop.android/com.amazon.mcc.crashreporter.android.CrashReportBroadcastReceiver requires android.permission.READ_LOGS due to sender android (uid 1000)
10-29 13:28:04.443   608  2192 W BroadcastQueue: Permission Denial: receiving Intent { act=android.intent.action.DROPBOX_ENTRY_ADDED flg=0x10 (has extras) } to com.amazon.mShop.android/com.amazon.mcc.crashreporter.android.CrashReportBroadcastReceiver requires android.permission.READ_LOGS due to sender android (uid 1000)
10-29 13:28:04.486   608  2192 W BroadcastQueue: Permission Denial: receiving Intent { act=android.intent.action.DROPBOX_ENTRY_ADDED flg=0x10 (has extras) } to com.amazon.mShop.android/com.amazon.mcc.crashreporter.android.CrashReportBroadcastReceiver requires android.permission.READ_LOGS due to sender android (uid 1000)
10-29 13:28:04.498   608   619 W BroadcastQueue: Permission Denial: receiving Intent { act=android.intent.action.DROPBOX_ENTRY_ADDED flg=0x10 (has extras) } to com.amazon.mShop.android/com.amazon.mcc.crashreporter.android.CrashReportBroadcastReceiver requires android.permission.READ_LOGS due to sender android (uid 1000)
10-29 13:28:25.517   608  2791 I ActivityManager: Force stopping rob.info.giftcode appid=11178 user=0: from pid 9214
10-29 13:28:25.517   608  2791 I ActivityManager: Killing 8911:rob.info.giftcode/u0a1178 (adj 0): stop rob.info.giftcode
10-29 13:28:25.553   608   618 D ConnectivityService: ConnectivityService NetworkRequestInfo binderDied(NetworkRequest [ id=31, legacyType=-1, [ Capabilities: INTERNET&NOT_RESTRICTED&TRUSTED] ], android.os.BinderProxy@e98ec69)
10-29 13:28:25.553   608  2191 D ConnectivityService: ConnectivityService NetworkRequestInfo binderDied(NetworkRequest [ id=30, legacyType=-1, [ Capabilities: INTERNET&NOT_RESTRICTED&TRUSTED] ], android.os.BinderProxy@5b24ef0)
10-29 13:28:25.553   608  1104 I WindowState: WIN DEATH: Window{1094bd0 u0 rob.info.giftcode/psnrob.psn.MainActivitypsn}
10-29 13:28:25.553   608   661 D ConnectivityService: releasing NetworkRequest NetworkRequest [ id=31, legacyType=-1, [ Capabilities: INTERNET&NOT_RESTRICTED&TRUSTED] ]
10-29 13:28:25.554   608   661 E ConnectivityService: RemoteException caught trying to send a callback msg for NetworkRequest [ id=31, legacyType=-1, [ Capabilities: INTERNET&NOT_RESTRICTED&TRUSTED] ]
10-29 13:28:25.554   608   661 D ConnectivityService: releasing NetworkRequest NetworkRequest [ id=30, legacyType=-1, [ Capabilities: INTERNET&NOT_RESTRICTED&TRUSTED] ]
10-29 13:28:25.555   608   661 E ConnectivityService: RemoteException caught trying to send a callback msg for NetworkRequest [ id=30, legacyType=-1, [ Capabilities: INTERNET&NOT_RESTRICTED&TRUSTED] ]
10-29 13:28:25.660   608  2791 W ActivityManager: Force removing ActivityRecord{9499235 u0 rob.info.giftcode/psnrob.psn.MainActivitypsn t4054}: app died, no saved state
10-29 13:28:25.676   608   761 W ActivityManager: Spurious death for ProcessRecord{6e4a659 0:rob.info.giftcode/u0a1178}, curProc for 8911: null
10-29 13:28:25.932   608  2192 I ActivityManager: START u0 {act=android.intent.action.MAIN cat=[android.intent.category.LAUNCHER] flg=0x10000000 cmp=rob.info.giftcode/psnrob.psn.MainActivitypsn} from uid 2000 on display 0
10-29 13:28:26.000   608   766 I ActivityManager: Start proc 9232:rob.info.giftcode/u0a1178 for activity rob.info.giftcode/psnrob.psn.MainActivitypsn
10-29 13:28:27.780   608  2791 D ConnectivityService: listenForNetwork for Listen from uid/pid:11178/9232 for NetworkRequest [ id=32, legacyType=-1, [ Capabilities: INTERNET&NOT_RESTRICTED&TRUSTED] ]
10-29 13:28:27.998   608  2633 D ConnectivityService: listenForNetwork for Listen from uid/pid:11178/9232 for NetworkRequest [ id=33, legacyType=-1, [ Capabilities: INTERNET&NOT_RESTRICTED&TRUSTED] ]
10-29 13:28:30.209   608  1104 W BroadcastQueue: Permission Denial: receiving Intent { act=android.intent.action.DROPBOX_ENTRY_ADDED flg=0x10 (has extras) } to com.amazon.mShop.android/com.amazon.mcc.crashreporter.android.CrashReportBroadcastReceiver requires android.permission.READ_LOGS due to sender android (uid 1000)
10-29 13:28:31.819   608  2791 W BroadcastQueue: Permission Denial: receiving Intent { act=android.intent.action.DROPBOX_ENTRY_ADDED flg=0x10 (has extras) } to com.amazon.mShop.android/com.amazon.mcc.crashreporter.android.CrashReportBroadcastReceiver requires android.permission.READ_LOGS due to sender android (uid 1000)
10-29 13:28:53.536   608  1244 I ActivityManager: Force stopping rob.info.giftcode appid=11178 user=0: from pid 9461
10-29 13:28:53.536   608  1244 I ActivityManager: Killing 9232:rob.info.giftcode/u0a1178 (adj 0): stop rob.info.giftcode
10-29 13:28:53.579   608  1104 D ConnectivityService: ConnectivityService NetworkRequestInfo binderDied(NetworkRequest [ id=32, legacyType=-1, [ Capabilities: INTERNET&NOT_RESTRICTED&TRUSTED] ], android.os.BinderProxy@a28d9ed)
10-29 13:28:53.579   608  1243 D ConnectivityService: ConnectivityService NetworkRequestInfo binderDied(NetworkRequest [ id=33, legacyType=-1, [ Capabilities: INTERNET&NOT_RESTRICTED&TRUSTED] ], android.os.BinderProxy@193022)
10-29 13:28:53.579   608   618 I WindowState: WIN DEATH: Window{7825162 u0 rob.info.giftcode/psnrob.psn.MainActivitypsn}
10-29 13:28:53.580   608   661 D ConnectivityService: releasing NetworkRequest NetworkRequest [ id=32, legacyType=-1, [ Capabilities: INTERNET&NOT_RESTRICTED&TRUSTED] ]
10-29 13:28:53.581   608   661 E ConnectivityService: RemoteException caught trying to send a callback msg for NetworkRequest [ id=32, legacyType=-1, [ Capabilities: INTERNET&NOT_RESTRICTED&TRUSTED] ]
10-29 13:28:53.581   608   661 D ConnectivityService: releasing NetworkRequest NetworkRequest [ id=33, legacyType=-1, [ Capabilities: INTERNET&NOT_RESTRICTED&TRUSTED] ]
10-29 13:28:53.582   608   661 E ConnectivityService: RemoteException caught trying to send a callback msg for NetworkRequest [ id=33, legacyType=-1, [ Capabilities: INTERNET&NOT_RESTRICTED&TRUSTED] ]
10-29 13:28:53.760   608  1244 W ActivityManager: Force removing ActivityRecord{5e2227f u0 rob.info.giftcode/psnrob.psn.MainActivitypsn t4055}: app died, no saved state
10-29 13:28:53.772   608  1243 W ActivityManager: Spurious death for ProcessRecord{8dd0303 0:rob.info.giftcode/u0a1178}, curProc for 9232: null
10-29 13:28:54.023   608   619 I ActivityManager: START u0 {act=android.intent.action.MAIN cat=[android.intent.category.LAUNCHER] flg=0x10000000 cmp=rob.info.giftcode/psnrob.psn.MainActivitypsn} from uid 2000 on display 0
10-29 13:28:54.094   608   618 I ActivityManager: Start proc 9494:rob.info.giftcode/u0a1178 for activity rob.info.giftcode/psnrob.psn.MainActivitypsn
10-29 13:28:55.848   608  2539 D ConnectivityService: listenForNetwork for Listen from uid/pid:11178/9494 for NetworkRequest [ id=34, legacyType=-1, [ Capabilities: INTERNET&NOT_RESTRICTED&TRUSTED] ]
10-29 13:28:56.087   608  1244 D ConnectivityService: listenForNetwork for Listen from uid/pid:11178/9494 for NetworkRequest [ id=35, legacyType=-1, [ Capabilities: INTERNET&NOT_RESTRICTED&TRUSTED] ]
10-29 13:28:58.307   608   758 W BroadcastQueue: Permission Denial: receiving Intent { act=android.intent.action.DROPBOX_ENTRY_ADDED flg=0x10 (has extras) } to com.amazon.mShop.android/com.amazon.mcc.crashreporter.android.CrashReportBroadcastReceiver requires android.permission.READ_LOGS due to sender android (uid 1000)
10-29 13:28:59.768   608  2791 W BroadcastQueue: Permission Denial: receiving Intent { act=android.intent.action.DROPBOX_ENTRY_ADDED flg=0x10 (has extras) } to com.amazon.mShop.android/com.amazon.mcc.crashreporter.android.CrashReportBroadcastReceiver requires android.permission.READ_LOGS due to sender android (uid 1000)
10-29 13:29:04.659   608   761 W BroadcastQueue: Permission Denial: broadcasting Intent { act=com.amazon.venezia.notification.FLUSH_NOTIFICATION_CACHE flg=0x14 (has extras) } from com.amazon.mShop.android (pid=-1, uid=10083) is not exported from uid 10095 due to receiver com.amazon.venezia/.notification.NotificationEventReceiver
10-29 13:29:04.661   608   621 W BroadcastQueue: Permission Denial: broadcasting Intent { act=com.amazon.venezia.notification.FLUSH_NOTIFICATION_CACHE flg=0x14 (has extras) } from com.amazon.venezia (pid=-1, uid=10095) is not exported from uid 10083 due to receiver com.amazon.mShop.android/com.amazon.venezia.notification.NotificationEventReceiver
10-29 13:29:21.657   608  2791 I ActivityManager: Force stopping rob.info.giftcode appid=11178 user=0: from pid 9726
10-29 13:29:21.657   608  2791 I ActivityManager: Killing 9494:rob.info.giftcode/u0a1178 (adj 0): stop rob.info.giftcode
10-29 13:29:21.696   608  2633 D ConnectivityService: ConnectivityService NetworkRequestInfo binderDied(NetworkRequest [ id=35, legacyType=-1, [ Capabilities: INTERNET&NOT_RESTRICTED&TRUSTED] ], android.os.BinderProxy@fd3c205)
10-29 13:29:21.696   608  2633 D ConnectivityService: ConnectivityService NetworkRequestInfo binderDied(NetworkRequest [ id=34, legacyType=-1, [ Capabilities: INTERNET&NOT_RESTRICTED&TRUSTED] ], android.os.BinderProxy@725525a)
10-29 13:29:21.697   608  2633 I WindowState: WIN DEATH: Window{7c85fd7 u0 rob.info.giftcode/psnrob.psn.MainActivitypsn}
10-29 13:29:21.698   608   661 D ConnectivityService: releasing NetworkRequest NetworkRequest [ id=35, legacyType=-1, [ Capabilities: INTERNET&NOT_RESTRICTED&TRUSTED] ]
10-29 13:29:21.699   608   661 E ConnectivityService: RemoteException caught trying to send a callback msg for NetworkRequest [ id=35, legacyType=-1, [ Capabilities: INTERNET&NOT_RESTRICTED&TRUSTED] ]
10-29 13:29:21.699   608   661 D ConnectivityService: releasing NetworkRequest NetworkRequest [ id=34, legacyType=-1, [ Capabilities: INTERNET&NOT_RESTRICTED&TRUSTED] ]
10-29 13:29:21.700   608   661 E ConnectivityService: RemoteException caught trying to send a callback msg for NetworkRequest [ id=34, legacyType=-1, [ Capabilities: INTERNET&NOT_RESTRICTED&TRUSTED] ]
10-29 13:29:21.840   608  2791 W ActivityManager: Force removing ActivityRecord{797ada0 u0 rob.info.giftcode/psnrob.psn.MainActivitypsn t4056}: app died, no saved state
10-29 13:29:21.853   608   761 W ActivityManager: Spurious death for ProcessRecord{2794a94 0:rob.info.giftcode/u0a1178}, curProc for 9494: null
10-29 13:29:22.105   608  2192 I ActivityManager: START u0 {act=android.intent.action.MAIN cat=[android.intent.category.LAUNCHER] flg=0x10000000 cmp=rob.info.giftcode/psnrob.psn.MainActivitypsn} from uid 2000 on display 0
10-29 13:29:22.284   608  2633 I ActivityManager: Start proc 9749:rob.info.giftcode/u0a1178 for activity rob.info.giftcode/psnrob.psn.MainActivitypsn
10-29 13:29:23.861   608   761 D ConnectivityService: listenForNetwork for Listen from uid/pid:11178/9749 for NetworkRequest [ id=36, legacyType=-1, [ Capabilities: INTERNET&NOT_RESTRICTED&TRUSTED] ]
10-29 13:29:24.120   608  2539 D ConnectivityService: listenForNetwork for Listen from uid/pid:11178/9749 for NetworkRequest [ id=37, legacyType=-1, [ Capabilities: INTERNET&NOT_RESTRICTED&TRUSTED] ]
10-29 13:29:26.841   608   766 W BroadcastQueue: Permission Denial: receiving Intent { act=android.intent.action.DROPBOX_ENTRY_ADDED flg=0x10 (has extras) } to com.amazon.mShop.android/com.amazon.mcc.crashreporter.android.CrashReportBroadcastReceiver requires android.permission.READ_LOGS due to sender android (uid 1000)
10-29 13:29:28.999   608   619 W BroadcastQueue: Permission Denial: receiving Intent { act=android.intent.action.DROPBOX_ENTRY_ADDED flg=0x10 (has extras) } to com.amazon.mShop.android/com.amazon.mcc.crashreporter.android.CrashReportBroadcastReceiver requires android.permission.READ_LOGS due to sender android (uid 1000)
10-29 13:29:49.843   608  1243 I ActivityManager: Force stopping rob.info.giftcode appid=11178 user=0: from pid 10008
10-29 13:29:49.843   608  1243 I ActivityManager: Killing 9749:rob.info.giftcode/u0a1178 (adj 0): stop rob.info.giftcode
10-29 13:29:49.898   608  2783 D ConnectivityService: ConnectivityService NetworkRequestInfo binderDied(NetworkRequest [ id=37, legacyType=-1, [ Capabilities: INTERNET&NOT_RESTRICTED&TRUSTED] ], android.os.BinderProxy@250c5c9)
10-29 13:29:49.898   608  2783 D ConnectivityService: ConnectivityService NetworkRequestInfo binderDied(NetworkRequest [ id=36, legacyType=-1, [ Capabilities: INTERNET&NOT_RESTRICTED&TRUSTED] ], android.os.BinderProxy@b1da4ce)
10-29 13:29:49.899   608  2783 I WindowState: WIN DEATH: Window{6d52c2f u0 rob.info.giftcode/psnrob.psn.MainActivitypsn}
10-29 13:29:49.900   608   661 D ConnectivityService: releasing NetworkRequest NetworkRequest [ id=37, legacyType=-1, [ Capabilities: INTERNET&NOT_RESTRICTED&TRUSTED] ]
10-29 13:29:49.901   608   661 E ConnectivityService: RemoteException caught trying to send a callback msg for NetworkRequest [ id=37, legacyType=-1, [ Capabilities: INTERNET&NOT_RESTRICTED&TRUSTED] ]
10-29 13:29:49.901   608   661 D ConnectivityService: releasing NetworkRequest NetworkRequest [ id=36, legacyType=-1, [ Capabilities: INTERNET&NOT_RESTRICTED&TRUSTED] ]
10-29 13:29:49.902   608   661 E ConnectivityService: RemoteException caught trying to send a callback msg for NetworkRequest [ id=36, legacyType=-1, [ Capabilities: INTERNET&NOT_RESTRICTED&TRUSTED] ]
10-29 13:29:50.000   608  1243 W ActivityManager: Force removing ActivityRecord{3d39498 u0 rob.info.giftcode/psnrob.psn.MainActivitypsn t4057}: app died, no saved state
10-29 13:29:50.012   608  2791 W ActivityManager: Spurious death for ProcessRecord{c9b4e0c 0:rob.info.giftcode/u0a1178}, curProc for 9749: null
10-29 13:29:50.263   608  2783 I ActivityManager: START u0 {act=android.intent.action.MAIN cat=[android.intent.category.LAUNCHER] flg=0x10000000 cmp=rob.info.giftcode/psnrob.psn.MainActivitypsn} from uid 2000 on display 0
10-29 13:29:50.392   608  2633 I ActivityManager: Start proc 10032:rob.info.giftcode/u0a1178 for activity rob.info.giftcode/psnrob.psn.MainActivitypsn
10-29 13:29:51.923   608  1104 D ConnectivityService: listenForNetwork for Listen from uid/pid:11178/10032 for NetworkRequest [ id=38, legacyType=-1, [ Capabilities: INTERNET&NOT_RESTRICTED&TRUSTED] ]
10-29 13:29:52.108   608  1104 D ConnectivityService: listenForNetwork for Listen from uid/pid:11178/10032 for NetworkRequest [ id=39, legacyType=-1, [ Capabilities: INTERNET&NOT_RESTRICTED&TRUSTED] ]
10-29 13:29:54.265   608  2157 W BroadcastQueue: Permission Denial: receiving Intent { act=android.intent.action.DROPBOX_ENTRY_ADDED flg=0x10 (has extras) } to com.amazon.mShop.android/com.amazon.mcc.crashreporter.android.CrashReportBroadcastReceiver requires android.permission.READ_LOGS due to sender android (uid 1000)
10-29 13:29:55.858   608   618 W BroadcastQueue: Permission Denial: receiving Intent { act=android.intent.action.DROPBOX_ENTRY_ADDED flg=0x10 (has extras) } to com.amazon.mShop.android/com.amazon.mcc.crashreporter.android.CrashReportBroadcastReceiver requires android.permission.READ_LOGS due to sender android (uid 1000)
10-29 13:30:18.012   608  2191 I ActivityManager: Force stopping rob.info.giftcode appid=11178 user=0: from pid 10316
10-29 13:30:18.013   608  2191 I ActivityManager: Killing 10032:rob.info.giftcode/u0a1178 (adj 0): stop rob.info.giftcode
10-29 13:30:18.052   608  2157 D ConnectivityService: ConnectivityService NetworkRequestInfo binderDied(NetworkRequest [ id=39, legacyType=-1, [ Capabilities: INTERNET&NOT_RESTRICTED&TRUSTED] ], android.os.BinderProxy@30d60ba)
10-29 13:30:18.052   608  2157 D ConnectivityService: ConnectivityService NetworkRequestInfo binderDied(NetworkRequest [ id=38, legacyType=-1, [ Capabilities: INTERNET&NOT_RESTRICTED&TRUSTED] ], android.os.BinderProxy@a070b6b)
10-29 13:30:18.052   608   661 D ConnectivityService: releasing NetworkRequest NetworkRequest [ id=39, legacyType=-1, [ Capabilities: INTERNET&NOT_RESTRICTED&TRUSTED] ]
10-29 13:30:18.053   608  2157 I WindowState: WIN DEATH: Window{20a3553 u0 rob.info.giftcode/psnrob.psn.MainActivitypsn}
10-29 13:30:18.053   608   661 E ConnectivityService: RemoteException caught trying to send a callback msg for NetworkRequest [ id=39, legacyType=-1, [ Capabilities: INTERNET&NOT_RESTRICTED&TRUSTED] ]
10-29 13:30:18.053   608   661 D ConnectivityService: releasing NetworkRequest NetworkRequest [ id=38, legacyType=-1, [ Capabilities: INTERNET&NOT_RESTRICTED&TRUSTED] ]
10-29 13:30:18.054   608   661 E ConnectivityService: RemoteException caught trying to send a callback msg for NetworkRequest [ id=38, legacyType=-1, [ Capabilities: INTERNET&NOT_RESTRICTED&TRUSTED] ]
10-29 13:30:18.160   608  2191 W ActivityManager: Force removing ActivityRecord{9a2bb2c u0 rob.info.giftcode/psnrob.psn.MainActivitypsn t4058}: app died, no saved state
10-29 13:30:18.172   608  2784 W ActivityManager: Spurious death for ProcessRecord{f00ad60 0:rob.info.giftcode/u0a1178}, curProc for 10032: null
10-29 13:30:18.423   608  2784 I ActivityManager: START u0 {act=android.intent.action.MAIN cat=[android.intent.category.LAUNCHER] flg=0x10000000 cmp=rob.info.giftcode/psnrob.psn.MainActivitypsn} from uid 2000 on display 0
10-29 13:30:18.503   608  2783 I ActivityManager: Start proc 10338:rob.info.giftcode/u0a1178 for activity rob.info.giftcode/psnrob.psn.MainActivitypsn
10-29 13:30:20.129   608   758 D ConnectivityService: listenForNetwork for Listen from uid/pid:11178/10338 for NetworkRequest [ id=40, legacyType=-1, [ Capabilities: INTERNET&NOT_RESTRICTED&TRUSTED] ]
10-29 13:30:20.320   608  2157 D ConnectivityService: listenForNetwork for Listen from uid/pid:11178/10338 for NetworkRequest [ id=41, legacyType=-1, [ Capabilities: INTERNET&NOT_RESTRICTED&TRUSTED] ]
10-29 13:30:22.280   608  2192 W BroadcastQueue: Permission Denial: receiving Intent { act=android.intent.action.DROPBOX_ENTRY_ADDED flg=0x10 (has extras) } to com.amazon.mShop.android/com.amazon.mcc.crashreporter.android.CrashReportBroadcastReceiver requires android.permission.READ_LOGS due to sender android (uid 1000)
10-29 13:30:23.119   608   618 W BroadcastQueue: Permission Denial: receiving Intent { act=android.intent.action.DROPBOX_ENTRY_ADDED flg=0x10 (has extras) } to com.amazon.mShop.android/com.amazon.mcc.crashreporter.android.CrashReportBroadcastReceiver requires android.permission.READ_LOGS due to sender android (uid 1000)
10-29 13:30:25.041   608  2539 W BroadcastQueue: Permission Denial: receiving Intent { act=android.intent.action.DROPBOX_ENTRY_ADDED flg=0x10 (has extras) } to com.amazon.mShop.android/com.amazon.mcc.crashreporter.android.CrashReportBroadcastReceiver requires android.permission.READ_LOGS due to sender android (uid 1000)
10-29 13:30:41.541   608  2791 I ActivityManager: Force stopping rob.info.giftcode appid=11178 user=0: from pid 10529
10-29 13:30:41.542   608  2791 I ActivityManager: Killing 10338:rob.info.giftcode/u0a1178 (adj 0): stop rob.info.giftcode
10-29 13:30:41.587   608  2783 D ConnectivityService: ConnectivityService NetworkRequestInfo binderDied(NetworkRequest [ id=41, legacyType=-1, [ Capabilities: INTERNET&NOT_RESTRICTED&TRUSTED] ], android.os.BinderProxy@d5e4d2e)
10-29 13:30:41.587   608   766 D ConnectivityService: ConnectivityService NetworkRequestInfo binderDied(NetworkRequest [ id=40, legacyType=-1, [ Capabilities: INTERNET&NOT_RESTRICTED&TRUSTED] ], android.os.BinderProxy@c3f10cf)
10-29 13:30:41.587   608   619 I WindowState: WIN DEATH: Window{874c19c u0 rob.info.giftcode/psnrob.psn.MainActivitypsn}
10-29 13:30:41.588   608   661 D ConnectivityService: releasing NetworkRequest NetworkRequest [ id=41, legacyType=-1, [ Capabilities: INTERNET&NOT_RESTRICTED&TRUSTED] ]
10-29 13:30:41.589   608   661 E ConnectivityService: RemoteException caught trying to send a callback msg for NetworkRequest [ id=41, legacyType=-1, [ Capabilities: INTERNET&NOT_RESTRICTED&TRUSTED] ]
10-29 13:30:41.589   608   661 D ConnectivityService: releasing NetworkRequest NetworkRequest [ id=40, legacyType=-1, [ Capabilities: INTERNET&NOT_RESTRICTED&TRUSTED] ]
10-29 13:30:41.590   608   661 E ConnectivityService: RemoteException caught trying to send a callback msg for NetworkRequest [ id=40, legacyType=-1, [ Capabilities: INTERNET&NOT_RESTRICTED&TRUSTED] ]
10-29 13:30:41.740   608  2791 W ActivityManager: Force removing ActivityRecord{85ba6d1 u0 rob.info.giftcode/psnrob.psn.MainActivitypsn t4059}: app died, no saved state
10-29 13:30:41.750   608   766 W ActivityManager: Spurious death for ProcessRecord{51a0735 0:rob.info.giftcode/u0a1178}, curProc for 10338: null
10-29 13:30:42.205   608   622 I ActivityManager: Config changes=480 {1.0 404mcc?mnc en_US ldltr sw600dp w960dp h528dp 320dpi lrg land finger -keyb/v/h -nav/h s.8}
10-29 13:30:42.235   608   621 W BroadcastQueue: Skipping deliver [foreground] BroadcastRecord{b818dd5 u-1 android.intent.action.CONFIGURATION_CHANGED} to ReceiverList{574360c 6740 com.android.chrome/10034/u0 remote:799fd3f}: process crashing
10-29 13:30:42.745   608   626 I WindowManager: Screen frozen for +567ms due to Window{17fda89 u0 com.android.vending/com.google.android.finsky.activities.MainActivity}
10-29 13:30:44.312   608   619 I ActivityManager: Force stopping rob.info.giftcode appid=11178 user=0: from pid 10562
10-29 13:30:44.568   608  2633 W WindowManager: Attempted to remove non-existing token: android.os.Binder@4b3d4fb
10-29 13:30:44.638   608   622 I ActivityManager: Config changes=480 {1.0 404mcc?mnc en_US ldltr sw600dp w600dp h888dp 320dpi lrg port finger -keyb/v/h -nav/h s.9}
10-29 13:30:44.682   608   626 W DisplayManagerService: Failed to notify process 7145 that displays changed, assuming it died.
10-29 13:30:44.682   608   626 W DisplayManagerService: android.os.DeadObjectException: Transaction failed on small parcel; remote process probably died
10-29 13:30:44.682   608   626 W DisplayManagerService: 	at android.os.BinderProxy.transactNative(Native Method)
10-29 13:30:44.682   608   626 W DisplayManagerService: 	at android.os.BinderProxy.transact(Binder.java:503)
10-29 13:30:44.682   608   626 W DisplayManagerService: 	at android.hardware.display.IDisplayManagerCallback$Stub$Proxy.onDisplayEvent(IDisplayManagerCallback.java:81)
10-29 13:30:44.682   608   626 W DisplayManagerService: 	at com.android.server.display.DisplayManagerService$CallbackRecord.notifyDisplayEventAsync(DisplayManagerService.java:1166)
10-29 13:30:44.682   608   626 W DisplayManagerService: 	at com.android.server.display.DisplayManagerService.deliverDisplayEvent(DisplayManagerService.java:1004)
10-29 13:30:44.682   608   626 W DisplayManagerService: 	at com.android.server.display.DisplayManagerService.-wrap6(DisplayManagerService.java)
10-29 13:30:44.682   608   626 W DisplayManagerService: 	at com.android.server.display.DisplayManagerService$DisplayManagerHandler.handleMessage(DisplayManagerService.java:1099)
10-29 13:30:44.682   608   626 W DisplayManagerService: 	at android.os.Handler.dispatchMessage(Handler.java:102)
10-29 13:30:44.682   608   626 W DisplayManagerService: 	at android.os.Looper.loop(Looper.java:148)
10-29 13:30:44.682   608   626 W DisplayManagerService: 	at android.os.HandlerThread.run(HandlerThread.java:61)
10-29 13:30:44.682   608   626 W DisplayManagerService: 	at com.android.server.ServiceThread.run(ServiceThread.java:46)
10-29 13:30:44.688   608   621 W BroadcastQueue: Skipping deliver [foreground] BroadcastRecord{e80b8a7 u-1 android.intent.action.CONFIGURATION_CHANGED} to ReceiverList{574360c 6740 com.android.chrome/10034/u0 remote:799fd3f}: process crashing
10-29 13:30:45.144   608   626 I WindowManager: Screen frozen for +562ms due to Window{aa2233e u0 com.android.vending/com.google.android.finsky.activities.MainActivity}
10-29 13:30:54.996   608   621 I ProcessStatsService: Prepared write state in 23ms
10-29 13:30:55.067   608   620 I ProcessStatsService: Pruning old procstats: /data/system/procstats/state-2017-10-28-18-22-53.bin
10-29 13:30:58.210   608   621 I ActivityManager: Force stopping rob.info.giftcode appid=11178 user=-1: uninstall pkg
10-29 13:30:58.495   608   632 W PackageManager: Couldn't remove dex file for package:  at location /data/app/rob.info.giftcode-1/base.apk, retcode=-1
10-29 13:30:58.504   608   632 I ActivityManager: Force stopping rob.info.giftcode appid=11178 user=0: pkg removed
10-29 13:30:58.669   608   608 D JobSchedulerService: Receieved: android.intent.action.PACKAGE_REMOVED
10-29 13:30:58.699  5396  5396 W ContextImpl: Calling a method in the system process without a qualified user: android.app.ContextImpl.startService:1221 android.content.ContextWrapper.startService:581 android.content.ContextWrapper.startService:581 com.android.keychain.KeyChainBroadcastReceiver.onReceive:12 android.app.ActivityThread.handleReceiver:2725 
10-29 13:30:59.676   608  1104 I ActivityManager: Force stopping com.android.providers.media appid=10005 user=0: clear data
10-29 13:30:59.676   608  1104 I ActivityManager: Killing 719:android.process.media/u0a5 (adj 5): stop com.android.providers.media
10-29 13:30:59.793   608  1104 W ActivityManager: Scheduling restart of crashed service com.android.providers.media/.MtpService in 3589104ms
10-29 13:30:59.794   608  1104 I ActivityManager:   Force stopping service ServiceRecord{79441a3 u0 com.android.providers.media/.MtpService}
10-29 13:30:59.795   608  2191 W ActivityManager: Spurious death for ProcessRecord{d31cca0 0:android.process.media/u0a5}, curProc for 719: null
10-29 13:30:59.827   608  2784 I ActivityManager: Start proc 10764:android.process.media/u0a5 for content provider com.android.providers.media/.MediaDocumentsProvider
10-29 13:30:59.869   608  2157 I ActivityManager: Start proc 10775:com.google.android.apps.photos/u0a65 for broadcast com.google.android.apps.photos/com.google.android.libraries.social.mediastoresync.reset.impl.MediaStoreClearedReceiver
10-29 13:31:00.972   608   660 D WifiService: New client listening to asynchronous messages
10-29 13:31:00.972   608  2633 D WifiService: setWifiEnabled: true pid=7057, uid=11179
10-29 13:31:00.972   608  2633 E WifiService: Invoking mWifiStateMachine.setWifiEnabled
10-29 13:31:10.088   190   596 E NetlinkEvent: NetlinkEvent::FindParam(): Parameter 'UID' not found
10-29 13:31:13.563   608   621 I ActivityManager: Waited long enough for: ServiceRecord{79c66d9 u0 com.amazon.mShop.android/com.amazon.mas.client.locker.service.appmgr.AppManagerService}
10-29 13:31:13.654   608   621 I ActivityManager: Waited long enough for: ServiceRecord{e2a3c0a u0 com.amazon.venezia/com.amazon.mas.client.locker.service.appmgr.AppManagerService}
10-29 13:31:19.332   190   596 E NetlinkEvent: NetlinkEvent::FindParam(): Parameter 'UID' not found
10-29 13:31:28.716   608  2191 I ActivityManager: Killing 5558:com.google.android.keep/u0a71 (adj 15): empty #17
10-29 13:32:04.591   608   626 W AppOps  : Finishing op nesting under-run: uid 1000 pkg android code 24 time=1494924950963 duration=2017 nesting=0
10-29 13:32:04.968   190   596 E NetlinkEvent: NetlinkEvent::FindParam(): Parameter 'UID' not found
10-29 13:32:14.949   190   596 E NetlinkEvent: NetlinkEvent::FindParam(): Parameter 'UID' not found
10-29 13:32:18.358   608   621 I ActivityManager: Force stopping com.amazon.appverification.wificontroller appid=11179 user=-1: uninstall pkg
10-29 13:32:18.358   608   621 I ActivityManager: Killing 7057:com.amazon.appverification.wificontroller/u0a1179 (adj 9): stop com.amazon.appverification.wificontroller
10-29 13:32:18.368   608   660 D WifiService: Client connection lost with reason: 4
10-29 13:32:18.449   608  1243 W ActivityManager: Spurious death for ProcessRecord{de3e56f 0:com.amazon.appverification.wificontroller/u0a1179}, curProc for 7057: null
10-29 13:32:18.597   608   632 W PackageManager: Couldn't remove dex file for package:  at location /data/app/com.amazon.appverification.wificontroller-1/base.apk, retcode=-1
10-29 13:32:18.610   608   632 I ActivityManager: Force stopping com.amazon.appverification.wificontroller appid=11179 user=0: pkg removed
10-29 13:32:18.736  5396  5396 W ContextImpl: Calling a method in the system process without a qualified user: android.app.ContextImpl.startService:1221 android.content.ContextWrapper.startService:581 android.content.ContextWrapper.startService:581 com.android.keychain.KeyChainBroadcastReceiver.onReceive:12 android.app.ActivityThread.handleReceiver:2725 
10-29 13:32:18.805   608   608 D JobSchedulerService: Receieved: android.intent.action.PACKAGE_REMOVED
10-29 13:32:22.295   608   650 I ActivityManager: START u0 {act=android.intent.action.MAIN cat=[android.intent.category.HOME] flg=0x10200000 cmp=com.android.launcher/com.android.launcher2.Launcher (has extras)} from uid 1000 on display 0
10-29 13:32:28.792  4896  4907 D DefContainer: Copying /data/local/tmp/ebccf688ddbc4650b1f63b94a2eec9e4.apk to base.apk
10-29 13:32:33.643   608   621 I ActivityManager: Waited long enough for: ServiceRecord{25fe81 u0 com.amazon.mShop.android/com.amazon.mas.client.locker.service.appmgr.AppManagerService}
10-29 13:32:33.705   608   621 I ActivityManager: Waited long enough for: ServiceRecord{975cb7b u0 com.amazon.venezia/com.amazon.mas.client.locker.service.appmgr.AppManagerService}
10-29 13:32:35.056   608   650 I ActivityManager: START u0 {act=android.intent.action.MAIN cat=[android.intent.category.HOME] flg=0x10200000 cmp=com.android.launcher/com.android.launcher2.Launcher (has extras)} from uid 1000 on display 0
10-29 13:32:35.101   608  2539 W InputMethodManagerService: Window already focused, ignoring focus gain of: com.android.internal.view.IInputMethodClient$Stub$Proxy@5ee5223 attribute=null, token = android.os.BinderProxy@578fb41
10-29 13:32:37.115  4896  4907 D DefContainer: Copying /data/local/tmp/WifiController.apk to base.apk
10-29 13:32:37.543   608   632 V BackupManagerService: restoreAtInstall pkg=com.amazon.appverification.wificontroller token=5 restoreSet=0
10-29 13:32:37.543   608   632 V BackupManagerService: Finishing install immediately
10-29 13:32:38.818   608   619 I ActivityManager: START u0 {flg=0x10000000 cmp=com.amazon.appverification.wificontroller/.activities.WifiActivity} from uid 2000 on display 0
10-29 13:32:38.842   608   766 I ActivityManager: Start proc 11349:com.amazon.appverification.wificontroller/u0a1181 for activity com.amazon.appverification.wificontroller/.activities.WifiActivity
10-29 13:32:39.058   608  2191 W InputMethodManagerService: Window already focused, ignoring focus gain of: com.android.internal.view.IInputMethodClient$Stub$Proxy@8425191 attribute=null, token = android.os.BinderProxy@578fb41
10-29 13:32:39.084 11349 11349 E ActivityThread: Activity com.amazon.appverification.wificontroller.activities.WifiActivity has leaked IntentReceiver com.amazon.appverification.wificontroller.WifiPingReceiver@9a3d391 that was originally registered here. Are you missing a call to unregisterReceiver()?
10-29 13:32:39.084 11349 11349 E ActivityThread: android.app.IntentReceiverLeaked: Activity com.amazon.appverification.wificontroller.activities.WifiActivity has leaked IntentReceiver com.amazon.appverification.wificontroller.WifiPingReceiver@9a3d391 that was originally registered here. Are you missing a call to unregisterReceiver()?
10-29 13:32:39.084 11349 11349 E ActivityThread: 	at android.app.LoadedApk$ReceiverDispatcher.<init>(LoadedApk.java:918)
10-29 13:32:39.084 11349 11349 E ActivityThread: 	at android.app.LoadedApk.getReceiverDispatcher(LoadedApk.java:719)
10-29 13:32:39.084 11349 11349 E ActivityThread: 	at android.app.ContextImpl.registerReceiverInternal(ContextImpl.java:1172)
10-29 13:32:39.084 11349 11349 E ActivityThread: 	at android.app.ContextImpl.registerReceiver(ContextImpl.java:1152)
10-29 13:32:39.084 11349 11349 E ActivityThread: 	at android.app.ContextImpl.registerReceiver(ContextImpl.java:1146)
10-29 13:32:39.084 11349 11349 E ActivityThread: 	at android.content.ContextWrapper.registerReceiver(ContextWrapper.java:554)
10-29 13:32:39.084 11349 11349 E ActivityThread: 	at com.amazon.appverification.wificontroller.activities.WifiActivity.onCreate(WifiActivity.java:24)
10-29 13:32:39.084 11349 11349 E ActivityThread: 	at android.app.Activity.performCreate(Activity.java:6251)
10-29 13:32:39.084 11349 11349 E ActivityThread: 	at android.app.Instrumentation.callActivityOnCreate(Instrumentation.java:1107)
10-29 13:32:39.084 11349 11349 E ActivityThread: 	at android.app.ActivityThread.performLaunchActivity(ActivityThread.java:2369)
10-29 13:32:39.084 11349 11349 E ActivityThread: 	at android.app.ActivityThread.handleLaunchActivity(ActivityThread.java:2476)
10-29 13:32:39.084 11349 11349 E ActivityThread: 	at android.app.ActivityThread.-wrap11(ActivityThread.java)
10-29 13:32:39.084 11349 11349 E ActivityThread: 	at android.app.ActivityThread$H.handleMessage(ActivityThread.java:1344)
10-29 13:32:39.084 11349 11349 E ActivityThread: 	at android.os.Handler.dispatchMessage(Handler.java:102)
10-29 13:32:39.084 11349 11349 E ActivityThread: 	at android.os.Looper.loop(Looper.java:148)
10-29 13:32:39.084 11349 11349 E ActivityThread: 	at android.app.ActivityThread.main(ActivityThread.java:5417)
10-29 13:32:39.084 11349 11349 E ActivityThread: 	at java.lang.reflect.Method.invoke(Native Method)
10-29 13:32:39.084 11349 11349 E ActivityThread: 	at com.android.internal.os.ZygoteInit$MethodAndArgsCaller.run(ZygoteInit.java:726)
10-29 13:32:39.084 11349 11349 E ActivityThread: 	at com.android.internal.os.ZygoteInit.main(ZygoteInit.java:616)
10-29 13:32:39.085 11349 11349 E ActivityThread: Activity com.amazon.appverification.wificontroller.activities.WifiActivity has leaked IntentReceiver com.amazon.appverification.wificontroller.WifiReceiver@f1939b8 that was originally registered here. Are you missing a call to unregisterReceiver()?
10-29 13:32:39.085 11349 11349 E ActivityThread: android.app.IntentReceiverLeaked: Activity com.amazon.appverification.wificontroller.activities.WifiActivity has leaked IntentReceiver com.amazon.appverification.wificontroller.WifiReceiver@f1939b8 that was originally registered here. Are you missing a call to unregisterReceiver()?
10-29 13:32:39.085 11349 11349 E ActivityThread: 	at android.app.LoadedApk$ReceiverDispatcher.<init>(LoadedApk.java:918)
10-29 13:32:39.085 11349 11349 E ActivityThread: 	at android.app.LoadedApk.getReceiverDispatcher(LoadedApk.java:719)
10-29 13:32:39.085 11349 11349 E ActivityThread: 	at android.app.ContextImpl.registerReceiverInternal(ContextImpl.java:1172)
10-29 13:32:39.085 11349 11349 E ActivityThread: 	at android.app.ContextImpl.registerReceiver(ContextImpl.java:1152)
10-29 13:32:39.085 11349 11349 E ActivityThread: 	at android.app.ContextImpl.registerReceiver(ContextImpl.java:1146)
10-29 13:32:39.085 11349 11349 E ActivityThread: 	at android.content.ContextWrapper.registerReceiver(ContextWrapper.java:554)
10-29 13:32:39.085 11349 11349 E ActivityThread: 	at com.amazon.appverification.wificontroller.activities.WifiActivity.onCreate(WifiActivity.java:21)
10-29 13:32:39.085 11349 11349 E ActivityThread: 	at android.app.Activity.performCreate(Activity.java:6251)
10-29 13:32:39.085 11349 11349 E ActivityThread: 	at android.app.Instrumentation.callActivityOnCreate(Instrumentation.java:1107)
10-29 13:32:39.085 11349 11349 E ActivityThread: 	at android.app.ActivityThread.performLaunchActivity(ActivityThread.java:2369)
10-29 13:32:39.085 11349 11349 E ActivityThread: 	at android.app.ActivityThread.handleLaunchActivity(ActivityThread.java:2476)
10-29 13:32:39.085 11349 11349 E ActivityThread: 	at android.app.ActivityThread.-wrap11(ActivityThread.java)
10-29 13:32:39.085 11349 11349 E ActivityThread: 	at android.app.ActivityThread$H.handleMessage(ActivityThread.java:1344)
10-29 13:32:39.085 11349 11349 E ActivityThread: 	at android.os.Handler.dispatchMessage(Handler.java:102)
10-29 13:32:39.085 11349 11349 E ActivityThread: 	at android.os.Looper.loop(Looper.java:148)
10-29 13:32:39.085 11349 11349 E ActivityThread: 	at android.app.ActivityThread.main(ActivityThread.java:5417)
10-29 13:32:39.085 11349 11349 E ActivityThread: 	at java.lang.reflect.Method.invoke(Native Method)
10-29 13:32:39.085 11349 11349 E ActivityThread: 	at com.android.internal.os.ZygoteInit$MethodAndArgsCaller.run(ZygoteInit.java:726)
10-29 13:32:39.085 11349 11349 E ActivityThread: 	at com.android.internal.os.ZygoteInit.main(ZygoteInit.java:616)
10-29 13:32:47.147   608   621 I ActivityManager: Waited long enough for: ServiceRecord{4a9e366 u0 com.amazon.mShop.android/com.amazon.venezia.notification.NotificationService}
10-29 13:32:47.174   608   621 I ActivityManager: Waited long enough for: ServiceRecord{d6e5f9 u0 com.amazon.venezia/.notification.NotificationService}
10-29 13:33:17.698   608   758 I ActivityManager: Force stopping angry.scream.ana appid=11180 user=0: from pid 11559
10-29 13:33:18.597   608   650 I ActivityManager: START u0 {act=android.intent.action.MAIN cat=[android.intent.category.HOME] flg=0x10200000 cmp=com.android.launcher/com.android.launcher2.Launcher (has extras)} from uid 1000 on display 0
10-29 13:33:20.717   608   620 I ActivityManager: Start proc 11600:com.google.android.keep/u0a71 for service com.google.android.keep/.syncadapter.KeepSyncAdapterService
10-29 13:33:21.058   608  1244 W AppOps  : Bad call: specified package com.google.android.gms under uid 10071 but it is really 10008
10-29 13:33:21.407   190   596 E NetlinkEvent: NetlinkEvent::FindParam(): Parameter 'UID' not found
10-29 13:33:21.511   608  1243 I ActivityManager: Force stopping angry.scream.ana appid=11180 user=0: from pid 11595
10-29 13:33:21.765   608   650 I ActivityManager: START u0 {act=android.intent.action.MAIN cat=[android.intent.category.HOME] flg=0x10200000 cmp=com.android.launcher/com.android.launcher2.Launcher (has extras)} from uid 1000 on display 0
10-29 13:33:23.010   608  1244 I ActivityManager: Force stopping angry.scream.ana appid=11180 user=0: from pid 11650
10-29 13:33:23.267   608  2783 I ActivityManager: START u0 {act=android.intent.action.MAIN cat=[android.intent.category.LAUNCHER] flg=0x10000000 cmp=angry.scream.ana/com.innovativegames.knockdown.GameActivity} from uid 2000 on display 0
10-29 13:33:23.312   608   758 I ActivityManager: Start proc 11660:angry.scream.ana/u0a1180 for activity angry.scream.ana/com.innovativegames.knockdown.GameActivity
10-29 13:33:23.434   608  2157 I ActivityManager: Config changes=480 {1.0 404mcc?mnc en_US ldltr sw600dp w960dp h528dp 320dpi lrg land finger -keyb/v/h -nav/h s.10}
10-29 13:33:23.472   608   621 W BroadcastQueue: Skipping deliver [foreground] BroadcastRecord{5750fb5 u-1 android.intent.action.CONFIGURATION_CHANGED} to ReceiverList{574360c 6740 com.android.chrome/10034/u0 remote:799fd3f}: process crashing
10-29 13:33:24.315   608   626 V WindowManager: Layouts looping: On entry to LockedInner, mPendingLayoutChanges = 0x1
10-29 13:33:24.316   608   626 V WindowManager: Layouts looping: after finishPostLayoutPolicyLw, mPendingLayoutChanges = 0x0
10-29 13:33:24.316   608   626 V WindowManager: Layouts looping: mLayoutNeeded, mPendingLayoutChanges = 0x1
10-29 13:33:24.317   608   626 V WindowManager: Layouts looping: On entry to LockedInner, mPendingLayoutChanges = 0x1
10-29 13:33:24.318   608   626 V WindowManager: Layouts looping: after finishPostLayoutPolicyLw, mPendingLayoutChanges = 0x0
10-29 13:33:24.318   608   626 V WindowManager: Layouts looping: mLayoutNeeded, mPendingLayoutChanges = 0x1
10-29 13:33:24.319   608   626 E WindowManager: Performed 6 layouts in a row. Skipping
10-29 13:33:24.393   608   626 I WindowManager: Screen frozen for +997ms due to Window{553599e u0 angry.scream.ana/com.innovativegames.knockdown.GameActivity}
10-29 13:33:24.884   190   596 E NetlinkEvent: NetlinkEvent::FindParam(): Parameter 'UID' not found
10-29 13:33:25.380   608  2784 D ConnectivityService: listenForNetwork for Listen from uid/pid:11180/11660 for NetworkRequest [ id=42, legacyType=-1, [ Capabilities: INTERNET&NOT_RESTRICTED&TRUSTED] ]
10-29 13:33:25.488   608  2783 D ConnectivityService: listenForNetwork for Listen from uid/pid:11180/11660 for NetworkRequest [ id=43, legacyType=-1, [ Capabilities: INTERNET&NOT_RESTRICTED&TRUSTED] ]
10-29 13:33:25.996   608   761 W BroadcastQueue: Permission Denial: receiving Intent { act=android.intent.action.DROPBOX_ENTRY_ADDED flg=0x10 (has extras) } to com.amazon.mShop.android/com.amazon.mcc.crashreporter.android.CrashReportBroadcastReceiver requires android.permission.READ_LOGS due to sender android (uid 1000)
10-29 13:33:26.583   608  1244 W BroadcastQueue: Permission Denial: receiving Intent { act=android.intent.action.DROPBOX_ENTRY_ADDED flg=0x10 (has extras) } to com.amazon.mShop.android/com.amazon.mcc.crashreporter.android.CrashReportBroadcastReceiver requires android.permission.READ_LOGS due to sender android (uid 1000)
10-29 13:33:27.887   608  1244 W BroadcastQueue: Permission Denial: receiving Intent { act=android.intent.action.DROPBOX_ENTRY_ADDED flg=0x10 (has extras) } to com.amazon.mShop.android/com.amazon.mcc.crashreporter.android.CrashReportBroadcastReceiver requires android.permission.READ_LOGS due to sender android (uid 1000)
10-29 13:33:37.960   608   618 I ActivityManager: Killing 4176:com.google.android.apps.gcs/u0a7 (adj 15): empty #17
10-29 13:33:58.962   608  1244 I ActivityManager: START u0 {flg=0x10000000 cmp=angry.scream.ana/com.google.android.gms.ads.AdActivity (has extras)} from uid 11180 on display 0
10-29 13:33:59.033   608   761 I ActivityManager: START u0 {act=android.intent.action.VIEW dat=https://googleads.g.doubleclick.net/... flg=0x10000000 cmp=com.android.chrome/com.google.android.apps.chrome.Main} from uid 11180 on display 0
